NOAA Climate Reports - Current Month, Prior Months, Current and Prior Year Summaries. Station 1st Report 17 Ocr 2014
NOAA style reports
NOAA Climate Reports
Notice: Undefined index: NOAA2024.TXT in /membri/k3csg/NOAA-reports.php on line 185
2024: Jan | Feb | Mar |
Notice: Undefined index: NOAA2024-04.TXT in /membri/k3csg/NOAA-reports.php on line 196
Apr |
Notice: Undefined index: NOAA2024-05.TXT in /membri/k3csg/NOAA-reports.php on line 196
May |
Notice: Undefined index: NOAA2024-06.TXT in /membri/k3csg/NOAA-reports.php on line 196
Jun |
Notice: Undefined index: NOAA2024-07.TXT in /membri/k3csg/NOAA-reports.php on line 196
Jul |
Notice: Undefined index: NOAA2024-08.TXT in /membri/k3csg/NOAA-reports.php on line 196
Aug |
Notice: Undefined index: NOAA2024-09.TXT in /membri/k3csg/NOAA-reports.php on line 196
Sep |
Notice: Undefined index: NOAA2024-10.TXT in /membri/k3csg/NOAA-reports.php on line 196
Oct |
Notice: Undefined index: NOAA2024-11.TXT in /membri/k3csg/NOAA-reports.php on line 196
Nov |
Notice: Undefined index: NOAA2024-12.TXT in /membri/k3csg/NOAA-reports.php on line 196
Dec
2023: Jan | Feb | Mar | Apr | May | Jun | Jul | Aug | Sep | Oct | Nov | Dec
2022: Jan | Feb | Mar | Apr | May | Jun | Jul | Aug | Sep | Oct | Nov | Dec
2021: Jan | Feb | Mar | Apr | May | Jun | Jul | Aug | Sep | Oct | Nov | Dec
2020: Jan | Feb | Mar | Apr | May | Jun | Jul | Aug | Sep | Oct | Nov | Dec
2019: Jan | Feb | Mar | Apr | May | Jun | Jul | Aug | Sep | Oct | Nov | Dec
2018: Jan | Feb | Mar | Apr | May | Jun | Jul | Aug | Sep | Oct | Nov | Dec
2017: Jan | Feb | Mar | Apr | May | Jun | Jul | Aug | Sep | Oct | Nov | Dec
2016: Jan | Feb | Mar | Apr | May | Jun | Jul | Aug | Sep | Oct | Nov | Dec
2015: Jan | Feb | Mar | Apr | May | Jun | Jul | Aug | Sep | Oct | Nov | Dec
2014:
Notice: Undefined index: NOAA2014-01.TXT in /membri/k3csg/NOAA-reports.php on line 196
Jan |
Notice: Undefined index: NOAA2014-02.TXT in /membri/k3csg/NOAA-reports.php on line 196
Feb |
Notice: Undefined index: NOAA2014-03.TXT in /membri/k3csg/NOAA-reports.php on line 196
Mar |
Notice: Undefined index: NOAA2014-04.TXT in /membri/k3csg/NOAA-reports.php on line 196
Apr |
Notice: Undefined index: NOAA2014-05.TXT in /membri/k3csg/NOAA-reports.php on line 196
May |
Notice: Undefined index: NOAA2014-06.TXT in /membri/k3csg/NOAA-reports.php on line 196
Jun |
Notice: Undefined index: NOAA2014-07.TXT in /membri/k3csg/NOAA-reports.php on line 196
Jul |
Notice: Undefined index: NOAA2014-08.TXT in /membri/k3csg/NOAA-reports.php on line 196
Aug |
Notice: Undefined index: NOAA2014-09.TXT in /membri/k3csg/NOAA-reports.php on line 196
Sep | Oct | Nov | Dec
Report for 2023 08
MONTHLY CLIMATOLOGICAL SUMMARY for JUL. 2023
NAME: White Birch Drive CITY: Archbald STATE: PA
ELEV: 955 ft LAT: 41° 30' 00" N LONG: 75° 36' 00" W
TEMPERATURE (°F), RAIN (in), WIND SPEED (mph)
HEAT COOL AVG
MEAN DEG DEG WIND DOM
DAY TEMP HIGH TIME LOW TIME DAYS DAYS RAIN SPEED HIGH TIME DIR
------------------------------------------------------------------------------------
1 73.6 82.2 14:00 63.5 5:30 0.1 8.7 0.00 0.0 11.0 16:30 E
2 73.4 81.8 13:30 67.0 3:30 0.0 8.4 0.35 0.0 5.0 11:30 S
3 76.9 90.1 15:30 68.3 6:30 0.0 11.9 0.19 0.0 5.0 17:00 NNW
4 77.0 88.6 18:00 69.9 5:30 0.0 12.0 0.01 0.0 3.0 12:30 WNW
5 78.1 94.2 14:00 64.2 6:30 0.0 13.2 0.01 0.0 0.0 --- ---
6 77.3 94.6 15:00 65.2 7:00 0.0 12.3 0.01 0.0 1.0 14:00 SE
7 75.1 90.8 13:30 68.6 00:00 0.0 10.1 1.19 0.0 10.0 14:00 E
8 75.6 89.6 15:30 65.7 7:00 0.0 10.6 0.00 0.0 1.0 15:00 SSE
9 68.2 72.5 10:30 65.7 00:00 0.0 3.2 0.00 0.0 0.0 --- ---
10 69.3 84.3 16:30 61.4 00:00 0.2 4.5 0.00 0.0 3.0 16:30 NW
11 71.1 88.9 16:30 55.3 6:30 2.8 8.9 0.18 0.0 3.0 16:30 WNW
12 70.5 86.5 14:00 60.7 6:30 0.6 6.1 0.95 0.0 1.0 11:30 ESE
13 75.8 89.2 18:30 65.1 5:30 0.0 10.8 0.03 0.0 11.0 12:00 S
14 75.3 91.2 16:30 66.3 6:30 0.0 10.3 0.00 0.0 3.0 17:30 SSE
15 77.7 91.3 15:30 65.7 7:00 0.0 12.7 0.02 0.0 10.0 21:30 E
16 75.6 83.6 17:30 69.1 00:00 0.0 10.6 0.19 0.0 9.0 3:30 NW
17 74.8 86.0 18:00 65.9 5:30 0.0 9.8 0.03 0.0 25.0 22:30 S
18 72.5 84.8 15:30 65.9 4:30 0.0 7.5 0.46 0.0 10.0 17:30 S
19 73.2 86.1 15:00 61.7 6:30 0.5 8.7 0.04 0.0 1.0 12:30 SSE
20 74.0 87.8 14:30 60.7 6:30 0.7 9.8 0.02 0.0 3.0 23:30 E
21 71.2 83.1 15:30 62.7 6:30 0.4 6.6 0.00 0.0 7.0 1:30 WNW
22 71.0 85.0 16:00 59.8 6:30 1.2 7.2 0.00 0.0 5.0 11:00 NW
23 71.1 86.1 18:00 58.0 6:30 1.8 8.0 0.00 0.0 2.0 6:30 S
24 72.0 85.6 16:00 60.9 4:30 0.9 7.9 0.03 0.0 8.0 15:30 S
25 68.8 77.9 13:00 62.6 7:00 0.3 4.1 0.58 0.0 0.0 --- ---
26 74.9 88.2 16:30 64.3 6:30 0.1 10.0 0.00 0.0 5.0 16:30 S
27 76.6 88.3 14:30 70.4 00:00 0.0 11.6 0.48 0.0 12.0 15:00 S
28 77.8 90.1 16:30 68.7 3:30 0.0 12.8 0.59 0.0 0.0 --- ---
29 75.2 88.4 15:00 64.4 00:00 0.0 10.2 0.06 0.0 12.0 17:30 NW
30 66.9 79.1 15:30 56.9 6:30 2.4 4.3 0.00 0.0 1.0 16:30 WNW
31 66.5 83.4 16:00 53.0 7:00 3.8 5.3 0.00 0.0 1.0 13:00 WNW
-------------------------------------------------------------------------------------
73.5 94.6 6 53.0 31 15.8 278.1 5.42 0.0 25.0 17 S
Max >= 90.0: 7
Max <= 32.0: 0
Min <= 32.0: 0
Min <= 0.0: 0
Max Rain: 1.19 ON 07/07/23
Days of Rain: 17 (>.01 in) 10 (>.1 in) 1 (>1 in)
Heat Base: 65.0 Cool Base: 65.0 Method: Integration