NOAA Climate Reports - Current Month, Prior Months, Current and Prior Year Summaries

NOAA style reports

NOAA Climate Reports

2020: Jan | Feb | Mar | Apr | May | Jun | Jul | Aug | Sep | Oct | Nov | Dec 
2019: Jan | Feb | Mar | Apr | May | Jun | Jul | Aug | Sep | Oct | Nov | Dec 
2018: Jan | Feb | Mar | Apr | May | Jun | Jul | Aug | Sep | Oct | Nov | Dec 
2017: Jan | Feb | Mar | Apr | May | Jun | Jul | Aug | Sep | Oct | Nov | Dec 
2016: Jan | Feb | Mar | Apr | May | Jun | Jul | Aug | Sep | Oct | Nov | Dec 

Report for 2020 07
MONTHLY CLIMATOLOGICAL SUMMARY for JUL. 2020 NAME: White Birch CITY: Archbald STATE: PA ELEV: 968 ft LAT: 41 29' 21" N LONG: 75 33' 49" W TEMPERATURE (F), RAIN (in), WIND SPEED (mph) HEAT COOL AVG MEAN DEG DEG WIND DOM DAY TEMP HIGH TIME LOW TIME DAYS DAYS RAIN SPEED HIGH TIME DIR ------------------------------------------------------------------------------------ 1 65.3 80.6 16:00 57.3 5:15 2.8 3.1 0.14 0.1 10.0 16:00 WNW 2 71.2 88.5 15:00 55.8 6:15 2.6 8.8 0.01 0.2 9.0 14:15 WNW 3 73.8 89.6 16:30 62.9 5:45 0.3 9.1 0.00 0.3 10.0 14:15 WNW 4 74.1 88.9 15:15 61.5 5:15 0.6 9.6 0.00 0.1 6.0 18:15 SSE 5 73.1 91.0 16:00 54.9 6:45 2.0 10.1 0.00 0.3 8.0 14:30 NW 6 72.8 93.9 14:15 56.7 6:30 1.8 9.6 0.00 0.2 7.0 21:00 SE 7 70.9 81.0 18:15 60.9 5:30 0.5 6.5 0.00 0.9 10.0 15:45 SE 8 73.2 83.9 14:30 66.0 00:00 0.0 8.2 0.00 0.7 12.0 13:00 NW 9 73.7 92.9 14:45 59.8 6:30 1.0 9.7 0.04 0.4 9.0 16:15 WNW 10 65.2 68.1 0:15 63.5 6:15 0.2 0.2 0.01 0.0 4.0 8:15 S 11 12 13 14 15 16 17 18 19 20 21 22 23 24 25 26 27 28 29 30 31 ------------------------------------------------------------------------------------- 71.3 93.9 6 54.9 5 11.8 74.9 0.20 0.3 12.0 8 NW Max >= 90.0: 3 Max <= 32.0: 0 Min <= 32.0: 0 Min <= 0.0: 0 Max Rain: 0.14 ON 07/01/20 Days of Rain: 2 (>.01 in) 1 (>.1 in) 0 (>1 in) Heat Base: 65.0 Cool Base: 65.0 Method: Integration