NOAA Climate Reports - Current Month, Prior Months, Current and Prior Year Summaries. Station 1st Report 17 Ocr 2014

NOAA style reports

NOAA Climate Reports


Notice: Undefined index: NOAA2024.TXT in /membri/k3csg/NOAA-reports.php on line 185
2024: Jan | Feb | Mar |
Notice: Undefined index: NOAA2024-04.TXT in /membri/k3csg/NOAA-reports.php on line 196
Apr |
Notice: Undefined index: NOAA2024-05.TXT in /membri/k3csg/NOAA-reports.php on line 196
May |
Notice: Undefined index: NOAA2024-06.TXT in /membri/k3csg/NOAA-reports.php on line 196
Jun |
Notice: Undefined index: NOAA2024-07.TXT in /membri/k3csg/NOAA-reports.php on line 196
Jul |
Notice: Undefined index: NOAA2024-08.TXT in /membri/k3csg/NOAA-reports.php on line 196
Aug |
Notice: Undefined index: NOAA2024-09.TXT in /membri/k3csg/NOAA-reports.php on line 196
Sep |
Notice: Undefined index: NOAA2024-10.TXT in /membri/k3csg/NOAA-reports.php on line 196
Oct |
Notice: Undefined index: NOAA2024-11.TXT in /membri/k3csg/NOAA-reports.php on line 196
Nov |
Notice: Undefined index: NOAA2024-12.TXT in /membri/k3csg/NOAA-reports.php on line 196
Dec 2023: Jan | Feb | Mar | Apr | May | Jun | Jul | Aug | Sep | Oct | Nov | Dec 2022: Jan | Feb | Mar | Apr | May | Jun | Jul | Aug | Sep | Oct | Nov | Dec 2021: Jan | Feb | Mar | Apr | May | Jun | Jul | Aug | Sep | Oct | Nov | Dec 2020: Jan | Feb | Mar | Apr | May | Jun | Jul | Aug | Sep | Oct | Nov | Dec 2019: Jan | Feb | Mar | Apr | May | Jun | Jul | Aug | Sep | Oct | Nov | Dec 2018: Jan | Feb | Mar | Apr | May | Jun | Jul | Aug | Sep | Oct | Nov | Dec 2017: Jan | Feb | Mar | Apr | May | Jun | Jul | Aug | Sep | Oct | Nov | Dec 2016: Jan | Feb | Mar | Apr | May | Jun | Jul | Aug | Sep | Oct | Nov | Dec 2015: Jan | Feb | Mar | Apr | May | Jun | Jul | Aug | Sep | Oct | Nov | Dec 2014:
Notice: Undefined index: NOAA2014-01.TXT in /membri/k3csg/NOAA-reports.php on line 196
Jan |
Notice: Undefined index: NOAA2014-02.TXT in /membri/k3csg/NOAA-reports.php on line 196
Feb |
Notice: Undefined index: NOAA2014-03.TXT in /membri/k3csg/NOAA-reports.php on line 196
Mar |
Notice: Undefined index: NOAA2014-04.TXT in /membri/k3csg/NOAA-reports.php on line 196
Apr |
Notice: Undefined index: NOAA2014-05.TXT in /membri/k3csg/NOAA-reports.php on line 196
May |
Notice: Undefined index: NOAA2014-06.TXT in /membri/k3csg/NOAA-reports.php on line 196
Jun |
Notice: Undefined index: NOAA2014-07.TXT in /membri/k3csg/NOAA-reports.php on line 196
Jul |
Notice: Undefined index: NOAA2014-08.TXT in /membri/k3csg/NOAA-reports.php on line 196
Aug |
Notice: Undefined index: NOAA2014-09.TXT in /membri/k3csg/NOAA-reports.php on line 196
Sep | Oct | Nov | Dec
Report for 2024 04
MONTHLY CLIMATOLOGICAL SUMMARY for APR. 2024 NAME: White Birch Drive CITY: Archbald STATE: PA ELEV: 955 ft LAT: 41 30' 00" N LONG: 75 36' 00" W TEMPERATURE (F), RAIN (in), WIND SPEED (mph) HEAT COOL AVG MEAN DEG DEG WIND DOM DAY TEMP HIGH TIME LOW TIME DAYS DAYS RAIN SPEED HIGH TIME DIR ------------------------------------------------------------------------------------ 1 44.6 50.1 18:00 38.2 2:30 20.4 0.0 0.07 0.0 0.0 --- --- 2 43.5 47.1 0:30 41.7 13:00 21.5 0.0 0.65 0.0 12.0 00:00 WNW 3 40.7 42.9 0:30 37.6 00:00 24.3 0.0 0.72 0.0 8.0 0:30 ENE 4 39.9 46.7 14:00 34.2 3:00 25.1 0.0 0.39 0.0 0.0 --- --- 5 38.0 45.6 16:00 34.2 7:00 27.0 0.0 0.03 0.0 11.0 10:00 WNW 6 41.4 47.3 16:00 36.5 3:00 23.6 0.0 0.10 0.0 7.0 1:30 SSW 7 49.4 64.0 16:30 38.6 8:00 15.6 0.0 0.00 0.0 4.0 12:00 NNE 8 48.8 66.3 13:30 30.0 7:30 16.2 0.0 0.00 0.0 4.0 12:00 NW 9 58.4 80.2 15:30 36.7 7:00 10.4 3.9 0.00 0.0 6.0 12:30 S 10 58.4 66.4 14:00 51.9 6:30 6.7 0.1 0.02 0.0 6.0 12:30 ESE 11 59.6 68.6 15:00 54.0 6:30 5.7 0.3 0.10 0.1 14.0 20:30 SE 12 57.9 65.0 5:00 48.1 22:00 7.1 0.0 0.33 0.2 17.0 16:30 NW 13 44.7 49.7 0:30 40.9 7:30 20.3 0.0 0.11 0.0 16.0 5:00 WNW 14 54.3 75.9 17:00 37.1 7:00 12.1 1.5 0.10 0.0 16.0 17:00 NW 15 60.3 75.8 16:00 47.0 7:30 6.9 2.2 0.01 0.0 6.0 11:30 SE 16 56.0 72.0 16:00 39.0 7:30 10.3 1.3 0.00 0.0 8.0 14:30 SW 17 55.9 68.4 13:00 45.0 5:00 9.3 0.2 0.01 0.0 7.0 13:00 SE 18 48.8 51.4 0:30 45.5 00:00 16.2 0.0 0.12 0.0 0.0 --- --- 19 49.8 56.7 14:30 44.9 6:30 15.2 0.0 0.00 0.0 10.0 12:00 SSE 20 51.9 65.6 14:00 38.5 00:00 13.1 0.0 0.02 0.0 5.0 22:00 N 21 41.0 48.3 18:00 31.6 6:00 24.0 0.0 0.00 0.0 1.0 8:30 WSW 22 46.8 62.8 15:30 30.2 7:30 18.2 0.0 0.00 0.0 5.0 13:30 NNW 23 48.5 71.2 15:00 31.2 7:00 12.2 0.8 0.00 0.0 11.0 14:30 S 24 25 26 27 28 29 30 ------------------------------------------------------------------------------------- 49.5 80.2 9 30.0 8 361.4 10.3 2.78 0.0 17.0 12 NW Max >= 90.0: 0 Max <= 32.0: 0 Min <= 32.0: 4 Min <= 0.0: 0 Max Rain: 0.72 ON 04/03/24 Days of Rain: 13 (>.01 in) 6 (>.1 in) 0 (>1 in) Heat Base: 65.0 Cool Base: 65.0 Method: Integration