NOAA Current Month Status

MONTHLY CLIMATOLOGICAL SUMMARY for MAY. 2024 NAME: White Birch Drive CITY: Archbald STATE: PA ELEV: 955 ft LAT: 41 30' 00" N LONG: 75 36' 00" W TEMPERATURE (F), RAIN (in), WIND SPEED (mph) HEAT COOL AVG MEAN DEG DEG WIND DOM DAY TEMP HIGH TIME LOW TIME DAYS DAYS RAIN SPEED HIGH TIME DIR ------------------------------------------------------------------------------------ 1 66.6 80.2 16:00 57.3 8:00 2.8 4.4 0.00 0.0 7.0 12:30 NW 2 68.1 83.2 15:30 54.7 7:00 3.0 6.1 0.00 0.0 8.0 10:00 W 3 63.0 77.6 14:30 53.3 2:30 4.9 2.9 0.00 0.0 9.0 15:00 E 4 55.6 61.2 16:30 49.2 00:00 9.4 0.0 0.15 0.0 0.0 --- --- 5 50.5 53.9 16:30 47.1 7:00 14.5 0.0 0.54 0.0 2.0 2:00 S 6 60.5 73.9 18:00 53.0 0:30 5.8 1.3 0.01 0.0 3.0 15:00 S 7 64.1 82.9 16:30 45.5 7:30 6.3 5.4 0.00 0.2 7.0 15:00 NW 8 69.9 87.6 16:00 56.5 2:30 2.5 7.5 0.25 0.3 12.0 13:00 NW 9 58.6 66.1 16:00 53.6 6:30 6.4 0.0 0.07 0.0 3.0 10:00 S 10 50.5 53.7 0:30 44.7 00:00 14.5 0.0 0.36 0.0 0.0 --- --- 11 51.5 61.5 12:00 40.5 6:30 13.5 0.0 0.01 0.0 7.0 00:00 ENE 12 48.3 52.4 18:00 44.2 7:00 16.7 0.0 0.31 0.0 8.0 0:30 NW 13 57.2 69.8 17:00 44.0 2:30 8.5 0.7 0.00 0.0 5.0 12:00 NW 14 61.8 76.4 14:00 48.6 7:00 5.5 2.3 0.13 0.0 9.0 13:00 SE 15 60.8 65.9 18:00 58.7 22:30 4.2 0.0 0.20 0.0 3.0 16:30 E 16 62.0 70.3 13:00 52.1 6:30 4.2 1.2 0.00 0.0 3.0 14:30 S 17 64.0 72.6 16:00 55.6 3:00 2.9 1.8 0.00 0.0 3.0 10:30 E 18 62.5 66.0 14:30 59.9 6:30 2.6 0.1 0.06 0.0 3.0 9:30 ENE 19 67.4 79.3 17:30 59.5 5:00 2.1 4.4 0.01 0.0 0.0 --- --- 20 70.5 87.2 16:00 54.2 7:00 2.7 8.2 0.00 0.0 0.0 --- --- 21 73.1 90.6 15:30 57.3 6:30 1.7 9.9 0.00 0.0 2.0 19:30 NW 22 73.3 91.5 15:30 58.0 6:30 1.3 9.6 0.01 0.0 9.0 20:30 NW 23 69.1 82.8 16:00 61.8 00:00 0.7 4.9 0.40 0.0 5.0 13:00 SSE 24 68.6 86.0 16:00 52.8 7:00 3.4 7.0 0.00 0.0 2.0 18:00 NW 25 60.7 83.8 13:00 51.4 7:00 3.8 1.5 0.00 0.0 3.0 12:30 NNW 26 27 28 29 30 31 ------------------------------------------------------------------------------------- 62.3 91.5 22 40.5 11 143.9 79.2 2.51 0.0 12.0 8 NW Max >= 90.0: 2 Max <= 32.0: 0 Min <= 32.0: 0 Min <= 0.0: 0 Max Rain: 0.54 ON 05/05/24 Days of Rain: 10 (>.01 in) 8 (>.1 in) 0 (>1 in) Heat Base: 65.0 Cool Base: 65.0 Method: Integration

NOAA Full Report