NOAA Current Month Status

MONTHLY CLIMATOLOGICAL SUMMARY for NOV. 2023 NAME: White Birch Drive CITY: Archbald STATE: PA ELEV: 955 ft LAT: 41 30' 00" N LONG: 75 36' 00" W TEMPERATURE (F), RAIN (in), WIND SPEED (mph) HEAT COOL AVG MEAN DEG DEG WIND DOM DAY TEMP HIGH TIME LOW TIME DAYS DAYS RAIN SPEED HIGH TIME DIR ------------------------------------------------------------------------------------ 1 36.4 46.7 14:00 29.1 8:30 28.6 0.0 0.01 0.3 12.0 13:00 NW 2 34.6 47.9 16:00 24.4 8:00 30.4 0.0 0.00 0.3 9.0 14:00 S 3 44.2 59.8 15:00 29.9 8:00 20.8 0.0 0.00 0.1 10.0 11:30 NW 4 48.6 58.8 14:30 40.5 8:30 16.4 0.0 0.00 0.0 2.0 9:30 SSW 5 47.1 60.8 12:00 36.2 00:00 17.9 0.0 0.00 0.0 5.0 11:30 S 6 44.7 56.9 15:30 30.7 7:30 20.3 0.0 0.01 0.0 9.0 16:00 NW 7 56.4 70.4 14:30 48.2 00:00 9.0 0.3 0.00 0.0 12.0 13:30 S 8 41.8 48.2 0:30 36.7 7:30 23.2 0.0 0.01 0.0 7.0 3:30 WNW 9 49.1 63.3 15:00 40.3 2:00 15.9 0.0 0.01 0.0 4.0 16:00 S 10 45.6 51.8 15:30 40.4 1:00 19.4 0.0 0.00 0.0 6.0 12:30 NW 11 40.1 50.1 12:00 29.2 00:00 24.9 0.0 0.00 0.0 3.0 10:00 SSW 12 32.5 40.6 16:00 25.3 00:00 32.5 0.0 0.00 0.0 0.0 --- --- 13 33.5 45.4 15:00 21.5 7:30 31.5 0.0 0.00 0.0 0.0 --- --- 14 38.8 46.6 12:00 28.6 00:00 26.2 0.0 0.00 0.0 5.0 13:00 SSE 15 40.0 56.6 15:00 24.3 7:00 25.0 0.0 0.00 0.0 4.0 16:00 SSW 16 45.1 64.0 15:00 30.4 7:30 19.9 0.0 0.00 0.0 5.0 11:30 ESE 17 50.4 64.9 14:00 34.0 4:30 14.6 0.0 0.00 0.0 9.0 14:30 S 18 42.1 55.5 0:30 28.3 00:00 22.9 0.0 0.02 0.0 1.0 13:30 S 19 37.8 52.5 15:00 26.4 5:00 27.2 0.0 0.00 0.0 8.0 13:30 SSE 20 34.2 45.6 13:00 25.6 8:00 30.8 0.0 0.00 0.0 2.0 10:30 SSW 21 34.4 39.2 00:00 29.5 3:00 30.6 0.0 0.25 0.0 8.0 5:00 SE 22 44.5 48.2 15:00 39.0 1:30 20.5 0.0 0.20 0.0 9.0 3:30 NE 23 42.7 48.2 15:30 37.5 6:30 22.3 0.0 0.06 0.0 3.0 14:30 WNW 24 37.0 44.3 13:30 25.1 00:00 28.0 0.0 0.01 0.0 7.0 10:30 NW 25 31.0 42.4 14:30 23.8 5:30 34.0 0.0 0.00 0.0 1.0 13:30 NW 26 35.3 46.9 14:00 25.3 5:00 29.7 0.0 0.87 0.0 7.0 14:30 ESE 27 38.7 45.6 13:00 32.3 00:00 26.3 0.0 0.00 0.0 8.0 12:00 WNW 28 29.8 35.0 13:30 27.2 6:30 21.3 0.0 0.00 0.0 11.0 12:30 WNW 29 30 ------------------------------------------------------------------------------------- 40.6 70.4 7 21.5 13 670.1 0.3 1.45 0.0 12.0 1 NW Max >= 90.0: 0 Max <= 32.0: 0 Min <= 32.0: 18 Min <= 0.0: 0 Max Rain: 0.87 ON 11/26/23 Days of Rain: 5 (>.01 in) 3 (>.1 in) 0 (>1 in) Heat Base: 65.0 Cool Base: 65.0 Method: Integration

NOAA Full Report