NOAA Climate Reports - Current Month, Prior Months, Current and Prior Year Summaries. Station 1st Report 17 Ocr 2014
NOAA style reports
NOAA Climate Reports
Notice: Undefined index: NOAA2024.TXT in /membri/k3csg/NOAA-reports.php on line 185
2024: Jan | Feb | Mar |
Notice: Undefined index: NOAA2024-04.TXT in /membri/k3csg/NOAA-reports.php on line 196
Apr |
Notice: Undefined index: NOAA2024-05.TXT in /membri/k3csg/NOAA-reports.php on line 196
May |
Notice: Undefined index: NOAA2024-06.TXT in /membri/k3csg/NOAA-reports.php on line 196
Jun |
Notice: Undefined index: NOAA2024-07.TXT in /membri/k3csg/NOAA-reports.php on line 196
Jul |
Notice: Undefined index: NOAA2024-08.TXT in /membri/k3csg/NOAA-reports.php on line 196
Aug |
Notice: Undefined index: NOAA2024-09.TXT in /membri/k3csg/NOAA-reports.php on line 196
Sep |
Notice: Undefined index: NOAA2024-10.TXT in /membri/k3csg/NOAA-reports.php on line 196
Oct |
Notice: Undefined index: NOAA2024-11.TXT in /membri/k3csg/NOAA-reports.php on line 196
Nov |
Notice: Undefined index: NOAA2024-12.TXT in /membri/k3csg/NOAA-reports.php on line 196
Dec
2023: Jan | Feb | Mar | Apr | May | Jun | Jul | Aug | Sep | Oct | Nov | Dec
2022: Jan | Feb | Mar | Apr | May | Jun | Jul | Aug | Sep | Oct | Nov | Dec
2021: Jan | Feb | Mar | Apr | May | Jun | Jul | Aug | Sep | Oct | Nov | Dec
2020: Jan | Feb | Mar | Apr | May | Jun | Jul | Aug | Sep | Oct | Nov | Dec
2019: Jan | Feb | Mar | Apr | May | Jun | Jul | Aug | Sep | Oct | Nov | Dec
2018: Jan | Feb | Mar | Apr | May | Jun | Jul | Aug | Sep | Oct | Nov | Dec
2017: Jan | Feb | Mar | Apr | May | Jun | Jul | Aug | Sep | Oct | Nov | Dec
2016: Jan | Feb | Mar | Apr | May | Jun | Jul | Aug | Sep | Oct | Nov | Dec
2015: Jan | Feb | Mar | Apr | May | Jun | Jul | Aug | Sep | Oct | Nov | Dec
2014:
Notice: Undefined index: NOAA2014-01.TXT in /membri/k3csg/NOAA-reports.php on line 196
Jan |
Notice: Undefined index: NOAA2014-02.TXT in /membri/k3csg/NOAA-reports.php on line 196
Feb |
Notice: Undefined index: NOAA2014-03.TXT in /membri/k3csg/NOAA-reports.php on line 196
Mar |
Notice: Undefined index: NOAA2014-04.TXT in /membri/k3csg/NOAA-reports.php on line 196
Apr |
Notice: Undefined index: NOAA2014-05.TXT in /membri/k3csg/NOAA-reports.php on line 196
May |
Notice: Undefined index: NOAA2014-06.TXT in /membri/k3csg/NOAA-reports.php on line 196
Jun |
Notice: Undefined index: NOAA2014-07.TXT in /membri/k3csg/NOAA-reports.php on line 196
Jul |
Notice: Undefined index: NOAA2014-08.TXT in /membri/k3csg/NOAA-reports.php on line 196
Aug |
Notice: Undefined index: NOAA2014-09.TXT in /membri/k3csg/NOAA-reports.php on line 196
Sep | Oct | Nov | Dec
Report for 2023 06
MONTHLY CLIMATOLOGICAL SUMMARY for JUN. 2023
NAME: White Birch Drive CITY: Archbald STATE: PA
ELEV: 955 ft LAT: 41° 30' 00" N LONG: 75° 36' 00" W
TEMPERATURE (°F), RAIN (in), WIND SPEED (mph)
HEAT COOL AVG
MEAN DEG DEG WIND DOM
DAY TEMP HIGH TIME LOW TIME DAYS DAYS RAIN SPEED HIGH TIME DIR
------------------------------------------------------------------------------------
1 73.5 97.1 16:00 49.8 6:30 4.0 12.5 0.00 0.0 6.0 15:00 S
2 72.9 97.2 16:30 56.8 6:30 1.5 9.4 0.13 0.0 6.0 16:00 NW
3 68.4 83.0 15:30 59.2 00:00 1.2 4.5 0.05 0.0 5.0 15:30 ESE
4 62.3 79.5 16:00 47.2 7:00 6.0 3.2 0.00 0.0 5.0 15:00 S
5 61.6 78.1 14:00 44.7 7:00 6.9 3.6 0.00 0.0 4.0 13:00 NW
6 61.7 77.9 13:30 50.5 7:00 5.7 2.5 0.00 0.0 3.0 11:30 W
7 54.6 65.9 15:30 45.3 00:00 10.4 0.0 0.00 0.0 0.0 --- ---
8 52.3 64.3 14:30 39.3 5:30 12.7 0.0 0.00 0.0 4.0 10:30 WNW
9 58.1 69.2 14:30 51.0 5:30 7.3 0.4 0.00 0.0 3.0 13:30 W
10 63.7 80.9 17:00 51.9 6:00 5.3 3.9 0.00 0.0 7.0 17:00 NW
11 70.7 89.2 16:30 51.9 6:30 3.8 9.5 0.00 0.0 9.0 12:30 E
12 69.9 79.7 12:00 60.3 00:00 0.5 5.4 1.02 0.0 11.0 11:00 ESE
13 64.8 75.9 16:00 56.7 6:30 3.2 3.1 0.00 0.0 3.0 1:00 S
14 58.7 62.9 14:30 55.1 5:30 6.3 0.0 0.29 0.0 5.0 16:30 NW
15 64.6 75.5 14:00 56.8 2:00 3.2 2.9 0.02 0.0 2.0 10:00 WNW
16 61.1 72.1 16:00 54.1 5:30 4.7 0.8 0.05 0.0 0.0 --- ---
17 65.8 76.7 15:30 58.4 5:30 2.5 3.2 0.02 0.0 7.0 17:30 E
18 65.4 79.1 17:00 51.8 6:30 3.9 4.3 0.00 0.0 2.0 13:00 N
19 70.2 87.8 15:30 53.6 5:30 3.3 8.5 0.00 0.0 3.0 17:30 E
20 72.4 84.0 14:30 62.1 6:30 0.3 7.7 0.00 0.0 6.0 18:00 E
21 68.9 81.9 15:30 58.8 6:00 1.2 5.1 0.00 0.0 7.0 12:30 E
22 67.0 76.9 16:00 60.2 5:30 1.5 3.5 0.00 0.0 5.0 13:30 ESE
23 68.5 73.5 13:30 64.9 5:00 0.0 3.5 0.14 0.0 1.0 16:30 E
24 72.3 86.2 16:00 67.1 6:00 0.0 7.3 0.04 0.0 2.0 16:00 WNW
25 72.6 84.8 15:00 65.8 2:00 0.0 7.6 0.06 0.0 1.0 10:30 SE
26 70.9 79.2 15:00 65.8 3:30 0.0 5.9 0.19 0.0 8.0 23:30 WSW
27 68.0 79.5 13:30 61.8 5:30 0.6 3.5 0.06 0.0 2.0 18:00 NNE
28 66.3 70.4 16:00 63.1 00:00 0.2 1.4 0.05 0.0 3.0 19:30 SSW
29 70.3 84.0 16:30 61.7 6:30 1.0 6.3 0.00 0.0 6.0 13:00 WNW
30 71.5 86.8 14:00 55.3 6:30 2.5 9.0 0.00 0.0 9.0 12:30 E
-------------------------------------------------------------------------------------
66.3 97.2 2 39.3 8 99.7 138.5 2.12 0.0 11.0 12 NW
Max >= 90.0: 2
Max <= 32.0: 0
Min <= 32.0: 0
Min <= 0.0: 0
Max Rain: 1.02 ON 06/12/23
Days of Rain: 13 (>.01 in) 5 (>.1 in) 1 (>1 in)
Heat Base: 65.0 Cool Base: 65.0 Method: Integration