NOAA Climate Reports - Current Month, Prior Months, Current and Prior Year Summaries

NOAA style reports

NOAA Climate Reports

2021: Jan | Feb | Mar | Apr | May | Jun | Jul | Aug | Sep | Oct | Nov | Dec 
2020: Jan | Feb | Mar | Apr | May | Jun | Jul | Aug | Sep | Oct | Nov | Dec 
2019: Jan | Feb | Mar | Apr | May | Jun | Jul | Aug | Sep | Oct | Nov | Dec 
2018: Jan | Feb | Mar | Apr | May | Jun | Jul | Aug | Sep | Oct | Nov | Dec 
2017: Jan | Feb | Mar | Apr | May | Jun | Jul | Aug | Sep | Oct | Nov | Dec 
2016: Jan | Feb | Mar | Apr | May | Jun | Jul | Aug | Sep | Oct | Nov | Dec 

Report for 2020 10
MONTHLY CLIMATOLOGICAL SUMMARY for OCT. 2020 NAME: White Birch CITY: Archbald STATE: PA ELEV: 955 ft LAT: 41 29' 21" N LONG: 75 33' 49" W TEMPERATURE (F), RAIN (in), WIND SPEED (mph) HEAT COOL AVG MEAN DEG DEG WIND DOM DAY TEMP HIGH TIME LOW TIME DAYS DAYS RAIN SPEED HIGH TIME DIR ------------------------------------------------------------------------------------ 1 53.7 66.6 13:54 41.7 23:56 11.3 0.0 0.00 0.3 11.0 16:07 NW 2 48.4 59.7 15:40 39.5 23:58 16.6 0.0 0.03 0.3 11.0 12:11 WNW 3 45.4 60.0 15:57 35.2 6:47 19.6 0.0 0.00 0.0 6.0 12:25 WNW 4 45.9 61.2 13:54 31.7 5:22 19.1 0.0 0.00 0.1 8.0 14:23 SE 5 50.0 59.1 14:01 44.2 7:13 15.0 0.0 0.00 0.0 3.0 1:20 WNW 6 50.3 63.7 15:21 36.9 7:08 14.7 0.0 0.00 0.5 14.0 12:36 NW 7 54.3 65.7 12:09 48.9 5:34 10.7 0.0 0.05 1.2 20.0 16:07 NW 8 47.5 57.5 16:01 39.8 23:55 17.5 0.0 0.00 0.6 14.0 9:33 WNW 9 50.6 67.5 14:58 36.9 8:01 14.6 0.1 0.00 0.4 11.0 15:14 S 10 56.2 72.8 14:16 43.1 7:23 9.6 0.9 0.00 0.6 15.0 14:48 NW 11 57.2 65.1 13:16 50.0 8:04 7.8 0.0 0.00 0.0 6.0 9:32 SSE 12 45.1 50.2 0:01 41.9 8:47 19.9 0.0 0.28 0.6 14.0 10:08 SSE 13 49.7 57.1 14:50 39.9 23:58 15.3 0.0 0.00 0.2 16.0 6:16 NW 14 46.5 63.6 15:55 31.5 7:53 18.5 0.0 0.01 0.2 10.0 16:07 S 15 55.9 72.2 14:11 41.2 0:01 10.7 1.6 0.00 0.6 17.0 16:56 S 16 46.6 58.0 0:35 39.5 23:55 18.4 0.0 0.11 0.0 7.0 0:52 WNW 17 40.5 54.9 16:06 30.3 7:42 24.5 0.0 0.00 0.1 9.0 14:37 WNW 18 43.2 58.4 15:32 26.9 4:32 21.8 0.0 0.00 0.8 16.0 15:05 SE 19 53.4 58.3 12:18 48.0 4:42 11.6 0.0 0.00 0.3 12.0 12:11 SE 20 57.6 64.1 16:53 52.8 6:41 7.4 0.0 0.00 0.1 7.0 1:02 NW 21 59.9 73.0 14:35 49.4 3:37 6.6 1.5 0.00 0.4 13.0 12:11 S 22 62.4 79.7 15:50 52.7 6:59 5.4 2.9 0.00 0.0 8.0 16:36 SE 23 59.6 72.0 12:40 49.9 4:56 6.4 1.0 0.00 0.3 14.0 11:40 SE 24 51.2 60.7 0:19 36.9 23:59 13.8 0.0 0.00 0.1 11.0 13:43 WNW 25 39.3 51.6 15:41 28.6 7:50 25.7 0.0 0.00 0.1 9.0 20:56 SE 26 46.6 53.2 16:26 38.9 2:54 18.4 0.0 0.09 0.1 10.0 10:05 NW 27 45.4 51.4 14:12 41.7 8:04 19.6 0.0 0.00 0.1 8.0 12:34 WNW 28 44.8 49.4 14:47 42.0 6:36 20.2 0.0 0.34 0.1 8.0 14:47 NW 29 41.4 43.1 0:09 40.3 3:36 23.6 0.0 1.22 0.0 6.0 19:35 WSW 30 34.1 40.3 0:01 26.2 23:58 30.9 0.0 0.38 0.2 9.0 17:51 WNW 31 31.0 43.2 16:13 20.0 7:53 34.0 0.0 0.00 0.4 10.0 18:10 SE ------------------------------------------------------------------------------------- 48.8 79.7 22 20.0 31 509.2 8.0 2.51 0.3 20.0 7 NW Max >= 90.0: 0 Max <= 32.0: 0 Min <= 32.0: 7 Min <= 0.0: 0 Max Rain: 1.22 ON 10/29/20 Days of Rain: 8 (>.01 in) 5 (>.1 in) 1 (>1 in) Heat Base: 65.0 Cool Base: 65.0 Method: Integration