NOAA Climate Reports - Current Month, Prior Months, Current and Prior Year Summaries. Station 1st Report 17 Ocr 2014
NOAA style reports
NOAA Climate Reports
Notice: Undefined index: NOAA2024.TXT in /membri/k3csg/NOAA-reports.php on line 185
2024: Jan | Feb |
Notice: Undefined index: NOAA2024-03.TXT in /membri/k3csg/NOAA-reports.php on line 196
Mar |
Notice: Undefined index: NOAA2024-04.TXT in /membri/k3csg/NOAA-reports.php on line 196
Apr |
Notice: Undefined index: NOAA2024-05.TXT in /membri/k3csg/NOAA-reports.php on line 196
May |
Notice: Undefined index: NOAA2024-06.TXT in /membri/k3csg/NOAA-reports.php on line 196
Jun |
Notice: Undefined index: NOAA2024-07.TXT in /membri/k3csg/NOAA-reports.php on line 196
Jul |
Notice: Undefined index: NOAA2024-08.TXT in /membri/k3csg/NOAA-reports.php on line 196
Aug |
Notice: Undefined index: NOAA2024-09.TXT in /membri/k3csg/NOAA-reports.php on line 196
Sep |
Notice: Undefined index: NOAA2024-10.TXT in /membri/k3csg/NOAA-reports.php on line 196
Oct |
Notice: Undefined index: NOAA2024-11.TXT in /membri/k3csg/NOAA-reports.php on line 196
Nov |
Notice: Undefined index: NOAA2024-12.TXT in /membri/k3csg/NOAA-reports.php on line 196
Dec
2023: Jan | Feb | Mar | Apr | May | Jun | Jul | Aug | Sep | Oct | Nov | Dec
2022: Jan | Feb | Mar | Apr | May | Jun | Jul | Aug | Sep | Oct | Nov | Dec
2021: Jan | Feb | Mar | Apr | May | Jun | Jul | Aug | Sep | Oct | Nov | Dec
2020: Jan | Feb | Mar | Apr | May | Jun | Jul | Aug | Sep | Oct | Nov | Dec
2019: Jan | Feb | Mar | Apr | May | Jun | Jul | Aug | Sep | Oct | Nov | Dec
2018: Jan | Feb | Mar | Apr | May | Jun | Jul | Aug | Sep | Oct | Nov | Dec
2017: Jan | Feb | Mar | Apr | May | Jun | Jul | Aug | Sep | Oct | Nov | Dec
2016: Jan | Feb | Mar | Apr | May | Jun | Jul | Aug | Sep | Oct | Nov | Dec
2015: Jan | Feb | Mar | Apr | May | Jun | Jul | Aug | Sep | Oct | Nov | Dec
2014:
Notice: Undefined index: NOAA2014-01.TXT in /membri/k3csg/NOAA-reports.php on line 196
Jan |
Notice: Undefined index: NOAA2014-02.TXT in /membri/k3csg/NOAA-reports.php on line 196
Feb |
Notice: Undefined index: NOAA2014-03.TXT in /membri/k3csg/NOAA-reports.php on line 196
Mar |
Notice: Undefined index: NOAA2014-04.TXT in /membri/k3csg/NOAA-reports.php on line 196
Apr |
Notice: Undefined index: NOAA2014-05.TXT in /membri/k3csg/NOAA-reports.php on line 196
May |
Notice: Undefined index: NOAA2014-06.TXT in /membri/k3csg/NOAA-reports.php on line 196
Jun |
Notice: Undefined index: NOAA2014-07.TXT in /membri/k3csg/NOAA-reports.php on line 196
Jul |
Notice: Undefined index: NOAA2014-08.TXT in /membri/k3csg/NOAA-reports.php on line 196
Aug |
Notice: Undefined index: NOAA2014-09.TXT in /membri/k3csg/NOAA-reports.php on line 196
Sep | Oct | Nov | Dec
Report for 2020 05
MONTHLY CLIMATOLOGICAL SUMMARY for MAY. 2020
NAME: White Birch CITY: Archbald STATE: PA
ELEV: 968 ft LAT: 41° 29' 21" N LONG: 75° 33' 49" W
TEMPERATURE (°F), RAIN (in), WIND SPEED (mph)
HEAT COOL AVG
MEAN DEG DEG WIND DOM
DAY TEMP HIGH TIME LOW TIME DAYS DAYS RAIN SPEED HIGH TIME DIR
------------------------------------------------------------------------------------
1 51.2 59.0 16:45 46.3 00:00 13.8 0.0 0.12 0.1 11.0 17:00 WNW
2 53.6 68.0 16:15 38.8 7:00 11.6 0.2 0.00 0.7 12.0 15:15 WNW
3 63.4 76.4 14:30 51.5 6:45 4.7 3.2 0.00 0.4 14.0 16:00 WNW
4 48.0 59.4 0:15 38.2 00:00 17.0 0.0 0.00 0.6 20.0 16:45 WNW
5 43.9 58.4 16:30 31.8 6:45 21.1 0.0 0.00 0.2 8.0 12:30 WNW
6 40.9 46.5 15:15 35.4 2:15 24.1 0.0 0.04 0.0 8.0 11:45 SSE
7 45.2 61.3 15:15 29.8 7:00 19.8 0.0 0.05 0.5 17.0 18:45 WNW
8 36.7 45.0 11:30 27.5 00:00 28.3 0.0 0.34 0.2 10.0 11:15 WNW
9 30.1 37.8 14:15 23.3 7:15 34.9 0.0 0.05 2.0 21.0 14:30 WNW
10 43.8 57.1 16:30 28.7 6:15 21.2 0.0 0.00 1.4 20.0 16:45 NW
11 39.4 51.7 12:45 34.6 5:15 25.6 0.0 0.38 0.7 16.0 15:30 WNW
12 40.9 53.7 15:45 31.9 6:30 24.1 0.0 0.00 1.4 20.0 15:15 WNW
13 41.6 58.3 16:00 24.5 6:30 23.4 0.0 0.00 0.2 11.0 13:00 WNW
14 50.4 70.0 15:15 28.0 6:30 15.1 0.5 0.00 0.4 15.0 15:00 NW
15 63.1 78.3 15:45 52.7 4:00 5.4 3.4 0.66 1.2 17.0 17:45 NW
16 59.3 70.0 16:45 50.3 00:00 6.5 0.7 0.06 0.1 11.0 13:30 WNW
17 56.2 68.0 12:30 42.9 6:30 9.2 0.4 0.00 0.5 10.0 11:00 SE
18 60.0 72.0 15:30 53.2 6:15 6.0 1.1 0.00 0.4 14.0 16:15 SE
19 57.8 67.1 13:00 50.1 00:00 7.5 0.2 0.00 0.4 12.0 13:15 SE
20 54.5 67.2 14:00 43.6 6:30 10.7 0.2 0.00 0.4 13.0 14:00 SE
21 55.0 75.8 16:15 30.6 6:45 12.5 2.5 0.00 0.2 12.0 16:45 S
22 59.3 72.4 13:15 45.9 6:45 6.9 1.2 0.09 0.0 9.0 15:45 WNW
23 62.4 72.0 14:30 56.2 23:00 3.7 1.1 0.29 0.0 8.0 15:30 ESE
24 62.1 76.3 15:00 51.2 6:30 5.7 2.8 0.00 0.5 12.0 17:00 SE
25 63.2 80.0 16:45 46.3 5:30 6.1 4.3 0.01 0.2 10.0 11:30 WNW
26 71.5 90.9 16:15 53.7 6:45 2.8 9.3 0.00 0.1 12.0 17:30 S
27 70.4 83.1 16:15 57.6 6:45 1.3 6.7 0.00 0.1 10.0 14:00 S
28 68.7 73.5 12:30 63.5 6:30 0.2 3.9 0.00 1.2 15.0 16:30 ESE
29 71.2 83.4 15:00 61.3 00:00 0.3 6.5 0.62 0.5 15.0 12:15 S
30 62.1 75.3 14:45 53.8 6:45 4.5 1.6 0.09 0.6 13.0 20:00 WNW
31 51.5 63.0 16:45 40.6 00:00 13.5 0.0 0.00 0.6 12.0 17:30 WNW
-------------------------------------------------------------------------------------
54.1 90.9 26 23.3 9 387.5 49.8 2.80 0.5 21.0 9 WNW
Max >= 90.0: 1
Max <= 32.0: 0
Min <= 32.0: 9
Min <= 0.0: 0
Max Rain: 0.66 ON 05/15/20
Days of Rain: 12 (>.01 in) 6 (>.1 in) 0 (>1 in)
Heat Base: 65.0 Cool Base: 65.0 Method: Integration