NOAA Climate Reports - Current Month, Prior Months, Current and Prior Year Summaries. Station 1st Report 17 Ocr 2014
NOAA style reports
NOAA Climate Reports
Notice: Undefined index: NOAA2024.TXT in /membri/k3csg/NOAA-reports.php on line 185
2024: Jan | Feb |
Notice: Undefined index: NOAA2024-03.TXT in /membri/k3csg/NOAA-reports.php on line 196
Mar |
Notice: Undefined index: NOAA2024-04.TXT in /membri/k3csg/NOAA-reports.php on line 196
Apr |
Notice: Undefined index: NOAA2024-05.TXT in /membri/k3csg/NOAA-reports.php on line 196
May |
Notice: Undefined index: NOAA2024-06.TXT in /membri/k3csg/NOAA-reports.php on line 196
Jun |
Notice: Undefined index: NOAA2024-07.TXT in /membri/k3csg/NOAA-reports.php on line 196
Jul |
Notice: Undefined index: NOAA2024-08.TXT in /membri/k3csg/NOAA-reports.php on line 196
Aug |
Notice: Undefined index: NOAA2024-09.TXT in /membri/k3csg/NOAA-reports.php on line 196
Sep |
Notice: Undefined index: NOAA2024-10.TXT in /membri/k3csg/NOAA-reports.php on line 196
Oct |
Notice: Undefined index: NOAA2024-11.TXT in /membri/k3csg/NOAA-reports.php on line 196
Nov |
Notice: Undefined index: NOAA2024-12.TXT in /membri/k3csg/NOAA-reports.php on line 196
Dec
2023: Jan | Feb | Mar | Apr | May | Jun | Jul | Aug | Sep | Oct | Nov | Dec
2022: Jan | Feb | Mar | Apr | May | Jun | Jul | Aug | Sep | Oct | Nov | Dec
2021: Jan | Feb | Mar | Apr | May | Jun | Jul | Aug | Sep | Oct | Nov | Dec
2020: Jan | Feb | Mar | Apr | May | Jun | Jul | Aug | Sep | Oct | Nov | Dec
2019: Jan | Feb | Mar | Apr | May | Jun | Jul | Aug | Sep | Oct | Nov | Dec
2018: Jan | Feb | Mar | Apr | May | Jun | Jul | Aug | Sep | Oct | Nov | Dec
2017: Jan | Feb | Mar | Apr | May | Jun | Jul | Aug | Sep | Oct | Nov | Dec
2016: Jan | Feb | Mar | Apr | May | Jun | Jul | Aug | Sep | Oct | Nov | Dec
2015: Jan | Feb | Mar | Apr | May | Jun | Jul | Aug | Sep | Oct | Nov | Dec
2014:
Notice: Undefined index: NOAA2014-01.TXT in /membri/k3csg/NOAA-reports.php on line 196
Jan |
Notice: Undefined index: NOAA2014-02.TXT in /membri/k3csg/NOAA-reports.php on line 196
Feb |
Notice: Undefined index: NOAA2014-03.TXT in /membri/k3csg/NOAA-reports.php on line 196
Mar |
Notice: Undefined index: NOAA2014-04.TXT in /membri/k3csg/NOAA-reports.php on line 196
Apr |
Notice: Undefined index: NOAA2014-05.TXT in /membri/k3csg/NOAA-reports.php on line 196
May |
Notice: Undefined index: NOAA2014-06.TXT in /membri/k3csg/NOAA-reports.php on line 196
Jun |
Notice: Undefined index: NOAA2014-07.TXT in /membri/k3csg/NOAA-reports.php on line 196
Jul |
Notice: Undefined index: NOAA2014-08.TXT in /membri/k3csg/NOAA-reports.php on line 196
Aug |
Notice: Undefined index: NOAA2014-09.TXT in /membri/k3csg/NOAA-reports.php on line 196
Sep | Oct | Nov | Dec
Report for 2020 03
MONTHLY CLIMATOLOGICAL SUMMARY for MAR. 2020
NAME: White Birch CITY: Archbald STATE: PA
ELEV: 955 ft LAT: 41° 29' 21" N LONG: 75° 33' 49" W
TEMPERATURE (°F), RAIN (in), WIND SPEED (mph)
HEAT COOL AVG
MEAN DEG DEG WIND DOM
DAY TEMP HIGH TIME LOW TIME DAYS DAYS RAIN SPEED HIGH TIME DIR
------------------------------------------------------------------------------------
1 26.5 38.6 15:15 15.5 0:15 38.5 0.0 0.00 1.3 12.0 14:45 WNW
2 41.2 59.2 14:15 22.8 4:00 23.8 0.0 0.00 1.4 17.0 14:15 NW
3 45.2 51.0 13:15 38.1 00:00 19.8 0.0 0.36 1.0 22.0 21:00 WNW
4 38.7 46.0 13:00 32.8 00:00 26.3 0.0 0.01 2.9 22.0 3:00 WNW
5 35.5 46.8 15:45 27.0 00:00 29.5 0.0 0.00 0.5 12.0 5:00 WNW
6 31.9 39.6 12:15 25.5 2:15 33.1 0.0 0.04 0.2 11.0 3:30 SE
7 29.9 39.2 14:15 21.5 00:00 35.1 0.0 0.00 0.4 15.0 6:30 WNW
8 34.8 53.2 17:30 16.3 7:30 29.0 0.0 0.00 0.6 13.0 14:45 S
9 47.2 66.5 16:00 27.2 7:45 17.9 0.1 0.00 1.3 15.0 16:30 NW
10 47.2 56.2 13:15 38.7 7:00 17.8 0.0 0.08 1.2 18.0 15:15 NW
11 37.7 48.6 15:15 27.7 7:15 27.3 0.0 0.00 0.6 9.0 15:45 WNW
12 40.6 46.0 15:30 34.7 3:00 24.4 0.0 0.00 1.3 13.0 21:00 ESE
13 47.2 60.0 15:00 36.9 00:00 17.8 0.0 0.26 2.5 25.0 16:00 WNW
14 37.1 43.9 15:15 30.4 7:45 27.9 0.0 0.00 1.9 16.0 0:30 WNW
15 36.3 48.2 16:00 25.7 00:00 28.7 0.0 0.00 0.4 10.0 12:45 W
16 31.9 46.6 15:15 15.8 7:45 33.1 0.0 0.00 2.0 21.0 21:45 SE
17 37.7 45.3 15:30 32.4 1:45 27.3 0.0 0.00 1.6 16.0 0:15 WNW
18 40.2 54.5 15:15 24.1 7:45 24.8 0.0 0.01 0.7 13.0 18:45 ESE
19 40.1 46.2 15:00 34.9 5:30 24.9 0.0 0.66 0.4 11.0 6:15 SE
20 52.2 66.2 16:30 43.1 0:15 12.8 0.0 0.10 1.4 23.0 15:30 WNW
21 35.0 44.6 0:15 25.3 00:00 30.0 0.0 0.00 0.6 12.0 4:15 WNW
22 31.1 46.4 15:15 16.0 7:45 33.9 0.0 0.00 1.1 19.0 23:00 SE
23 30.0 31.5 13:00 28.3 4:45 35.0 0.0 0.25 0.9 19.0 2:00 SE
24 33.6 38.4 16:15 28.6 00:00 31.4 0.0 0.40 0.0 7.0 9:30 WNW
25 33.9 42.4 15:45 27.7 0:45 31.1 0.0 0.01 0.6 12.0 15:30 SE
26 39.0 55.0 16:45 24.3 7:15 26.0 0.0 0.00 0.6 10.0 11:30 WNW
27 48.3 60.4 16:30 36.6 00:00 16.7 0.0 0.00 0.2 10.0 14:30 WNW
28 38.9 42.7 8:30 34.9 1:30 26.1 0.0 0.40 0.6 16.0 16:00 SE
29 43.0 48.3 16:45 37.9 0:45 22.0 0.0 0.27 0.9 13.0 11:45 ESE
30 44.7 53.5 15:30 37.6 8:00 20.3 0.0 0.00 0.8 19.0 13:30 WNW
31 38.8 43.2 15:30 35.6 4:45 26.2 0.0 0.12 0.3 11.0 13:00 SE
-------------------------------------------------------------------------------------
38.6 66.5 9 15.5 1 818.5 0.1 2.97 1.0 25.0 13 WNW
Max >= 90.0: 0
Max <= 32.0: 1
Min <= 32.0: 18
Min <= 0.0: 0
Max Rain: 0.66 ON 03/19/20
Days of Rain: 11 (>.01 in) 8 (>.1 in) 0 (>1 in)
Heat Base: 65.0 Cool Base: 65.0 Method: Integration