NOAA Climate Reports - Current Month, Prior Months, Current and Prior Year Summaries. Station 1st Report 17 Ocr 2014
NOAA style reports
NOAA Climate Reports
Notice: Undefined index: NOAA2024.TXT in /membri/k3csg/NOAA-reports.php on line 185
2024: Jan | Feb |
Notice: Undefined index: NOAA2024-03.TXT in /membri/k3csg/NOAA-reports.php on line 196
Mar |
Notice: Undefined index: NOAA2024-04.TXT in /membri/k3csg/NOAA-reports.php on line 196
Apr |
Notice: Undefined index: NOAA2024-05.TXT in /membri/k3csg/NOAA-reports.php on line 196
May |
Notice: Undefined index: NOAA2024-06.TXT in /membri/k3csg/NOAA-reports.php on line 196
Jun |
Notice: Undefined index: NOAA2024-07.TXT in /membri/k3csg/NOAA-reports.php on line 196
Jul |
Notice: Undefined index: NOAA2024-08.TXT in /membri/k3csg/NOAA-reports.php on line 196
Aug |
Notice: Undefined index: NOAA2024-09.TXT in /membri/k3csg/NOAA-reports.php on line 196
Sep |
Notice: Undefined index: NOAA2024-10.TXT in /membri/k3csg/NOAA-reports.php on line 196
Oct |
Notice: Undefined index: NOAA2024-11.TXT in /membri/k3csg/NOAA-reports.php on line 196
Nov |
Notice: Undefined index: NOAA2024-12.TXT in /membri/k3csg/NOAA-reports.php on line 196
Dec
2023: Jan | Feb | Mar | Apr | May | Jun | Jul | Aug | Sep | Oct | Nov | Dec
2022: Jan | Feb | Mar | Apr | May | Jun | Jul | Aug | Sep | Oct | Nov | Dec
2021: Jan | Feb | Mar | Apr | May | Jun | Jul | Aug | Sep | Oct | Nov | Dec
2020: Jan | Feb | Mar | Apr | May | Jun | Jul | Aug | Sep | Oct | Nov | Dec
2019: Jan | Feb | Mar | Apr | May | Jun | Jul | Aug | Sep | Oct | Nov | Dec
2018: Jan | Feb | Mar | Apr | May | Jun | Jul | Aug | Sep | Oct | Nov | Dec
2017: Jan | Feb | Mar | Apr | May | Jun | Jul | Aug | Sep | Oct | Nov | Dec
2016: Jan | Feb | Mar | Apr | May | Jun | Jul | Aug | Sep | Oct | Nov | Dec
2015: Jan | Feb | Mar | Apr | May | Jun | Jul | Aug | Sep | Oct | Nov | Dec
2014:
Notice: Undefined index: NOAA2014-01.TXT in /membri/k3csg/NOAA-reports.php on line 196
Jan |
Notice: Undefined index: NOAA2014-02.TXT in /membri/k3csg/NOAA-reports.php on line 196
Feb |
Notice: Undefined index: NOAA2014-03.TXT in /membri/k3csg/NOAA-reports.php on line 196
Mar |
Notice: Undefined index: NOAA2014-04.TXT in /membri/k3csg/NOAA-reports.php on line 196
Apr |
Notice: Undefined index: NOAA2014-05.TXT in /membri/k3csg/NOAA-reports.php on line 196
May |
Notice: Undefined index: NOAA2014-06.TXT in /membri/k3csg/NOAA-reports.php on line 196
Jun |
Notice: Undefined index: NOAA2014-07.TXT in /membri/k3csg/NOAA-reports.php on line 196
Jul |
Notice: Undefined index: NOAA2014-08.TXT in /membri/k3csg/NOAA-reports.php on line 196
Aug |
Notice: Undefined index: NOAA2014-09.TXT in /membri/k3csg/NOAA-reports.php on line 196
Sep | Oct | Nov | Dec
Report for 2020 01
MONTHLY CLIMATOLOGICAL SUMMARY for JAN. 2020
NAME: White Birch CITY: Archbald STATE: PA
ELEV: 968 ft LAT: 41° 29' 21" N LONG: 75° 33' 49" W
TEMPERATURE (°F), RAIN (in), WIND SPEED (mph)
HEAT COOL AVG
MEAN DEG DEG WIND DOM
DAY TEMP HIGH TIME LOW TIME DAYS DAYS RAIN SPEED HIGH TIME DIR
------------------------------------------------------------------------------------
1 27.5 30.2 14:00 20.8 00:00 37.5 0.0 0.00 2.7 17.0 0:15 WNW
2 30.4 41.9 15:00 18.6 4:45 34.6 0.0 0.00 0.7 12.0 11:45 NW
3 36.9 39.6 13:00 34.2 8:00 28.1 0.0 0.10 0.0 3.0 1:00 NW
4 37.4 42.6 12:00 29.7 00:00 27.6 0.0 0.21 0.5 13.0 22:00 W
5 28.5 32.0 14:30 25.8 00:00 36.5 0.0 0.00 2.0 17.0 11:45 WNW
6 28.8 36.9 15:45 24.6 2:15 36.2 0.0 0.09 1.4 12.0 16:45 NW
7 27.9 33.2 12:45 23.3 8:15 37.1 0.0 0.00 0.3 7.0 17:30 WSW
8 23.8 28.3 11:45 16.6 00:00 41.2 0.0 0.02 2.2 21.0 17:45 WNW
9 19.0 25.0 13:15 11.5 5:15 46.0 0.0 0.03 0.9 15.0 0:15 WNW
10 30.3 36.8 16:15 21.7 0:15 34.7 0.0 0.06 0.4 9.0 10:45 S
11 50.6 60.3 22:15 31.8 2:15 14.4 0.0 0.01 2.7 20.0 11:15 S
12 48.2 60.7 1:45 27.0 00:00 16.8 0.0 0.55 2.9 25.0 2:30 WNW
13 31.3 39.5 15:00 24.7 5:15 33.7 0.0 0.00 0.6 9.0 8:00 W
14 33.8 39.5 12:00 26.7 8:30 31.2 0.0 0.00 0.7 14.0 12:45 SE
15 36.2 42.9 15:45 28.5 21:00 28.8 0.0 0.05 0.9 11.0 12:00 NW
16 31.6 38.2 7:00 21.1 00:00 33.4 0.0 0.09 2.6 24.0 12:45 WNW
17 15.1 21.1 0:15 8.9 23:30 49.9 0.0 0.00 1.7 23.0 0:30 WNW
18 16.5 25.9 23:30 8.6 0:45 48.5 0.0 0.00 1.0 17.0 14:45 WNW
19 25.8 34.3 11:30 15.1 00:00 39.2 0.0 0.06 2.4 19.0 15:30 WNW
20 15.6 23.5 13:30 9.3 23:15 49.4 0.0 0.00 1.1 12.0 11:15 WNW
21 15.6 25.0 13:15 7.5 4:15 49.4 0.0 0.01 0.6 9.0 12:15 NW
22 18.0 32.1 15:00 5.4 7:30 47.0 0.0 0.02 0.3 7.0 12:00 SW
23 22.6 35.6 15:30 9.3 7:00 42.4 0.0 0.03 0.0 5.0 13:15 SW
24 35.1 49.8 13:15 22.1 3:30 29.9 0.0 0.00 1.0 16.0 22:15 SE
25 32.9 35.9 15:45 30.0 7:15 32.1 0.0 0.80 1.2 25.0 8:45 NW
26 32.2 36.2 15:00 28.7 8:30 32.8 0.0 0.02 1.8 14.0 12:45 NW
27 30.8 34.0 14:30 28.7 2:45 34.2 0.0 0.01 1.6 10.0 12:30 WNW
28 29.1 31.0 14:00 27.4 6:45 35.9 0.0 0.00 1.4 13.0 11:00 WNW
29 25.7 33.3 15:30 15.3 00:00 39.3 0.0 0.00 1.0 10.0 9:45 W
30 21.6 33.9 15:15 10.0 7:45 43.4 0.0 0.00 0.4 7.0 14:15 SE
31 27.7 35.7 14:00 17.3 2:15 37.3 0.0 0.00 0.4 8.0 13:45 WNW
-------------------------------------------------------------------------------------
28.6 60.7 12 5.4 22 1128.5 0.0 2.16 1.2 25.0 12 WNW
Max >= 90.0: 0
Max <= 32.0: 9
Min <= 32.0: 30
Min <= 0.0: 0
Max Rain: 0.80 ON 01/25/20
Days of Rain: 14 (>.01 in) 3 (>.1 in) 0 (>1 in)
Heat Base: 65.0 Cool Base: 65.0 Method: Integration