NOAA Climate Reports - Current Month, Prior Months, Current and Prior Year Summaries

NOAA style reports

NOAA Climate Reports

2020: Jan | Feb | Mar | Apr | May | Jun | Jul | Aug | Sep | Oct | Nov | Dec 
2019: Jan | Feb | Mar | Apr | May | Jun | Jul | Aug | Sep | Oct | Nov | Dec 
2018: Jan | Feb | Mar | Apr | May | Jun | Jul | Aug | Sep | Oct | Nov | Dec 
2017: Jan | Feb | Mar | Apr | May | Jun | Jul | Aug | Sep | Oct | Nov | Dec 
2016: Jan | Feb | Mar | Apr | May | Jun | Jul | Aug | Sep | Oct | Nov | Dec 

Report for 2019 11
MONTHLY CLIMATOLOGICAL SUMMARY for NOV. 2019 NAME: White Birch CITY: Archbald STATE: PA ELEV: 968 ft LAT: 41 29' 21" N LONG: 75 33' 49" W TEMPERATURE (F), RAIN (in), WIND SPEED (mph) HEAT COOL AVG MEAN DEG DEG WIND DOM DAY TEMP HIGH TIME LOW TIME DAYS DAYS RAIN SPEED HIGH TIME DIR ------------------------------------------------------------------------------------ 1 39.7 53.7 0:15 32.5 00:00 25.3 0.0 0.08 3.5 26.0 0:15 WNW 2 35.2 46.6 14:45 24.2 7:45 29.8 0.0 0.00 0.9 12.0 15:00 SW 3 34.1 44.4 12:15 26.4 00:00 30.9 0.0 0.00 1.1 19.0 15:45 WNW 4 36.9 46.5 13:00 22.5 5:30 28.1 0.0 0.00 1.4 15.0 12:15 SE 5 44.7 53.0 13:00 38.3 23:00 20.3 0.0 0.00 1.7 16.0 14:15 WNW 6 37.5 47.9 15:00 27.9 00:00 27.5 0.0 0.00 0.8 11.0 11:15 WNW 7 32.8 39.2 11:30 26.4 00:00 32.2 0.0 0.35 0.2 7.0 15:45 SSW 8 24.3 30.9 12:30 15.9 00:00 40.7 0.0 0.00 1.3 16.0 10:15 WNW 9 23.8 35.4 13:45 11.5 5:15 41.2 0.0 0.00 0.8 13.0 15:15 WNW 10 34.7 45.0 13:45 27.3 6:45 30.3 0.0 0.00 0.4 13.0 14:45 NW 11 41.1 51.7 11:00 33.0 2:30 23.9 0.0 0.00 0.0 5.0 22:30 ESE 12 24.0 37.7 0:15 13.6 00:00 41.0 0.0 0.11 1.0 13.0 16:30 WNW 13 17.5 25.2 15:00 11.1 6:00 47.5 0.0 0.02 0.5 10.0 3:30 WNW 14 25.6 31.8 16:15 16.6 0:15 39.4 0.0 0.00 0.8 12.0 14:45 SE 15 31.0 42.7 14:45 18.3 6:45 34.0 0.0 0.02 0.2 9.0 11:30 WNW 16 28.3 37.5 14:30 19.9 00:00 36.7 0.0 0.00 0.3 12.0 11:15 SE 17 25.5 35.5 12:30 15.5 6:45 39.5 0.0 0.00 0.5 13.0 10:00 SE 18 32.5 37.0 13:45 27.0 5:30 32.5 0.0 0.02 0.0 7.0 2:00 SW 19 34.6 39.4 13:15 29.1 22:30 30.4 0.0 0.01 0.0 9.0 13:15 WNW 20 33.7 37.6 15:45 29.7 0:15 31.3 0.0 0.00 0.0 9.0 12:30 WNW 21 40.0 48.6 13:45 34.5 0:15 25.0 0.0 0.00 0.0 6.0 15:45 S 22 37.5 44.5 10:00 27.2 00:00 27.5 0.0 0.14 1.3 18.0 17:15 WNW 23 30.4 39.0 13:00 21.4 7:30 34.6 0.0 0.33 0.2 9.0 0:30 NW 24 31.1 34.9 15:30 27.3 00:00 33.9 0.0 0.32 0.2 10.0 13:45 NW 25 34.1 43.3 12:30 27.4 0:15 30.9 0.0 0.01 0.6 10.0 1:00 NW 26 37.3 55.0 14:45 25.6 6:30 27.7 0.0 0.00 0.4 10.0 13:45 WNW 27 41.5 54.5 13:15 30.0 3:00 23.5 0.0 0.07 1.7 21.0 23:00 ESE 28 34.4 40.1 0:15 26.8 00:00 30.6 0.0 0.01 3.4 23.0 2:00 WNW 29 26.0 28.9 13:15 23.7 6:15 39.0 0.0 0.00 0.9 11.0 1:30 W 30 27.4 37.5 13:45 21.3 00:00 37.6 0.0 0.00 0.4 7.0 12:00 WNW ------------------------------------------------------------------------------------- 32.6 55.0 26 11.1 13 972.8 0.0 1.49 0.8 26.0 1 WNW Max >= 90.0: 0 Max <= 32.0: 4 Min <= 32.0: 26 Min <= 0.0: 0 Max Rain: 0.35 ON 11/07/19 Days of Rain: 10 (>.01 in) 5 (>.1 in) 0 (>1 in) Heat Base: 65.0 Cool Base: 65.0 Method: Integration