NOAA Climate Reports - Current Month, Prior Months, Current and Prior Year Summaries

NOAA style reports

NOAA Climate Reports

2020: Jan | Feb | Mar | Apr | May | Jun | Jul | Aug | Sep | Oct | Nov | Dec 
2019: Jan | Feb | Mar | Apr | May | Jun | Jul | Aug | Sep | Oct | Nov | Dec 
2018: Jan | Feb | Mar | Apr | May | Jun | Jul | Aug | Sep | Oct | Nov | Dec 
2017: Jan | Feb | Mar | Apr | May | Jun | Jul | Aug | Sep | Oct | Nov | Dec 
2016: Jan | Feb | Mar | Apr | May | Jun | Jul | Aug | Sep | Oct | Nov | Dec 

Report for 2019 10
MONTHLY CLIMATOLOGICAL SUMMARY for OCT. 2019 NAME: White Birch CITY: Archbald STATE: PA ELEV: 968 ft LAT: 41 29' 21" N LONG: 75 33' 49" W TEMPERATURE (F), RAIN (in), WIND SPEED (mph) HEAT COOL AVG MEAN DEG DEG WIND DOM DAY TEMP HIGH TIME LOW TIME DAYS DAYS RAIN SPEED HIGH TIME DIR ------------------------------------------------------------------------------------ 1 62.9 75.0 17:00 55.4 0:15 4.2 2.0 0.02 0.6 13.0 17:00 S 2 67.8 81.1 15:15 59.1 00:00 1.3 4.1 0.05 0.4 12.0 11:30 WNW 3 50.0 59.1 0:15 45.9 9:15 15.0 0.0 0.29 0.3 10.0 12:00 WNW 4 47.8 52.2 4:30 37.9 22:30 17.2 0.0 0.00 0.5 12.0 16:45 NW 5 44.0 58.8 15:00 29.0 6:15 21.0 0.0 0.00 1.0 11.0 13:30 SE 6 52.3 59.2 18:15 42.2 0:15 12.7 0.0 0.04 0.2 8.0 0:45 SSW 7 56.2 62.1 3:15 49.0 00:00 8.8 0.0 1.25 0.5 10.0 8:00 SSW 8 51.2 62.8 14:30 41.2 00:00 13.8 0.0 0.06 0.2 7.0 14:30 S 9 48.4 56.9 14:45 40.7 0:45 16.6 0.0 0.00 0.3 9.0 9:15 SE 10 54.0 71.9 16:00 43.9 5:15 11.9 0.9 0.00 0.2 6.0 15:00 W 11 50.9 69.7 13:30 34.0 7:45 14.4 0.4 0.00 0.3 9.0 13:30 W 12 48.9 56.6 13:30 39.0 7:15 16.1 0.0 0.00 0.3 8.0 0:15 WNW 13 50.1 62.7 15:30 38.8 8:15 14.9 0.0 0.00 0.4 10.0 17:15 ESE 14 49.7 64.2 15:30 36.7 4:15 15.3 0.0 0.00 1.2 16.0 16:15 WNW 15 44.9 59.9 15:45 30.6 8:00 20.1 0.0 0.00 0.6 9.0 00:00 WNW 16 48.6 57.3 12:45 40.9 1:00 16.4 0.0 1.44 1.2 18.0 20:00 ESE 17 42.7 46.3 16:00 40.9 7:15 22.3 0.0 0.13 3.8 23.0 15:00 WNW 18 41.4 49.5 16:15 31.9 00:00 23.6 0.0 0.00 1.3 13.0 0:30 WNW 19 38.4 56.5 15:45 25.3 7:15 26.6 0.0 0.00 0.3 7.0 13:30 WSW 20 41.7 50.5 15:45 33.1 7:00 23.3 0.0 0.08 0.0 2.0 6:00 SSW 21 51.7 65.8 15:45 43.0 0:15 13.4 0.0 0.00 0.3 8.0 22:15 SE 22 51.3 54.3 16:00 48.6 1:15 13.7 0.0 0.54 0.8 13.0 12:00 SE 23 49.8 57.5 14:30 38.3 00:00 15.2 0.0 0.01 1.5 18.0 12:45 NW 24 45.8 63.9 14:30 28.7 7:45 19.2 0.0 0.00 1.0 16.0 15:00 NW 25 45.1 56.5 14:45 34.0 8:00 19.9 0.0 0.00 0.0 3.0 10:30 WNW 26 49.5 61.1 14:45 38.3 8:00 15.5 0.0 0.04 0.4 10.0 17:45 SE 27 53.2 63.9 15:45 46.2 1:15 11.8 0.0 0.78 1.5 15.0 17:30 WNW 28 54.9 66.0 16:15 48.8 22:30 10.1 0.1 0.00 0.9 11.0 17:00 SE 29 51.9 56.4 14:30 48.9 8:15 13.1 0.0 0.00 1.2 11.0 15:00 ESE 30 54.4 59.4 14:00 50.5 8:00 10.6 0.0 0.06 0.1 7.0 1:00 WNW 31 59.8 67.6 20:30 53.7 00:00 5.6 0.4 1.06 2.1 24.0 21:00 NW ------------------------------------------------------------------------------------- 50.3 81.1 2 25.3 19 463.6 7.9 5.85 0.8 24.0 31 WNW Max >= 90.0: 0 Max <= 32.0: 0 Min <= 32.0: 5 Min <= 0.0: 0 Max Rain: 1.44 ON 10/16/19 Days of Rain: 14 (>.01 in) 7 (>.1 in) 3 (>1 in) Heat Base: 65.0 Cool Base: 65.0 Method: Integration