NOAA Climate Reports - Current Month, Prior Months, Current and Prior Year Summaries

NOAA style reports

NOAA Climate Reports

2020: Jan | Feb | Mar | Apr | May | Jun | Jul | Aug | Sep | Oct | Nov | Dec 
2019: Jan | Feb | Mar | Apr | May | Jun | Jul | Aug | Sep | Oct | Nov | Dec 
2018: Jan | Feb | Mar | Apr | May | Jun | Jul | Aug | Sep | Oct | Nov | Dec 
2017: Jan | Feb | Mar | Apr | May | Jun | Jul | Aug | Sep | Oct | Nov | Dec 
2016: Jan | Feb | Mar | Apr | May | Jun | Jul | Aug | Sep | Oct | Nov | Dec 

Report for 2019 07
MONTHLY CLIMATOLOGICAL SUMMARY for JUL. 2019 NAME: White Birch CITY: Archbald STATE: PA ELEV: 968 ft LAT: 41 29' 21" N LONG: 75 33' 49" W TEMPERATURE (F), RAIN (in), WIND SPEED (mph) HEAT COOL AVG MEAN DEG DEG WIND DOM DAY TEMP HIGH TIME LOW TIME DAYS DAYS RAIN SPEED HIGH TIME DIR ------------------------------------------------------------------------------------ 1 65.6 82.4 15:30 49.6 5:45 5.3 5.9 0.00 0.5 9.0 17:00 WNW 2 66.6 83.6 16:45 52.1 6:30 3.8 5.3 0.31 0.4 10.0 13:45 WNW 3 70.8 84.5 15:30 60.9 6:00 0.8 6.6 0.00 0.1 5.0 12:00 S 4 75.1 90.5 16:30 61.1 5:45 0.7 10.8 0.00 0.8 11.0 12:00 ESE 5 75.3 85.5 16:45 64.9 6:45 0.0 10.3 0.00 1.0 13.0 14:30 NW 6 73.9 86.4 16:45 67.3 23:15 0.0 8.9 0.18 0.6 11.0 13:45 NW 7 72.8 85.8 15:15 65.0 23:45 0.0 7.8 0.00 0.1 6.0 14:00 WNW 8 64.1 73.0 18:15 55.8 7:45 2.6 1.6 1.14 0.1 8.0 17:00 W 9 70.8 83.8 16:15 61.0 1:30 1.2 6.9 0.00 0.3 7.0 12:00 WNW 10 71.8 85.6 13:30 56.4 5:45 2.3 9.1 0.00 0.5 9.0 17:30 S 11 70.5 77.5 13:30 64.4 5:00 0.0 5.6 0.02 0.8 11.0 17:00 S 12 69.9 79.7 15:45 61.3 00:00 0.3 5.2 0.00 0.7 13.0 11:00 WNW 13 68.8 82.8 16:45 56.1 6:00 2.6 6.4 0.00 0.7 12.0 17:45 S 14 71.9 86.0 15:45 60.3 6:15 1.0 7.9 0.00 0.7 12.0 11:15 WNW 15 68.0 85.0 16:15 51.8 6:45 3.7 6.8 0.00 0.5 9.0 13:15 WNW 16 70.0 88.1 16:15 53.8 6:00 3.0 8.1 0.07 1.1 15.0 18:30 NW 17 72.1 87.0 15:00 65.3 6:15 0.0 7.1 0.35 0.3 10.0 15:15 WNW 18 71.1 81.1 17:00 66.7 00:00 0.0 6.1 0.10 0.1 9.0 15:15 SE 19 74.9 88.2 15:30 64.4 4:15 0.0 9.9 0.01 1.0 16.0 19:45 NW 20 76.9 90.5 16:00 65.1 6:15 0.0 11.9 0.01 0.8 13.0 17:00 NW 21 76.5 92.4 15:30 67.9 00:00 0.0 11.5 0.00 0.9 17.0 16:45 WNW 22 65.4 70.1 10:30 60.4 23:30 0.9 1.4 1.05 0.0 4.0 20:30 WNW 23 65.2 76.6 14:30 58.4 00:00 2.6 2.9 0.03 0.2 7.0 12:45 SW 24 65.5 81.9 15:45 51.1 7:00 4.7 5.2 0.00 0.3 7.0 11:00 W 25 65.6 81.7 15:00 50.4 6:45 4.8 5.4 0.00 0.3 9.0 13:30 WNW 26 68.3 86.2 15:45 51.5 7:00 4.3 7.6 0.00 0.3 8.0 12:15 WNW 27 70.3 85.5 16:30 54.4 6:45 2.9 8.2 0.00 0.8 13.0 15:00 WNW 28 69.9 84.6 15:30 58.0 6:30 1.9 6.7 0.19 1.1 22.0 20:15 NW 29 70.8 83.7 16:30 58.2 6:30 1.9 7.7 0.13 0.7 10.0 13:45 NW 30 70.7 88.8 16:00 61.1 6:30 1.0 6.7 1.24 0.8 19.0 18:15 WNW 31 67.9 80.7 17:00 61.1 4:45 1.5 4.4 0.20 0.1 8.0 8:45 WNW ------------------------------------------------------------------------------------- 70.2 92.4 21 49.6 1 53.8 215.9 5.03 0.5 22.0 28 WNW Max >= 90.0: 3 Max <= 32.0: 0 Min <= 32.0: 0 Min <= 0.0: 0 Max Rain: 1.24 ON 07/30/19 Days of Rain: 13 (>.01 in) 9 (>.1 in) 3 (>1 in) Heat Base: 65.0 Cool Base: 65.0 Method: Integration