NOAA Climate Reports - Current Month, Prior Months, Current and Prior Year Summaries. Station 1st Report 17 Ocr 2014
NOAA style reports
NOAA Climate Reports
Notice: Undefined index: NOAA2024.TXT in /membri/k3csg/NOAA-reports.php on line 185
2024: Jan | Feb |
Notice: Undefined index: NOAA2024-03.TXT in /membri/k3csg/NOAA-reports.php on line 196
Mar |
Notice: Undefined index: NOAA2024-04.TXT in /membri/k3csg/NOAA-reports.php on line 196
Apr |
Notice: Undefined index: NOAA2024-05.TXT in /membri/k3csg/NOAA-reports.php on line 196
May |
Notice: Undefined index: NOAA2024-06.TXT in /membri/k3csg/NOAA-reports.php on line 196
Jun |
Notice: Undefined index: NOAA2024-07.TXT in /membri/k3csg/NOAA-reports.php on line 196
Jul |
Notice: Undefined index: NOAA2024-08.TXT in /membri/k3csg/NOAA-reports.php on line 196
Aug |
Notice: Undefined index: NOAA2024-09.TXT in /membri/k3csg/NOAA-reports.php on line 196
Sep |
Notice: Undefined index: NOAA2024-10.TXT in /membri/k3csg/NOAA-reports.php on line 196
Oct |
Notice: Undefined index: NOAA2024-11.TXT in /membri/k3csg/NOAA-reports.php on line 196
Nov |
Notice: Undefined index: NOAA2024-12.TXT in /membri/k3csg/NOAA-reports.php on line 196
Dec
2023: Jan | Feb | Mar | Apr | May | Jun | Jul | Aug | Sep | Oct | Nov | Dec
2022: Jan | Feb | Mar | Apr | May | Jun | Jul | Aug | Sep | Oct | Nov | Dec
2021: Jan | Feb | Mar | Apr | May | Jun | Jul | Aug | Sep | Oct | Nov | Dec
2020: Jan | Feb | Mar | Apr | May | Jun | Jul | Aug | Sep | Oct | Nov | Dec
2019: Jan | Feb | Mar | Apr | May | Jun | Jul | Aug | Sep | Oct | Nov | Dec
2018: Jan | Feb | Mar | Apr | May | Jun | Jul | Aug | Sep | Oct | Nov | Dec
2017: Jan | Feb | Mar | Apr | May | Jun | Jul | Aug | Sep | Oct | Nov | Dec
2016: Jan | Feb | Mar | Apr | May | Jun | Jul | Aug | Sep | Oct | Nov | Dec
2015: Jan | Feb | Mar | Apr | May | Jun | Jul | Aug | Sep | Oct | Nov | Dec
2014:
Notice: Undefined index: NOAA2014-01.TXT in /membri/k3csg/NOAA-reports.php on line 196
Jan |
Notice: Undefined index: NOAA2014-02.TXT in /membri/k3csg/NOAA-reports.php on line 196
Feb |
Notice: Undefined index: NOAA2014-03.TXT in /membri/k3csg/NOAA-reports.php on line 196
Mar |
Notice: Undefined index: NOAA2014-04.TXT in /membri/k3csg/NOAA-reports.php on line 196
Apr |
Notice: Undefined index: NOAA2014-05.TXT in /membri/k3csg/NOAA-reports.php on line 196
May |
Notice: Undefined index: NOAA2014-06.TXT in /membri/k3csg/NOAA-reports.php on line 196
Jun |
Notice: Undefined index: NOAA2014-07.TXT in /membri/k3csg/NOAA-reports.php on line 196
Jul |
Notice: Undefined index: NOAA2014-08.TXT in /membri/k3csg/NOAA-reports.php on line 196
Aug |
Notice: Undefined index: NOAA2014-09.TXT in /membri/k3csg/NOAA-reports.php on line 196
Sep | Oct | Nov | Dec
Report for 2019 05
MONTHLY CLIMATOLOGICAL SUMMARY for MAY. 2019
NAME: White Birch CITY: Archbald STATE: PA
ELEV: 968 ft LAT: 41° 29' 21" N LONG: 75° 33' 49" W
TEMPERATURE (°F), RAIN (in), WIND SPEED (mph)
HEAT COOL AVG
MEAN DEG DEG WIND DOM
DAY TEMP HIGH TIME LOW TIME DAYS DAYS RAIN SPEED HIGH TIME DIR
------------------------------------------------------------------------------------
1 53.2 59.6 16:30 46.9 1:15 11.8 0.0 0.00 1.8 13.0 5:30 SE
2 62.4 77.0 13:45 52.0 4:15 5.7 3.0 0.01 0.2 8.0 13:45 W
3 61.9 70.5 16:45 55.8 7:15 3.9 0.8 0.21 0.3 8.0 15:15 SE
4 65.2 75.3 16:30 59.7 4:30 2.0 2.2 0.06 0.2 7.0 17:45 W
5 60.7 63.9 15:15 57.4 23:45 4.3 0.0 0.47 0.1 7.0 11:15 W
6 62.5 76.9 18:00 52.1 00:00 4.8 2.3 0.01 0.4 9.0 18:00 WNW
7 59.3 81.3 12:30 44.9 6:00 8.5 2.9 0.02 1.0 15.0 15:30 WNW
8 57.1 70.4 15:45 46.0 6:45 8.5 0.6 0.00 0.5 9.0 14:45 W
9 51.8 56.0 15:15 47.8 7:00 13.2 0.0 0.00 0.9 12.0 7:30 SE
10 59.3 72.2 18:30 49.3 0:30 7.0 1.4 0.34 1.5 15.0 13:30 NW
11 52.6 65.1 16:15 43.1 8:30 12.4 0.0 0.00 0.8 11.0 10:30 WNW
12 40.6 51.1 0:15 36.2 21:30 24.4 0.0 1.02 0.8 11.0 9:30 SSE
13 38.7 41.4 12:15 35.9 4:30 26.3 0.0 0.75 0.4 11.0 2:30 ESE
14 41.0 46.2 13:45 37.1 23:45 24.0 0.0 0.20 0.6 10.0 18:15 WNW
15 49.4 66.0 15:45 34.8 5:15 15.6 0.0 0.00 1.0 14.0 13:45 WNW
16 54.9 69.1 16:15 41.5 6:45 10.6 0.5 0.02 0.7 13.0 16:45 WNW
17 55.2 71.0 17:30 45.1 6:45 10.1 0.3 0.47 0.4 15.0 17:45 NW
18 56.0 73.2 17:00 38.5 6:15 10.6 1.6 0.01 0.4 9.0 13:30 WNW
19 64.8 84.1 14:45 48.8 4:00 5.7 5.4 0.09 1.4 23.0 19:15 S
20 65.3 76.9 17:00 54.0 00:00 2.4 2.7 0.48 2.3 21.0 14:15 NW
21 53.9 67.0 16:30 43.6 00:00 11.2 0.1 0.00 1.7 16.0 16:45 WNW
22 54.4 71.4 15:15 34.9 6:45 11.7 1.1 0.00 0.4 9.0 9:30 WNW
23 60.9 71.6 13:30 49.8 6:45 5.1 1.0 0.05 1.2 12.0 13:45 NW
24 59.9 69.1 17:15 48.0 00:00 5.6 0.5 0.01 1.5 16.0 9:45 WNW
25 56.4 70.9 16:15 41.3 6:30 9.1 0.5 0.00 1.3 13.0 17:30 S
26 63.8 79.8 13:45 57.5 2:30 3.4 2.2 0.03 0.8 18.0 15:30 WNW
27 61.8 76.8 17:30 47.1 6:45 6.3 3.1 0.03 0.4 9.0 12:00 WNW
28 58.6 72.5 17:15 51.0 4:30 7.0 0.6 1.20 0.3 10.0 18:45 NW
29 62.7 75.9 14:30 54.9 8:15 3.7 1.4 0.37 0.6 13.0 15:30 NW
30 61.4 68.8 14:00 56.7 6:30 3.9 0.4 0.18 0.5 10.0 12:45 NW
31 63.1 73.5 17:30 54.1 00:00 3.9 2.1 0.00 0.7 12.0 16:00 WNW
-------------------------------------------------------------------------------------
57.1 84.1 19 34.8 15 282.7 36.7 6.03 0.8 23.0 19 WNW
Max >= 90.0: 0
Max <= 32.0: 0
Min <= 32.0: 0
Min <= 0.0: 0
Max Rain: 1.20 ON 05/28/19
Days of Rain: 18 (>.01 in) 11 (>.1 in) 2 (>1 in)
Heat Base: 65.0 Cool Base: 65.0 Method: Integration