NOAA Climate Reports - Current Month, Prior Months, Current and Prior Year Summaries. Station 1st Report 17 Ocr 2014
NOAA style reports
NOAA Climate Reports
Notice: Undefined index: NOAA2024.TXT in /membri/k3csg/NOAA-reports.php on line 185
2024: Jan | Feb |
Notice: Undefined index: NOAA2024-03.TXT in /membri/k3csg/NOAA-reports.php on line 196
Mar |
Notice: Undefined index: NOAA2024-04.TXT in /membri/k3csg/NOAA-reports.php on line 196
Apr |
Notice: Undefined index: NOAA2024-05.TXT in /membri/k3csg/NOAA-reports.php on line 196
May |
Notice: Undefined index: NOAA2024-06.TXT in /membri/k3csg/NOAA-reports.php on line 196
Jun |
Notice: Undefined index: NOAA2024-07.TXT in /membri/k3csg/NOAA-reports.php on line 196
Jul |
Notice: Undefined index: NOAA2024-08.TXT in /membri/k3csg/NOAA-reports.php on line 196
Aug |
Notice: Undefined index: NOAA2024-09.TXT in /membri/k3csg/NOAA-reports.php on line 196
Sep |
Notice: Undefined index: NOAA2024-10.TXT in /membri/k3csg/NOAA-reports.php on line 196
Oct |
Notice: Undefined index: NOAA2024-11.TXT in /membri/k3csg/NOAA-reports.php on line 196
Nov |
Notice: Undefined index: NOAA2024-12.TXT in /membri/k3csg/NOAA-reports.php on line 196
Dec
2023: Jan | Feb | Mar | Apr | May | Jun | Jul | Aug | Sep | Oct | Nov | Dec
2022: Jan | Feb | Mar | Apr | May | Jun | Jul | Aug | Sep | Oct | Nov | Dec
2021: Jan | Feb | Mar | Apr | May | Jun | Jul | Aug | Sep | Oct | Nov | Dec
2020: Jan | Feb | Mar | Apr | May | Jun | Jul | Aug | Sep | Oct | Nov | Dec
2019: Jan | Feb | Mar | Apr | May | Jun | Jul | Aug | Sep | Oct | Nov | Dec
2018: Jan | Feb | Mar | Apr | May | Jun | Jul | Aug | Sep | Oct | Nov | Dec
2017: Jan | Feb | Mar | Apr | May | Jun | Jul | Aug | Sep | Oct | Nov | Dec
2016: Jan | Feb | Mar | Apr | May | Jun | Jul | Aug | Sep | Oct | Nov | Dec
2015: Jan | Feb | Mar | Apr | May | Jun | Jul | Aug | Sep | Oct | Nov | Dec
2014:
Notice: Undefined index: NOAA2014-01.TXT in /membri/k3csg/NOAA-reports.php on line 196
Jan |
Notice: Undefined index: NOAA2014-02.TXT in /membri/k3csg/NOAA-reports.php on line 196
Feb |
Notice: Undefined index: NOAA2014-03.TXT in /membri/k3csg/NOAA-reports.php on line 196
Mar |
Notice: Undefined index: NOAA2014-04.TXT in /membri/k3csg/NOAA-reports.php on line 196
Apr |
Notice: Undefined index: NOAA2014-05.TXT in /membri/k3csg/NOAA-reports.php on line 196
May |
Notice: Undefined index: NOAA2014-06.TXT in /membri/k3csg/NOAA-reports.php on line 196
Jun |
Notice: Undefined index: NOAA2014-07.TXT in /membri/k3csg/NOAA-reports.php on line 196
Jul |
Notice: Undefined index: NOAA2014-08.TXT in /membri/k3csg/NOAA-reports.php on line 196
Aug |
Notice: Undefined index: NOAA2014-09.TXT in /membri/k3csg/NOAA-reports.php on line 196
Sep | Oct | Nov | Dec
Report for 2019 03
MONTHLY CLIMATOLOGICAL SUMMARY for MAR. 2019
NAME: White Birch CITY: Archbald STATE: PA
ELEV: 955 ft LAT: 41° 29' 21" N LONG: 75° 33' 49" W
TEMPERATURE (°F), RAIN (in), WIND SPEED (mph)
HEAT COOL AVG
MEAN DEG DEG WIND DOM
DAY TEMP HIGH TIME LOW TIME DAYS DAYS RAIN SPEED HIGH TIME DIR
------------------------------------------------------------------------------------
1 31.6 42.2 14:30 22.3 7:15 33.4 0.0 0.06 0.8 9.0 21:30 ESE
2 34.3 38.7 13:45 30.2 6:30 30.7 0.0 0.05 0.6 8.0 13:30 WNW
3 33.3 40.1 14:15 28.5 6:30 31.7 0.0 0.00 0.4 9.0 4:00 WNW
4 27.9 34.0 13:15 16.3 00:00 37.1 0.0 0.05 1.0 13.0 13:45 W
5 18.9 27.6 15:00 8.1 7:00 46.1 0.0 0.00 2.3 18.0 22:30 WNW
6 16.6 23.9 15:00 11.8 6:45 48.4 0.0 0.00 2.9 19.0 12:45 WNW
7 19.1 31.8 15:15 9.6 5:00 45.9 0.0 0.00 1.4 14.0 13:30 WNW
8 24.8 39.1 15:15 7.0 7:15 40.2 0.0 0.08 1.2 10.0 11:30 WNW
9 36.5 51.2 15:45 19.2 7:15 28.5 0.0 0.11 0.9 12.0 21:30 SE
10 37.9 43.8 16:15 32.2 5:15 26.0 0.0 0.53 1.3 15.0 1:30 WNW
11 42.2 52.9 16:30 32.7 00:00 22.8 0.0 0.02 3.3 17.0 10:45 WNW
12 32.6 39.4 17:15 26.7 00:00 32.4 0.0 0.00 1.8 15.0 8:30 W
13 36.3 50.8 15:00 19.5 8:00 28.7 0.0 0.00 0.8 11.0 14:30 SE
14 50.1 63.6 13:30 35.0 6:30 14.9 0.0 0.00 1.8 18.0 23:45 SE
15 60.7 70.8 17:15 50.7 00:00 5.0 0.7 0.00 3.2 19.0 13:00 WNW
16 39.0 50.8 0:15 31.0 00:00 26.0 0.0 0.03 3.7 22.0 0:15 WNW
17 32.7 42.9 15:15 25.7 00:00 32.3 0.0 0.00 2.0 15.0 15:45 WNW
18 31.2 44.3 16:45 19.3 6:00 33.8 0.0 0.00 0.8 11.0 13:15 W
19 33.7 45.7 13:30 21.2 7:45 31.3 0.0 0.00 0.9 14.0 13:15 WNW
20 38.7 54.2 15:15 22.1 7:45 26.3 0.0 0.00 1.7 14.0 12:30 SE
21 40.5 43.1 17:00 38.5 5:30 24.5 0.0 0.55 0.3 10.0 8:45 NW
22 36.6 44.0 15:15 30.3 00:00 28.4 0.0 0.76 2.1 19.0 21:30 WNW
23 34.1 44.4 17:00 27.4 2:45 30.9 0.0 0.03 3.6 22.0 13:15 WNW
24 40.2 54.0 15:15 23.2 7:30 24.8 0.0 0.00 1.6 18.0 14:45 WNW
25 41.5 50.1 14:30 29.9 00:00 23.5 0.0 0.00 0.4 12.0 12:30 W
26 34.8 48.6 15:45 23.3 7:15 30.2 0.0 0.00 0.8 12.0 17:45 W
27 36.4 52.4 16:45 18.9 7:45 28.6 0.0 0.00 1.1 11.0 16:30 WNW
28 45.2 59.0 15:30 29.7 6:45 19.8 0.0 0.00 2.0 20.0 13:30 S
29 49.2 53.8 18:15 44.7 8:15 15.8 0.0 0.41 0.4 9.0 13:30 WNW
30 58.7 71.7 16:00 45.3 5:45 7.7 1.3 0.01 2.5 20.0 16:15 S
31 47.8 61.7 0:15 31.4 00:00 17.2 0.0 0.03 3.2 23.0 0:45 W
-------------------------------------------------------------------------------------
36.9 71.7 30 7.0 8 872.9 2.0 2.72 1.6 23.0 31 WNW
Max >= 90.0: 0
Max <= 32.0: 3
Min <= 32.0: 24
Min <= 0.0: 0
Max Rain: 0.76 ON 03/22/19
Days of Rain: 13 (>.01 in) 5 (>.1 in) 0 (>1 in)
Heat Base: 65.0 Cool Base: 65.0 Method: Integration