NOAA Climate Reports - Current Month, Prior Months, Current and Prior Year Summaries. Station 1st Report 17 Ocr 2014
NOAA style reports
NOAA Climate Reports
Notice: Undefined index: NOAA2024.TXT in /membri/k3csg/NOAA-reports.php on line 185
2024: Jan | Feb | Mar |
Notice: Undefined index: NOAA2024-04.TXT in /membri/k3csg/NOAA-reports.php on line 196
Apr |
Notice: Undefined index: NOAA2024-05.TXT in /membri/k3csg/NOAA-reports.php on line 196
May |
Notice: Undefined index: NOAA2024-06.TXT in /membri/k3csg/NOAA-reports.php on line 196
Jun |
Notice: Undefined index: NOAA2024-07.TXT in /membri/k3csg/NOAA-reports.php on line 196
Jul |
Notice: Undefined index: NOAA2024-08.TXT in /membri/k3csg/NOAA-reports.php on line 196
Aug |
Notice: Undefined index: NOAA2024-09.TXT in /membri/k3csg/NOAA-reports.php on line 196
Sep |
Notice: Undefined index: NOAA2024-10.TXT in /membri/k3csg/NOAA-reports.php on line 196
Oct |
Notice: Undefined index: NOAA2024-11.TXT in /membri/k3csg/NOAA-reports.php on line 196
Nov |
Notice: Undefined index: NOAA2024-12.TXT in /membri/k3csg/NOAA-reports.php on line 196
Dec
2023: Jan | Feb | Mar | Apr | May | Jun | Jul | Aug | Sep | Oct | Nov | Dec
2022: Jan | Feb | Mar | Apr | May | Jun | Jul | Aug | Sep | Oct | Nov | Dec
2021: Jan | Feb | Mar | Apr | May | Jun | Jul | Aug | Sep | Oct | Nov | Dec
2020: Jan | Feb | Mar | Apr | May | Jun | Jul | Aug | Sep | Oct | Nov | Dec
2019: Jan | Feb | Mar | Apr | May | Jun | Jul | Aug | Sep | Oct | Nov | Dec
2018: Jan | Feb | Mar | Apr | May | Jun | Jul | Aug | Sep | Oct | Nov | Dec
2017: Jan | Feb | Mar | Apr | May | Jun | Jul | Aug | Sep | Oct | Nov | Dec
2016: Jan | Feb | Mar | Apr | May | Jun | Jul | Aug | Sep | Oct | Nov | Dec
2015: Jan | Feb | Mar | Apr | May | Jun | Jul | Aug | Sep | Oct | Nov | Dec
2014:
Notice: Undefined index: NOAA2014-01.TXT in /membri/k3csg/NOAA-reports.php on line 196
Jan |
Notice: Undefined index: NOAA2014-02.TXT in /membri/k3csg/NOAA-reports.php on line 196
Feb |
Notice: Undefined index: NOAA2014-03.TXT in /membri/k3csg/NOAA-reports.php on line 196
Mar |
Notice: Undefined index: NOAA2014-04.TXT in /membri/k3csg/NOAA-reports.php on line 196
Apr |
Notice: Undefined index: NOAA2014-05.TXT in /membri/k3csg/NOAA-reports.php on line 196
May |
Notice: Undefined index: NOAA2014-06.TXT in /membri/k3csg/NOAA-reports.php on line 196
Jun |
Notice: Undefined index: NOAA2014-07.TXT in /membri/k3csg/NOAA-reports.php on line 196
Jul |
Notice: Undefined index: NOAA2014-08.TXT in /membri/k3csg/NOAA-reports.php on line 196
Aug |
Notice: Undefined index: NOAA2014-09.TXT in /membri/k3csg/NOAA-reports.php on line 196
Sep | Oct | Nov | Dec
Report for 2018 07
MONTHLY CLIMATOLOGICAL SUMMARY for JUL. 2018
NAME: White Birch CITY: Archbald STATE: PA
ELEV: 955 ft LAT: 41° 29' 21" N LONG: 75° 33' 49" W
TEMPERATURE (°F), RAIN (in), WIND SPEED (mph)
HEAT COOL AVG
MEAN DEG DEG WIND DOM
DAY TEMP HIGH TIME LOW TIME DAYS DAYS RAIN SPEED HIGH TIME DIR
------------------------------------------------------------------------------------
1 80.6 97.8 16:45 64.9 6:30 0.0 15.6 0.00 0.7 9.0 17:30 WNW
2 80.6 98.3 14:30 64.2 6:30 0.0 15.6 0.00 0.9 11.0 15:30 S
3 80.6 95.3 15:45 67.3 6:15 0.0 15.6 0.00 0.5 8.0 14:15 SW
4 73.8 85.9 12:00 68.1 00:00 0.0 8.8 0.03 0.2 9.0 13:30 WSW
5 76.8 90.3 16:15 64.5 4:15 0.0 11.8 0.00 1.3 13.0 14:45 S
6 72.0 80.9 16:45 56.3 00:00 0.6 7.6 0.42 1.0 12.0 14:00 WNW
7 64.2 80.8 16:15 46.6 6:45 6.1 5.3 0.00 0.4 7.0 10:30 SSE
8 68.3 87.8 16:45 47.9 6:30 5.2 8.4 0.00 0.4 7.0 14:30 SE
9 70.7 88.3 16:45 52.2 6:30 3.6 9.3 0.00 0.9 12.0 13:45 WNW
10 71.6 92.1 14:00 55.2 6:45 2.3 8.9 0.12 0.7 10.0 13:00 WNW
11 69.6 85.3 16:00 56.2 6:15 2.0 6.6 0.01 0.5 11.0 13:45 W
12 68.7 87.2 15:00 51.5 6:30 4.0 7.7 0.00 0.4 7.0 11:15 W
13 70.7 87.9 16:00 53.8 6:00 3.3 9.0 0.00 0.8 10.0 15:15 S
14 74.4 89.7 17:15 61.9 6:15 0.7 10.1 0.41 1.2 11.0 9:45 NW
15 74.1 87.9 16:30 66.5 6:30 0.0 9.1 0.51 0.8 10.0 17:30 WNW
16 78.1 92.2 14:45 64.8 6:30 0.0 13.1 0.00 1.1 11.0 19:30 WNW
17 70.8 78.6 10:15 61.9 00:00 0.1 5.8 0.11 0.5 9.0 10:15 WNW
18 65.8 81.4 16:00 53.4 6:30 4.1 4.9 0.06 0.7 11.0 13:15 W
19 64.0 83.7 16:15 44.4 6:30 7.0 6.0 0.02 0.6 8.0 12:15 WNW
20 66.1 83.2 15:15 49.2 6:15 5.0 6.0 0.00 1.5 12.0 18:15 SE
21 63.2 74.8 12:30 55.5 00:00 3.4 1.6 0.00 1.4 13.0 11:30 SE
22 66.0 78.0 14:30 55.6 0:15 1.9 3.0 0.04 1.8 16.0 4:15 SE
23 70.4 79.7 13:30 63.1 1:45 0.2 5.6 0.83 1.8 17.0 15:30 SE
24 70.4 76.6 11:45 66.5 6:00 0.0 5.4 0.69 2.1 15.0 11:00 SE
25 68.8 75.2 13:00 64.1 00:00 0.0 3.8 0.75 1.1 12.0 11:30 SE
26 70.8 83.8 15:00 63.4 1:15 0.5 6.3 0.01 0.7 12.0 19:00 WNW
27 67.1 80.8 16:00 58.6 6:00 1.7 3.9 0.14 0.5 15.0 16:15 WNW
28 67.3 79.9 15:30 58.1 6:45 2.0 4.3 0.04 0.5 9.0 12:00 WNW
29 64.8 77.6 17:15 53.2 6:30 4.1 3.9 0.00 0.4 9.0 12:00 WNW
30 62.5 78.1 11:30 50.3 6:30 5.5 3.0 0.02 0.5 10.0 15:15 ESE
31 65.4 75.9 15:45 55.0 5:30 3.2 3.5 0.00 0.6 14.0 22:15 ESE
-------------------------------------------------------------------------------------
70.3 98.3 2 44.4 19 66.5 229.5 4.21 0.9 17.0 23 WNW
Max >= 90.0: 6
Max <= 32.0: 0
Min <= 32.0: 0
Min <= 0.0: 0
Max Rain: 0.83 ON 07/23/18
Days of Rain: 15 (>.01 in) 9 (>.1 in) 0 (>1 in)
Heat Base: 65.0 Cool Base: 65.0 Method: Integration