NOAA Climate Reports - Current Month, Prior Months, Current and Prior Year Summaries. Station 1st Report 17 Ocr 2014
NOAA style reports
NOAA Climate Reports
Notice: Undefined index: NOAA2024.TXT in /membri/k3csg/NOAA-reports.php on line 185
2024: Jan | Feb |
Notice: Undefined index: NOAA2024-03.TXT in /membri/k3csg/NOAA-reports.php on line 196
Mar |
Notice: Undefined index: NOAA2024-04.TXT in /membri/k3csg/NOAA-reports.php on line 196
Apr |
Notice: Undefined index: NOAA2024-05.TXT in /membri/k3csg/NOAA-reports.php on line 196
May |
Notice: Undefined index: NOAA2024-06.TXT in /membri/k3csg/NOAA-reports.php on line 196
Jun |
Notice: Undefined index: NOAA2024-07.TXT in /membri/k3csg/NOAA-reports.php on line 196
Jul |
Notice: Undefined index: NOAA2024-08.TXT in /membri/k3csg/NOAA-reports.php on line 196
Aug |
Notice: Undefined index: NOAA2024-09.TXT in /membri/k3csg/NOAA-reports.php on line 196
Sep |
Notice: Undefined index: NOAA2024-10.TXT in /membri/k3csg/NOAA-reports.php on line 196
Oct |
Notice: Undefined index: NOAA2024-11.TXT in /membri/k3csg/NOAA-reports.php on line 196
Nov |
Notice: Undefined index: NOAA2024-12.TXT in /membri/k3csg/NOAA-reports.php on line 196
Dec
2023: Jan | Feb | Mar | Apr | May | Jun | Jul | Aug | Sep | Oct | Nov | Dec
2022: Jan | Feb | Mar | Apr | May | Jun | Jul | Aug | Sep | Oct | Nov | Dec
2021: Jan | Feb | Mar | Apr | May | Jun | Jul | Aug | Sep | Oct | Nov | Dec
2020: Jan | Feb | Mar | Apr | May | Jun | Jul | Aug | Sep | Oct | Nov | Dec
2019: Jan | Feb | Mar | Apr | May | Jun | Jul | Aug | Sep | Oct | Nov | Dec
2018: Jan | Feb | Mar | Apr | May | Jun | Jul | Aug | Sep | Oct | Nov | Dec
2017: Jan | Feb | Mar | Apr | May | Jun | Jul | Aug | Sep | Oct | Nov | Dec
2016: Jan | Feb | Mar | Apr | May | Jun | Jul | Aug | Sep | Oct | Nov | Dec
2015: Jan | Feb | Mar | Apr | May | Jun | Jul | Aug | Sep | Oct | Nov | Dec
2014:
Notice: Undefined index: NOAA2014-01.TXT in /membri/k3csg/NOAA-reports.php on line 196
Jan |
Notice: Undefined index: NOAA2014-02.TXT in /membri/k3csg/NOAA-reports.php on line 196
Feb |
Notice: Undefined index: NOAA2014-03.TXT in /membri/k3csg/NOAA-reports.php on line 196
Mar |
Notice: Undefined index: NOAA2014-04.TXT in /membri/k3csg/NOAA-reports.php on line 196
Apr |
Notice: Undefined index: NOAA2014-05.TXT in /membri/k3csg/NOAA-reports.php on line 196
May |
Notice: Undefined index: NOAA2014-06.TXT in /membri/k3csg/NOAA-reports.php on line 196
Jun |
Notice: Undefined index: NOAA2014-07.TXT in /membri/k3csg/NOAA-reports.php on line 196
Jul |
Notice: Undefined index: NOAA2014-08.TXT in /membri/k3csg/NOAA-reports.php on line 196
Aug |
Notice: Undefined index: NOAA2014-09.TXT in /membri/k3csg/NOAA-reports.php on line 196
Sep | Oct | Nov | Dec
Report for 2018 05
MONTHLY CLIMATOLOGICAL SUMMARY for MAY. 2018
NAME: White Birch CITY: Archbald STATE: PA
ELEV: 968 ft LAT: 41° 29' 21" N LONG: 75° 33' 49" W
TEMPERATURE (°F), RAIN (in), WIND SPEED (mph)
HEAT COOL AVG
MEAN DEG DEG WIND DOM
DAY TEMP HIGH TIME LOW TIME DAYS DAYS RAIN SPEED HIGH TIME DIR
------------------------------------------------------------------------------------
1 60.5 83.0 16:30 34.5 7:00 9.9 5.3 0.00 1.3 13.0 16:30 WNW
2 70.9 87.9 16:45 48.3 6:00 4.1 10.1 0.00 2.1 18.0 14:45 NW
3 73.7 90.3 15:30 62.4 6:30 0.2 8.9 0.12 2.1 23.0 15:15 NW
4 71.4 82.4 15:30 64.6 6:45 0.0 6.4 0.11 3.0 23.0 21:30 WNW
5 65.0 78.5 15:15 51.8 6:45 3.6 3.7 0.00 1.7 14.0 0:15 WNW
6 55.8 65.1 0:15 51.2 23:45 9.2 0.0 0.49 0.2 13.0 0:45 WNW
7 58.6 70.2 17:00 51.0 00:00 7.2 0.7 0.01 0.4 8.0 13:30 W
8 62.7 81.5 15:30 43.4 6:45 7.1 4.8 0.00 0.9 10.0 12:00 SE
9 66.6 82.5 13:30 47.2 6:45 4.4 6.0 0.00 1.2 12.0 22:00 ESE
10 63.2 75.7 17:15 56.6 5:00 3.0 1.3 0.05 1.3 14.0 16:15 S
11 59.2 68.5 15:30 51.2 7:30 6.2 0.4 0.00 1.2 13.0 12:15 W
12 51.2 54.5 14:45 48.4 6:30 13.8 0.0 0.69 0.1 6.0 12:00 SE
13 51.0 52.6 14:45 49.0 3:15 14.0 0.0 0.21 0.1 7.0 15:00 SE
14 63.2 77.4 17:45 51.4 4:45 5.7 3.9 0.00 0.7 9.0 14:00 WNW
15 68.3 87.9 14:15 58.4 00:00 1.1 4.4 0.32 1.4 18.0 14:00 NW
16 58.4 62.5 15:45 53.2 6:00 6.6 0.0 0.34 0.2 9.0 9:30 SE
17 66.3 78.9 17:15 57.8 6:00 2.7 4.0 0.04 0.4 7.0 17:15 WNW
18 65.4 77.1 14:15 56.3 00:00 2.8 3.2 0.00 1.4 12.0 8:15 SE
19 53.6 59.1 21:00 46.4 6:30 11.4 0.0 0.70 0.6 17.0 11:00 NW
20 64.1 72.9 18:00 56.0 00:00 2.5 1.6 0.02 1.0 12.0 10:00 WNW
21 64.6 81.8 15:45 48.5 6:15 5.7 5.3 0.00 0.5 8.0 15:45 WNW
22 58.3 61.1 11:45 55.8 0:30 6.7 0.0 1.01 0.2 7.0 12:30 SE
23 67.2 81.1 16:15 58.9 4:15 2.7 4.8 0.21 0.7 10.0 10:30 W
24 68.2 86.0 15:30 50.4 6:45 4.5 7.7 0.00 0.6 11.0 15:00 W
25 70.5 88.0 15:45 50.9 6:15 4.1 9.5 0.00 1.1 13.0 14:15 NW
26 75.2 89.5 14:45 59.4 6:45 0.8 11.0 0.00 0.6 13.0 11:45 WNW
27 65.3 71.9 0:15 58.4 00:00 0.9 1.3 0.41 0.3 8.0 12:45 SE
28 67.0 80.0 17:15 56.4 5:45 3.0 5.0 0.00 1.3 12.0 16:30 NW
29 80.0 94.8 15:30 68.2 3:30 0.0 15.0 0.00 0.6 9.0 1:00 WNW
30 75.6 88.1 13:30 66.1 00:00 0.0 10.6 0.00 1.5 17.0 12:15 SE
31 69.6 74.3 16:30 62.8 2:45 0.3 4.9 0.03 0.6 10.0 19:00 SE
-------------------------------------------------------------------------------------
64.9 94.8 29 34.5 1 144.2 139.8 4.76 0.9 23.0 3 WNW
Max >= 90.0: 2
Max <= 32.0: 0
Min <= 32.0: 0
Min <= 0.0: 0
Max Rain: 1.01 ON 05/22/18
Days of Rain: 15 (>.01 in) 11 (>.1 in) 1 (>1 in)
Heat Base: 65.0 Cool Base: 65.0 Method: Integration