NOAA Climate Reports - Current Month, Prior Months, Current and Prior Year Summaries. Station 1st Report 17 Ocr 2014
NOAA style reports
NOAA Climate Reports
Notice: Undefined index: NOAA2024.TXT in /membri/k3csg/NOAA-reports.php on line 185
2024: Jan | Feb |
Notice: Undefined index: NOAA2024-03.TXT in /membri/k3csg/NOAA-reports.php on line 196
Mar |
Notice: Undefined index: NOAA2024-04.TXT in /membri/k3csg/NOAA-reports.php on line 196
Apr |
Notice: Undefined index: NOAA2024-05.TXT in /membri/k3csg/NOAA-reports.php on line 196
May |
Notice: Undefined index: NOAA2024-06.TXT in /membri/k3csg/NOAA-reports.php on line 196
Jun |
Notice: Undefined index: NOAA2024-07.TXT in /membri/k3csg/NOAA-reports.php on line 196
Jul |
Notice: Undefined index: NOAA2024-08.TXT in /membri/k3csg/NOAA-reports.php on line 196
Aug |
Notice: Undefined index: NOAA2024-09.TXT in /membri/k3csg/NOAA-reports.php on line 196
Sep |
Notice: Undefined index: NOAA2024-10.TXT in /membri/k3csg/NOAA-reports.php on line 196
Oct |
Notice: Undefined index: NOAA2024-11.TXT in /membri/k3csg/NOAA-reports.php on line 196
Nov |
Notice: Undefined index: NOAA2024-12.TXT in /membri/k3csg/NOAA-reports.php on line 196
Dec
2023: Jan | Feb | Mar | Apr | May | Jun | Jul | Aug | Sep | Oct | Nov | Dec
2022: Jan | Feb | Mar | Apr | May | Jun | Jul | Aug | Sep | Oct | Nov | Dec
2021: Jan | Feb | Mar | Apr | May | Jun | Jul | Aug | Sep | Oct | Nov | Dec
2020: Jan | Feb | Mar | Apr | May | Jun | Jul | Aug | Sep | Oct | Nov | Dec
2019: Jan | Feb | Mar | Apr | May | Jun | Jul | Aug | Sep | Oct | Nov | Dec
2018: Jan | Feb | Mar | Apr | May | Jun | Jul | Aug | Sep | Oct | Nov | Dec
2017: Jan | Feb | Mar | Apr | May | Jun | Jul | Aug | Sep | Oct | Nov | Dec
2016: Jan | Feb | Mar | Apr | May | Jun | Jul | Aug | Sep | Oct | Nov | Dec
2015: Jan | Feb | Mar | Apr | May | Jun | Jul | Aug | Sep | Oct | Nov | Dec
2014:
Notice: Undefined index: NOAA2014-01.TXT in /membri/k3csg/NOAA-reports.php on line 196
Jan |
Notice: Undefined index: NOAA2014-02.TXT in /membri/k3csg/NOAA-reports.php on line 196
Feb |
Notice: Undefined index: NOAA2014-03.TXT in /membri/k3csg/NOAA-reports.php on line 196
Mar |
Notice: Undefined index: NOAA2014-04.TXT in /membri/k3csg/NOAA-reports.php on line 196
Apr |
Notice: Undefined index: NOAA2014-05.TXT in /membri/k3csg/NOAA-reports.php on line 196
May |
Notice: Undefined index: NOAA2014-06.TXT in /membri/k3csg/NOAA-reports.php on line 196
Jun |
Notice: Undefined index: NOAA2014-07.TXT in /membri/k3csg/NOAA-reports.php on line 196
Jul |
Notice: Undefined index: NOAA2014-08.TXT in /membri/k3csg/NOAA-reports.php on line 196
Aug |
Notice: Undefined index: NOAA2014-09.TXT in /membri/k3csg/NOAA-reports.php on line 196
Sep | Oct | Nov | Dec
Report for 2018 02
MONTHLY CLIMATOLOGICAL SUMMARY for FEB. 2018
NAME: White Birch CITY: Archbald STATE: PA
ELEV: 968 ft LAT: 41° 29' 21" N LONG: 75° 33' 49" W
TEMPERATURE (°F), RAIN (in), WIND SPEED (mph)
HEAT COOL AVG
MEAN DEG DEG WIND DOM
DAY TEMP HIGH TIME LOW TIME DAYS DAYS RAIN SPEED HIGH TIME DIR
------------------------------------------------------------------------------------
1 32.8 39.0 15:15 26.6 2:30 32.2 0.0 0.02 0.3 8.0 20:30 WNW
2 19.1 34.3 0:15 10.2 23:00 45.9 0.0 0.07 2.4 19.0 11:00 WNW
3 19.8 28.5 13:30 8.5 8:00 45.2 0.0 0.00 1.9 14.0 13:45 S
4 30.9 33.7 15:30 26.5 6:00 34.1 0.0 0.70 1.3 14.0 7:45 S
5 23.5 33.7 0:45 9.8 23:45 41.5 0.0 0.00 1.8 19.0 6:15 WNW
6 23.7 35.6 14:30 10.2 0:15 41.3 0.0 0.02 0.4 8.0 14:15 WNW
7 27.7 36.6 15:15 20.3 2:15 37.3 0.0 0.61 1.6 20.0 4:15 WNW
8 22.2 28.9 13:45 17.5 5:45 42.8 0.0 0.00 1.5 15.0 0:45 WNW
9 24.5 31.7 00:00 15.9 7:15 40.5 0.0 0.03 0.9 11.0 10:15 WNW
10 37.5 46.4 14:45 31.6 0:15 27.5 0.0 0.03 0.0 3.0 0:15 WNW
11 40.0 44.3 16:30 36.0 7:15 25.0 0.0 0.21 0.1 5.0 23:45 WNW
12 34.8 42.5 1:45 23.4 00:00 30.2 0.0 0.00 1.4 13.0 13:30 W
13 29.6 41.9 16:00 18.4 7:15 35.4 0.0 0.00 0.8 10.0 18:15 SE
14 36.9 43.5 16:30 31.1 0:15 28.1 0.0 0.06 0.6 10.0 2:15 SSW
15 44.6 57.0 17:00 37.0 7:00 20.4 0.0 0.04 0.2 9.0 13:15 WNW
16 42.3 50.3 1:45 26.9 00:00 22.7 0.0 0.24 1.1 18.0 14:45 WNW
17 28.8 38.6 12:30 19.1 7:30 36.2 0.0 0.24 1.5 16.0 14:15 SE
18 32.8 42.3 16:00 24.2 00:00 32.2 0.0 0.00 0.8 11.0 11:45 WNW
19 36.6 41.7 11:30 24.0 0:15 28.4 0.0 0.18 0.9 13.0 7:30 WNW
20 49.6 64.5 16:00 39.7 6:00 15.4 0.0 0.00 0.4 10.0 14:15 NW
21 54.3 75.8 14:15 41.6 00:00 12.4 1.7 0.00 1.4 17.0 14:00 WNW
22 37.8 41.6 0:15 34.8 00:00 27.2 0.0 0.50 0.0 5.0 0:15 WSW
23 36.3 38.8 00:00 34.2 7:15 28.7 0.0 0.05 0.7 11.0 11:45 SE
24 40.9 44.0 14:00 38.8 0:15 24.1 0.0 0.28 0.2 6.0 0:30 W
25 42.0 45.4 16:45 38.0 4:00 23.0 0.0 0.36 0.9 17.0 9:15 WNW
26 42.7 52.7 16:00 30.1 00:00 22.3 0.0 0.00 1.4 15.0 14:30 WNW
27 40.3 56.1 14:45 24.6 7:15 24.7 0.0 0.00 1.1 14.0 14:00 WNW
28 45.2 61.0 13:30 28.0 7:15 19.8 0.0 0.00 1.0 13.0 13:30 NW
-------------------------------------------------------------------------------------
34.9 75.8 21 8.5 3 844.5 1.7 3.64 0.9 20.0 7 WNW
Max >= 90.0: 0
Max <= 32.0: 3
Min <= 32.0: 20
Min <= 0.0: 0
Max Rain: 0.70 ON 02/04/18
Days of Rain: 17 (>.01 in) 9 (>.1 in) 0 (>1 in)
Heat Base: 65.0 Cool Base: 65.0 Method: Integration