NOAA Climate Reports - Current Month, Prior Months, Current and Prior Year Summaries. Station 1st Report 17 Ocr 2014
NOAA style reports
NOAA Climate Reports
Notice: Undefined index: NOAA2024.TXT in /membri/k3csg/NOAA-reports.php on line 185
2024: Jan | Feb |
Notice: Undefined index: NOAA2024-03.TXT in /membri/k3csg/NOAA-reports.php on line 196
Mar |
Notice: Undefined index: NOAA2024-04.TXT in /membri/k3csg/NOAA-reports.php on line 196
Apr |
Notice: Undefined index: NOAA2024-05.TXT in /membri/k3csg/NOAA-reports.php on line 196
May |
Notice: Undefined index: NOAA2024-06.TXT in /membri/k3csg/NOAA-reports.php on line 196
Jun |
Notice: Undefined index: NOAA2024-07.TXT in /membri/k3csg/NOAA-reports.php on line 196
Jul |
Notice: Undefined index: NOAA2024-08.TXT in /membri/k3csg/NOAA-reports.php on line 196
Aug |
Notice: Undefined index: NOAA2024-09.TXT in /membri/k3csg/NOAA-reports.php on line 196
Sep |
Notice: Undefined index: NOAA2024-10.TXT in /membri/k3csg/NOAA-reports.php on line 196
Oct |
Notice: Undefined index: NOAA2024-11.TXT in /membri/k3csg/NOAA-reports.php on line 196
Nov |
Notice: Undefined index: NOAA2024-12.TXT in /membri/k3csg/NOAA-reports.php on line 196
Dec
2023: Jan | Feb | Mar | Apr | May | Jun | Jul | Aug | Sep | Oct | Nov | Dec
2022: Jan | Feb | Mar | Apr | May | Jun | Jul | Aug | Sep | Oct | Nov | Dec
2021: Jan | Feb | Mar | Apr | May | Jun | Jul | Aug | Sep | Oct | Nov | Dec
2020: Jan | Feb | Mar | Apr | May | Jun | Jul | Aug | Sep | Oct | Nov | Dec
2019: Jan | Feb | Mar | Apr | May | Jun | Jul | Aug | Sep | Oct | Nov | Dec
2018: Jan | Feb | Mar | Apr | May | Jun | Jul | Aug | Sep | Oct | Nov | Dec
2017: Jan | Feb | Mar | Apr | May | Jun | Jul | Aug | Sep | Oct | Nov | Dec
2016: Jan | Feb | Mar | Apr | May | Jun | Jul | Aug | Sep | Oct | Nov | Dec
2015: Jan | Feb | Mar | Apr | May | Jun | Jul | Aug | Sep | Oct | Nov | Dec
2014:
Notice: Undefined index: NOAA2014-01.TXT in /membri/k3csg/NOAA-reports.php on line 196
Jan |
Notice: Undefined index: NOAA2014-02.TXT in /membri/k3csg/NOAA-reports.php on line 196
Feb |
Notice: Undefined index: NOAA2014-03.TXT in /membri/k3csg/NOAA-reports.php on line 196
Mar |
Notice: Undefined index: NOAA2014-04.TXT in /membri/k3csg/NOAA-reports.php on line 196
Apr |
Notice: Undefined index: NOAA2014-05.TXT in /membri/k3csg/NOAA-reports.php on line 196
May |
Notice: Undefined index: NOAA2014-06.TXT in /membri/k3csg/NOAA-reports.php on line 196
Jun |
Notice: Undefined index: NOAA2014-07.TXT in /membri/k3csg/NOAA-reports.php on line 196
Jul |
Notice: Undefined index: NOAA2014-08.TXT in /membri/k3csg/NOAA-reports.php on line 196
Aug |
Notice: Undefined index: NOAA2014-09.TXT in /membri/k3csg/NOAA-reports.php on line 196
Sep | Oct | Nov | Dec
Report for 2017 10
MONTHLY CLIMATOLOGICAL SUMMARY for OCT. 2017
NAME: White Birch CITY: Archbald STATE: PA
ELEV: 968 ft LAT: 41° 29' 21" N LONG: 75° 33' 49" W
TEMPERATURE (°F), RAIN (in), WIND SPEED (mph)
HEAT COOL AVG
MEAN DEG DEG WIND DOM
DAY TEMP HIGH TIME LOW TIME DAYS DAYS RAIN SPEED HIGH TIME DIR
------------------------------------------------------------------------------------
1 50.8 68.6 15:45 34.9 7:45 14.7 0.5 0.00 0.5 8.0 14:30 W
2 53.7 76.2 15:00 35.9 7:30 13.7 2.3 0.00 0.4 7.0 12:00 W
3 56.8 75.3 15:15 40.2 7:30 10.5 2.3 0.00 1.0 12.0 15:15 ESE
4 61.4 79.4 15:15 42.5 7:30 7.5 4.0 0.00 1.0 13.0 15:30 NW
5 68.5 79.1 14:30 58.0 7:30 0.9 4.3 0.00 1.2 13.0 16:00 NW
6 64.9 78.9 13:15 52.8 6:15 3.6 3.5 0.00 0.7 10.0 15:30 NW
7 69.5 81.0 16:00 60.2 2:00 1.5 6.0 0.00 1.4 14.0 15:15 S
8 73.2 78.9 15:30 67.6 00:00 0.0 8.2 0.37 1.6 14.0 12:45 NW
9 70.9 77.5 17:30 66.6 00:00 0.0 5.9 0.70 1.2 25.0 11:45 WNW
10 67.8 79.8 15:45 56.8 00:00 1.1 3.9 0.00 0.4 10.0 15:15 W
11 60.8 68.9 13:00 54.0 3:00 4.8 0.6 0.10 0.2 7.0 13:15 SE
12 56.0 59.8 17:00 51.5 00:00 9.0 0.0 0.05 0.9 11.0 10:30 SE
13 54.3 60.5 16:15 45.7 7:15 10.7 0.0 0.00 0.9 10.0 11:30 WNW
14 61.4 67.3 16:30 58.2 7:00 3.7 0.1 0.00 0.4 6.0 9:45 WNW
15 65.2 75.2 14:30 59.0 7:00 2.2 2.3 0.18 1.9 20.0 16:00 S
16 50.7 62.2 0:15 37.7 00:00 14.3 0.0 0.01 1.5 15.0 16:00 W
17 44.6 60.5 15:15 30.7 8:00 20.4 0.0 0.00 0.7 11.0 17:15 SE
18 51.7 71.1 15:30 35.8 7:30 14.3 1.0 0.00 0.6 8.0 14:15 S
19 55.0 72.1 15:15 39.7 7:30 11.3 1.3 0.00 1.2 16.0 14:00 WSW
20 56.6 72.8 15:00 44.5 7:15 9.8 1.4 0.00 0.7 10.0 13:30 W
21 55.0 76.5 16:15 37.7 7:45 12.3 2.3 0.00 0.3 6.0 11:45 SE
22 58.8 78.7 15:00 41.5 7:15 9.3 3.1 0.00 0.9 13.0 17:15 SE
23 61.5 69.6 14:15 48.8 6:00 5.3 1.8 0.00 2.0 19.0 00:00 SE
24 67.6 74.2 13:45 58.9 23:30 0.8 3.3 0.13 4.0 23.0 1:45 SE
25 54.5 63.6 14:45 43.5 00:00 10.5 0.0 0.00 1.0 12.0 17:00 NW
26 45.4 54.9 12:30 38.2 00:00 19.6 0.0 0.00 0.8 17.0 14:15 WNW
27 47.5 66.2 16:00 31.5 7:45 17.6 0.0 0.00 0.9 11.0 13:00 WNW
28 56.1 67.8 13:15 41.0 4:00 9.3 0.4 0.00 1.9 19.0 11:45 SE
29 57.9 63.1 14:00 46.8 23:15 7.1 0.0 1.04 1.1 15.0 12:15 SE
30 46.8 52.8 15:15 39.3 7:15 18.2 0.0 0.58 3.9 22.0 23:00 WNW
31 44.1 52.3 15:45 35.1 00:00 20.9 0.0 0.00 2.5 18.0 15:45 SSW
-------------------------------------------------------------------------------------
57.7 81.0 7 30.7 17 284.9 58.5 3.16 1.2 25.0 9 WNW
Max >= 90.0: 0
Max <= 32.0: 0
Min <= 32.0: 2
Min <= 0.0: 0
Max Rain: 1.04 ON 10/29/17
Days of Rain: 8 (>.01 in) 6 (>.1 in) 1 (>1 in)
Heat Base: 65.0 Cool Base: 65.0 Method: Integration