NOAA Climate Reports - Current Month, Prior Months, Current and Prior Year Summaries. Station 1st Report 17 Ocr 2014
NOAA style reports
NOAA Climate Reports
Notice: Undefined index: NOAA2024.TXT in /membri/k3csg/NOAA-reports.php on line 185
2024: Jan | Feb |
Notice: Undefined index: NOAA2024-03.TXT in /membri/k3csg/NOAA-reports.php on line 196
Mar |
Notice: Undefined index: NOAA2024-04.TXT in /membri/k3csg/NOAA-reports.php on line 196
Apr |
Notice: Undefined index: NOAA2024-05.TXT in /membri/k3csg/NOAA-reports.php on line 196
May |
Notice: Undefined index: NOAA2024-06.TXT in /membri/k3csg/NOAA-reports.php on line 196
Jun |
Notice: Undefined index: NOAA2024-07.TXT in /membri/k3csg/NOAA-reports.php on line 196
Jul |
Notice: Undefined index: NOAA2024-08.TXT in /membri/k3csg/NOAA-reports.php on line 196
Aug |
Notice: Undefined index: NOAA2024-09.TXT in /membri/k3csg/NOAA-reports.php on line 196
Sep |
Notice: Undefined index: NOAA2024-10.TXT in /membri/k3csg/NOAA-reports.php on line 196
Oct |
Notice: Undefined index: NOAA2024-11.TXT in /membri/k3csg/NOAA-reports.php on line 196
Nov |
Notice: Undefined index: NOAA2024-12.TXT in /membri/k3csg/NOAA-reports.php on line 196
Dec
2023: Jan | Feb | Mar | Apr | May | Jun | Jul | Aug | Sep | Oct | Nov | Dec
2022: Jan | Feb | Mar | Apr | May | Jun | Jul | Aug | Sep | Oct | Nov | Dec
2021: Jan | Feb | Mar | Apr | May | Jun | Jul | Aug | Sep | Oct | Nov | Dec
2020: Jan | Feb | Mar | Apr | May | Jun | Jul | Aug | Sep | Oct | Nov | Dec
2019: Jan | Feb | Mar | Apr | May | Jun | Jul | Aug | Sep | Oct | Nov | Dec
2018: Jan | Feb | Mar | Apr | May | Jun | Jul | Aug | Sep | Oct | Nov | Dec
2017: Jan | Feb | Mar | Apr | May | Jun | Jul | Aug | Sep | Oct | Nov | Dec
2016: Jan | Feb | Mar | Apr | May | Jun | Jul | Aug | Sep | Oct | Nov | Dec
2015: Jan | Feb | Mar | Apr | May | Jun | Jul | Aug | Sep | Oct | Nov | Dec
2014:
Notice: Undefined index: NOAA2014-01.TXT in /membri/k3csg/NOAA-reports.php on line 196
Jan |
Notice: Undefined index: NOAA2014-02.TXT in /membri/k3csg/NOAA-reports.php on line 196
Feb |
Notice: Undefined index: NOAA2014-03.TXT in /membri/k3csg/NOAA-reports.php on line 196
Mar |
Notice: Undefined index: NOAA2014-04.TXT in /membri/k3csg/NOAA-reports.php on line 196
Apr |
Notice: Undefined index: NOAA2014-05.TXT in /membri/k3csg/NOAA-reports.php on line 196
May |
Notice: Undefined index: NOAA2014-06.TXT in /membri/k3csg/NOAA-reports.php on line 196
Jun |
Notice: Undefined index: NOAA2014-07.TXT in /membri/k3csg/NOAA-reports.php on line 196
Jul |
Notice: Undefined index: NOAA2014-08.TXT in /membri/k3csg/NOAA-reports.php on line 196
Aug |
Notice: Undefined index: NOAA2014-09.TXT in /membri/k3csg/NOAA-reports.php on line 196
Sep | Oct | Nov | Dec
Report for 2017 03
MONTHLY CLIMATOLOGICAL SUMMARY for MAR. 2017
NAME: White Birch CITY: Archbald STATE: PA
ELEV: 968 ft LAT: 41° 29' 28" N LONG: 75° 33' 50" W
TEMPERATURE (°F), RAIN (in), WIND SPEED (mph)
HEAT COOL AVG
MEAN DEG DEG WIND DOM
DAY TEMP HIGH TIME LOW TIME DAYS DAYS RAIN SPEED HIGH TIME DIR
------------------------------------------------------------------------------------
1 57.5 63.8 12:30 53.7 7:00 7.5 0.0 0.12 2.5 21.0 23:45 WNW
2 37.5 55.3 0:15 26.4 00:00 27.5 0.0 0.00 6.7 35.0 2:00 WNW
3 25.2 33.5 12:15 17.4 00:00 39.8 0.0 0.00 3.3 18.0 15:00 WNW
4 18.0 25.7 15:30 10.1 00:00 47.0 0.0 0.00 2.5 27.0 14:45 W
5 20.4 35.5 15:30 6.9 6:45 44.6 0.0 0.00 0.9 11.0 13:00 W
6 36.8 52.5 16:30 17.5 2:45 28.2 0.0 0.00 1.1 11.0 15:15 WNW
7 44.1 52.6 00:00 38.3 4:00 20.9 0.0 0.39 0.5 10.0 23:00 WNW
8 49.4 56.5 15:30 38.1 7:30 15.6 0.0 0.18 4.1 31.0 15:30 WNW
9 45.8 51.0 15:15 36.5 00:00 19.2 0.0 0.00 4.7 25.0 15:30 W
10 28.7 36.8 14:15 15.4 00:00 36.3 0.0 0.26 1.8 22.0 22:15 W
11 18.2 27.1 15:15 12.5 5:00 46.3 0.0 0.00 3.6 20.0 12:00 WNW
12 19.4 27.3 15:45 13.7 8:00 43.7 0.0 0.00 2.2 17.0 12:45 W
13 23.0 37.9 16:15 7.6 7:15 42.0 0.0 0.00 1.0 14.0 19:00 SE
14 23.7 29.3 11:30 16.7 22:30 41.3 0.0 0.59 1.4 15.0 19:45 WNW
15 18.5 21.8 15:00 15.2 2:15 46.5 0.0 0.07 4.4 22.0 10:15 WNW
16 27.2 39.2 16:45 19.3 6:30 37.8 0.0 0.05 4.3 20.0 14:45 WNW
17 32.7 46.0 16:15 22.5 8:00 32.3 0.0 0.03 1.7 14.0 12:30 WNW
18 29.6 35.2 14:45 19.3 4:00 35.4 0.0 0.00 0.8 12.0 13:00 SE
19 38.0 48.8 14:45 30.4 7:15 27.0 0.0 0.00 0.9 11.0 0:30 W
20 35.1 45.4 12:15 20.8 6:15 29.9 0.0 0.00 0.5 9.0 12:45 WNW
21 44.3 55.7 15:00 35.5 00:00 20.7 0.0 0.00 1.1 15.0 18:15 WNW
22 28.0 40.4 0:45 17.2 00:00 37.0 0.0 0.00 2.9 20.0 6:45 W
23 26.2 40.8 16:30 10.8 7:30 38.8 0.0 0.00 0.7 11.0 14:30 WNW
24 37.1 49.9 17:30 23.1 2:45 27.9 0.0 0.16 0.7 11.0 9:00 WNW
25 44.4 57.6 12:30 38.4 7:45 20.6 0.0 0.14 0.3 9.0 15:00 NW
26 37.7 40.9 0:15 35.9 5:45 27.3 0.0 0.01 1.0 16.0 14:45 SE
27 45.4 58.3 17:45 37.5 0:15 19.6 0.0 0.20 0.7 9.0 1:30 WNW
28 49.2 59.0 12:30 44.0 4:30 15.8 0.0 0.10 0.2 7.0 21:30 S
29 44.9 55.1 15:45 34.3 00:00 20.1 0.0 0.00 1.7 16.0 13:00 W
30 40.0 51.5 13:15 28.8 4:45 25.0 0.0 0.00 0.9 14.0 00:00 WNW
31 37.9 42.0 0:15 36.2 22:15 27.1 0.0 0.92 1.8 21.0 23:00 WNW
-------------------------------------------------------------------------------------
34.3 63.8 1 6.9 5 948.7 0.0 3.22 2.0 35.0 2 WNW
Max >= 90.0: 0
Max <= 32.0: 5
Min <= 32.0: 20
Min <= 0.0: 0
Max Rain: 0.92 ON 03/31/17
Days of Rain: 13 (>.01 in) 9 (>.1 in) 0 (>1 in)
Heat Base: 65.0 Cool Base: 65.0 Method: Integration