NOAA Climate Reports - Current Month, Prior Months, Current and Prior Year Summaries. Station 1st Report 17 Ocr 2014
NOAA style reports
NOAA Climate Reports
Notice: Undefined index: NOAA2024.TXT in /membri/k3csg/NOAA-reports.php on line 185
2024: Jan | Feb | Mar |
Notice: Undefined index: NOAA2024-04.TXT in /membri/k3csg/NOAA-reports.php on line 196
Apr |
Notice: Undefined index: NOAA2024-05.TXT in /membri/k3csg/NOAA-reports.php on line 196
May |
Notice: Undefined index: NOAA2024-06.TXT in /membri/k3csg/NOAA-reports.php on line 196
Jun |
Notice: Undefined index: NOAA2024-07.TXT in /membri/k3csg/NOAA-reports.php on line 196
Jul |
Notice: Undefined index: NOAA2024-08.TXT in /membri/k3csg/NOAA-reports.php on line 196
Aug |
Notice: Undefined index: NOAA2024-09.TXT in /membri/k3csg/NOAA-reports.php on line 196
Sep |
Notice: Undefined index: NOAA2024-10.TXT in /membri/k3csg/NOAA-reports.php on line 196
Oct |
Notice: Undefined index: NOAA2024-11.TXT in /membri/k3csg/NOAA-reports.php on line 196
Nov |
Notice: Undefined index: NOAA2024-12.TXT in /membri/k3csg/NOAA-reports.php on line 196
Dec
2023: Jan | Feb | Mar | Apr | May | Jun | Jul | Aug | Sep | Oct | Nov | Dec
2022: Jan | Feb | Mar | Apr | May | Jun | Jul | Aug | Sep | Oct | Nov | Dec
2021: Jan | Feb | Mar | Apr | May | Jun | Jul | Aug | Sep | Oct | Nov | Dec
2020: Jan | Feb | Mar | Apr | May | Jun | Jul | Aug | Sep | Oct | Nov | Dec
2019: Jan | Feb | Mar | Apr | May | Jun | Jul | Aug | Sep | Oct | Nov | Dec
2018: Jan | Feb | Mar | Apr | May | Jun | Jul | Aug | Sep | Oct | Nov | Dec
2017: Jan | Feb | Mar | Apr | May | Jun | Jul | Aug | Sep | Oct | Nov | Dec
2016: Jan | Feb | Mar | Apr | May | Jun | Jul | Aug | Sep | Oct | Nov | Dec
2015: Jan | Feb | Mar | Apr | May | Jun | Jul | Aug | Sep | Oct | Nov | Dec
2014:
Notice: Undefined index: NOAA2014-01.TXT in /membri/k3csg/NOAA-reports.php on line 196
Jan |
Notice: Undefined index: NOAA2014-02.TXT in /membri/k3csg/NOAA-reports.php on line 196
Feb |
Notice: Undefined index: NOAA2014-03.TXT in /membri/k3csg/NOAA-reports.php on line 196
Mar |
Notice: Undefined index: NOAA2014-04.TXT in /membri/k3csg/NOAA-reports.php on line 196
Apr |
Notice: Undefined index: NOAA2014-05.TXT in /membri/k3csg/NOAA-reports.php on line 196
May |
Notice: Undefined index: NOAA2014-06.TXT in /membri/k3csg/NOAA-reports.php on line 196
Jun |
Notice: Undefined index: NOAA2014-07.TXT in /membri/k3csg/NOAA-reports.php on line 196
Jul |
Notice: Undefined index: NOAA2014-08.TXT in /membri/k3csg/NOAA-reports.php on line 196
Aug |
Notice: Undefined index: NOAA2014-09.TXT in /membri/k3csg/NOAA-reports.php on line 196
Sep | Oct | Nov | Dec
Report for 2024 02
MONTHLY CLIMATOLOGICAL SUMMARY for JAN. 2024
NAME: White Birch Drive CITY: Archbald STATE: PA
ELEV: 955 ft LAT: 41° 30' 00" N LONG: 75° 36' 00" W
TEMPERATURE (°F), RAIN (in), WIND SPEED (mph)
HEAT COOL AVG
MEAN DEG DEG WIND DOM
DAY TEMP HIGH TIME LOW TIME DAYS DAYS RAIN SPEED HIGH TIME DIR
------------------------------------------------------------------------------------
1 35.2 41.2 13:30 29.7 00:00 29.8 0.0 0.01 0.0 3.0 22:00 SSW
2 32.2 39.9 16:00 28.2 2:00 32.8 0.0 0.00 0.0 5.0 1:30 WNW
3 32.4 36.0 13:00 27.8 1:30 32.6 0.0 0.00 0.0 1.0 9:00 NW
4 31.9 40.9 13:00 22.4 00:00 33.1 0.0 0.00 0.0 8.0 12:00 WSW
5 27.5 36.4 14:30 20.8 2:00 37.5 0.0 0.00 0.0 0.0 --- ---
6 26.8 31.4 13:30 20.3 2:30 38.2 0.0 0.00 0.0 2.0 16:00 SE
7 32.0 35.5 12:00 29.0 1:00 33.0 0.0 0.01 0.0 7.0 16:30 NW
8 34.0 40.9 15:00 27.6 00:00 31.0 0.0 0.26 0.0 7.0 1:00 WNW
9 36.1 49.6 00:00 25.8 1:00 28.9 0.0 1.61 0.7 29.0 19:30 SE
10 41.8 52.1 1:00 38.0 21:00 23.2 0.0 0.18 0.1 16.0 0:30 NW
11 38.9 42.4 16:00 35.9 7:30 26.1 0.0 0.00 0.0 6.0 12:00 SE
12 39.5 46.2 14:00 31.5 8:00 25.5 0.0 0.19 0.0 16.0 00:00 SE
13 40.0 47.0 9:00 30.1 23:30 25.1 0.0 0.27 0.6 28.0 2:00 NW
14 27.8 34.1 12:30 18.0 00:00 37.2 0.0 0.00 0.2 30.0 13:00 NW
15 20.0 24.1 16:00 14.1 8:00 45.0 0.0 0.00 0.0 9.0 12:00 NW
16 21.3 24.4 13:00 15.0 00:00 43.7 0.0 0.00 0.0 2.0 17:30 SSE
17 15.0 21.6 15:00 8.0 8:00 50.0 0.0 0.00 0.0 10.0 16:00 NW
18 21.0 26.2 15:30 12.2 1:00 44.0 0.0 0.00 0.0 8.0 13:30 S
19 23.8 29.5 13:30 16.0 00:00 41.2 0.0 0.00 0.0 4.0 21:30 S
20 15.4 18.3 12:30 12.9 8:00 49.6 0.0 0.00 0.0 11.0 13:00 WNW
21 20.3 28.2 15:30 14.4 00:00 44.7 0.0 0.00 0.0 9.0 12:30 NW
22 21.8 32.3 13:30 6.5 7:30 43.2 0.0 0.00 0.0 8.0 14:30 NW
23 33.0 35.3 16:00 30.7 6:30 32.0 0.0 0.00 0.0 2.0 11:00 SW
24 37.8 41.3 13:00 33.9 0:30 27.2 0.0 0.85 0.0 1.0 1:30 SW
25 45.0 50.6 16:00 39.8 0:30 20.0 0.0 0.26 0.0 2.0 23:00 NW
26 47.0 52.4 16:00 41.7 00:00 18.0 0.0 0.20 0.0 11.0 4:00 SE
27 41.7 45.2 15:30 38.3 7:30 23.3 0.0 0.00 0.0 0.0 --- ---
28 36.9 41.3 1:30 33.3 20:30 28.1 0.0 0.57 0.0 1.0 15:30 WNW
29 32.8 34.6 2:30 30.2 23:30 32.3 0.0 0.08 0.0 3.0 1:30 SSE
30 30.8 32.5 15:30 28.9 8:00 34.2 0.0 0.00 0.0 0.0 --- ---
31 35.0 38.2 14:30 32.3 0:30 30.0 0.0 0.07 0.0 0.0 --- ---
-------------------------------------------------------------------------------------
31.4 52.4 26 6.5 22 1040.5 0.0 4.56 0.1 30.0 14 NW
Max >= 90.0: 0
Max <= 32.0: 8
Min <= 32.0: 23
Min <= 0.0: 0
Max Rain: 1.61 ON 01/09/24
Days of Rain: 11 (>.01 in) 9 (>.1 in) 1 (>1 in)
Heat Base: 65.0 Cool Base: 65.0 Method: Integration