NOAA Climate Reports - Current Month, Prior Months, Current and Prior Year Summaries

NOAA style reports

NOAA Climate Reports

2018: Jan | Feb | Mar | Apr | May | Jun | Jul | Aug | Sep | Oct | Nov | Dec 
2017: Jan | Feb | Mar | Apr | May | Jun | Jul | Aug | Sep | Oct | Nov | Dec 
2016: Jan | Feb | Mar | Apr | May | Jun | Jul | Aug | Sep | Oct | Nov | Dec 

Report for 2018
ANNUAL CLIMATOLOGICAL SUMMARY NAME: White Birch CITY: Archbald STATE: PA ELEV: 968 ft LAT: 41 29' 21" N LONG: 75 33' 49" W TEMPERATURE (F), HEAT BASE 65.0, COOL BASE 65.0 DEP. HEAT COOL MEAN MEAN FROM DEG DEG MAX MAX MIN MIN YR MO MAX MIN MEAN NORM DAYS DAYS HI DATE LOW DATE >=90 <=32 <=32 <=0 ------------------------------------------------------------------------------------ 18 1 34.5 15.6 25.6 -0.4 1221 0 64.7 12 -4.3 7 0 15 27 4 18 2 43.9 26.0 34.9 5.9 845 2 75.8 21 8.5 3 0 3 20 0 18 3 43.6 27.0 34.8 -2.2 1116 0 56.9 31 18.3 12 0 0 26 0 18 4 55.9 34.0 44.4 -4.6 599 1440 82.1 13 20.3 8 0 0 13 0 18 5 76.9 54.0 64.9 5.9 144 140 94.8 29 34.5 1 2 0 0 0 18 6 80.4 56.6 68.1 0.1 83 173 94.7 17 46.4 16 5 0 0 0 18 7 84.4 57.9 70.3 -1.7 67 230 98.3 2 44.4 19 6 0 0 0 18 8 79.3 60.2 68.2 -1.8 43 143 89.5 6 46.9 24 0 0 0 0 18 9 76.7 60.8 67.3 5.3 41 92 89.9 16 48.5 9 0 0 0 0 18 10 18 11 18 12 ------------------------------------------------------------------------------------ 63.6 43.1 52.8 0.7 4159 2220 98.3 JUL -4.3 JAN 13 18 86 4 PRECIPITATION (in) DEP. MAX DAYS OF RAIN FROM OBS. OVER YR MO TOTAL NORM DAY DATE .01 .1 1 --------------------------------------------- 18 1 1.93 -0.44 0.88 23 5 3 0 18 2 3.64 1.54 0.70 4 17 9 0 18 3 2.83 0.28 1.35 2 13 5 1 18 4 2.55 -0.78 0.73 16 12 5 0 18 5 4.76 1.24 1.01 22 15 11 1 18 6 2.25 -1.78 0.77 28 12 6 0 18 7 4.21 0.42 0.83 23 15 9 0 18 8 10.04 6.63 3.37 13 16 11 3 18 9 3.32 -0.75 1.18 10 10 6 1 18 10 18 11 18 12 --------------------------------------------- 35.53 6.36 3.37 AUG 115 65 6 WIND SPEED (mph) DOM YR MO AVG. HI DATE DIR --------------------------------- 18 1 1.3 26.0 5 WNW 18 2 0.9 20.0 7 WNW 18 3 1.4 21.0 9 WNW 18 4 1.7 39.0 16 WNW 18 5 0.9 23.0 3 WNW 18 6 0.9 19.0 14 WNW 18 7 0.9 17.0 23 WNW 18 8 0.6 18.0 17 WNW 18 9 0.4 13.0 5 WNW 18 10 18 11 18 12 --------------------------------- 1.0 39.0 APR WNW