NOAA Climate Reports - Current Month, Prior Months, Current and Prior Year Summaries

NOAA style reports

NOAA Climate Reports

2018: Jan | Feb | Mar | Apr | May | Jun | Jul | Aug | Sep | Oct | Nov | Dec 
2017: Jan | Feb | Mar | Apr | May | Jun | Jul | Aug | Sep | Oct | Nov | Dec 
2016: Jan | Feb | Mar | Apr | May | Jun | Jul | Aug | Sep | Oct | Nov | Dec 

Report for 2018 07
MONTHLY CLIMATOLOGICAL SUMMARY for JUL. 2018 NAME: White Birch CITY: Archbald STATE: PA ELEV: 968 ft LAT: 41 29' 21" N LONG: 75 33' 49" W TEMPERATURE (F), RAIN (in), WIND SPEED (mph) HEAT COOL AVG MEAN DEG DEG WIND DOM DAY TEMP HIGH TIME LOW TIME DAYS DAYS RAIN SPEED HIGH TIME DIR ------------------------------------------------------------------------------------ 1 80.6 97.8 16:45 64.9 6:30 0.0 15.6 0.00 0.7 9.0 17:30 WNW 2 80.6 98.3 14:30 64.2 6:30 0.0 15.6 0.00 0.9 11.0 15:30 S 3 80.6 95.3 15:45 67.3 6:15 0.0 15.6 0.00 0.5 8.0 14:15 SW 4 73.8 85.9 12:00 68.1 00:00 0.0 8.8 0.03 0.2 9.0 13:30 WSW 5 76.8 90.3 16:15 64.5 4:15 0.0 11.8 0.00 1.3 13.0 14:45 S 6 72.0 80.9 16:45 56.3 00:00 0.6 7.6 0.42 1.0 12.0 14:00 WNW 7 64.2 80.8 16:15 46.6 6:45 6.1 5.3 0.00 0.4 7.0 10:30 SSE 8 68.3 87.8 16:45 47.9 6:30 5.2 8.4 0.00 0.4 7.0 14:30 SE 9 70.7 88.3 16:45 52.2 6:30 3.6 9.3 0.00 0.9 12.0 13:45 WNW 10 71.6 92.1 14:00 55.2 6:45 2.3 8.9 0.12 0.7 10.0 13:00 WNW 11 69.6 85.3 16:00 56.2 6:15 2.0 6.6 0.01 0.5 11.0 13:45 W 12 68.7 87.2 15:00 51.5 6:30 4.0 7.7 0.00 0.4 7.0 11:15 W 13 70.7 87.9 16:00 53.8 6:00 3.3 9.0 0.00 0.8 10.0 15:15 S 14 74.4 89.7 17:15 61.9 6:15 0.7 10.1 0.41 1.2 11.0 9:45 NW 15 74.1 87.9 16:30 66.5 6:30 0.0 9.1 0.51 0.8 10.0 17:30 WNW 16 78.1 92.2 14:45 64.8 6:30 0.0 13.1 0.00 1.1 11.0 19:30 WNW 17 71.1 78.6 10:15 64.3 23:00 0.0 5.8 0.11 0.5 9.0 10:15 WNW 18 19 20 21 22 23 24 25 26 27 28 29 30 31 ------------------------------------------------------------------------------------- 73.3 98.3 2 46.6 7 27.8 168.3 1.61 0.7 13.0 5 WNW Max >= 90.0: 6 Max <= 32.0: 0 Min <= 32.0: 0 Min <= 0.0: 0 Max Rain: 0.51 ON 07/15/18 Days of Rain: 6 (>.01 in) 5 (>.1 in) 0 (>1 in) Heat Base: 65.0 Cool Base: 65.0 Method: Integration