NOAA Climate Reports - Current Month, Prior Months, Current and Prior Year Summaries

NOAA style reports

NOAA Climate Reports

2017: Jan | Feb | Mar | Apr | May | Jun | Jul | Aug | Sep | Oct | Nov | Dec 
2016: Jan | Feb | Mar | Apr | May | Jun | Jul | Aug | Sep | Oct | Nov | Dec 

Report for 2017 11
MONTHLY CLIMATOLOGICAL SUMMARY for NOV. 2017 NAME: White Birch CITY: Archbald STATE: PA ELEV: 968 ft LAT: 41 29' 21" N LONG: 75 33' 49" W TEMPERATURE (F), RAIN (in), WIND SPEED (mph) HEAT COOL AVG MEAN DEG DEG WIND DOM DAY TEMP HIGH TIME LOW TIME DAYS DAYS RAIN SPEED HIGH TIME DIR ------------------------------------------------------------------------------------ 1 40.9 51.7 00:00 30.7 4:45 24.2 0.0 0.06 0.4 9.0 19:00 ESE 2 60.3 71.4 15:15 50.5 7:45 5.8 1.1 0.00 0.8 12.0 14:00 WNW 3 56.2 63.4 12:30 43.6 00:00 8.8 0.0 0.00 0.8 12.0 15:15 WNW 4 46.4 60.4 15:30 32.5 8:15 18.6 0.0 0.00 1.2 11.0 13:30 SE 5 54.2 61.3 23:00 47.8 2:00 10.8 0.0 0.02 1.4 12.0 19:15 WNW 6 53.2 61.5 12:45 37.6 00:00 11.8 0.0 0.10 1.4 21.0 13:30 WNW 7 35.6 40.3 12:30 31.5 7:00 29.4 0.0 0.11 0.1 4.0 9:00 SE 8 37.9 49.8 13:30 28.7 00:00 27.1 0.0 0.06 0.4 7.0 14:15 W 9 36.8 45.1 14:30 25.7 7:00 28.2 0.0 0.02 0.8 14.0 21:45 NW 10 28.8 43.6 0:15 18.4 23:15 36.2 0.0 0.00 2.8 22.0 6:15 W 11 26.7 39.6 14:30 15.4 3:15 38.3 0.0 0.00 0.4 9.0 10:45 W 12 34.7 46.8 14:30 25.0 7:00 30.3 0.0 0.00 0.6 11.0 10:45 WNW 13 37.1 44.3 15:30 31.6 21:30 27.9 0.0 0.00 0.1 3.0 10:30 S 14 39.5 44.8 12:15 33.6 0:15 25.5 0.0 0.00 0.2 6.0 12:30 WNW 15 40.5 49.2 13:45 29.2 7:30 24.5 0.0 0.00 1.9 15.0 23:15 SE 16 44.9 52.6 12:15 37.5 00:00 20.1 0.0 0.10 3.1 21.0 13:00 WNW 17 35.9 44.1 14:30 26.9 00:00 29.1 0.0 0.00 1.9 23.0 2:45 W 18 35.3 46.4 00:00 23.6 4:15 29.7 0.0 0.29 0.3 11.0 11:45 SE 19 42.6 54.2 4:30 33.4 00:00 22.4 0.0 0.11 4.0 27.0 8:00 WNW 20 35.5 41.8 16:00 31.0 4:45 29.5 0.0 0.01 2.4 16.0 9:30 WNW 21 41.6 57.4 14:00 26.9 6:15 23.4 0.0 0.00 1.5 18.0 14:30 NW 22 37.5 42.6 9:45 31.5 22:15 25.5 0.0 0.01 1.1 15.0 14:00 W 23 24 25 26 27 28 29 30 ------------------------------------------------------------------------------------- 41.0 71.4 2 15.4 11 527.1 1.1 0.89 1.3 27.0 19 WNW Max >= 90.0: 0 Max <= 32.0: 0 Min <= 32.0: 14 Min <= 0.0: 0 Max Rain: 0.29 ON 11/18/17 Days of Rain: 9 (>.01 in) 3 (>.1 in) 0 (>1 in) Heat Base: 65.0 Cool Base: 65.0 Method: Integration