NOAA Climate Reports - Current Month, Prior Months, Current and Prior Year Summaries

NOAA style reports

NOAA Climate Reports

2019: Jan | Feb | Mar | Apr | May | Jun | Jul | Aug | Sep | Oct | Nov | Dec 
2018: Jan | Feb | Mar | Apr | May | Jun | Jul | Aug | Sep | Oct | Nov | Dec 
2017: Jan | Feb | Mar | Apr | May | Jun | Jul | Aug | Sep | Oct | Nov | Dec 
2016: Jan | Feb | Mar | Apr | May | Jun | Jul | Aug | Sep | Oct | Nov | Dec 

Report for 2019 03
MONTHLY CLIMATOLOGICAL SUMMARY for MAR. 2019 NAME: White Birch CITY: Archbald STATE: PA ELEV: 968 ft LAT: 41 29' 21" N LONG: 75 33' 49" W TEMPERATURE (F), RAIN (in), WIND SPEED (mph) HEAT COOL AVG MEAN DEG DEG WIND DOM DAY TEMP HIGH TIME LOW TIME DAYS DAYS RAIN SPEED HIGH TIME DIR ------------------------------------------------------------------------------------ 1 31.6 42.2 14:30 22.3 7:15 33.4 0.0 0.06 0.8 9.0 21:30 ESE 2 34.3 38.7 13:45 30.2 6:30 30.7 0.0 0.05 0.6 8.0 13:30 WNW 3 33.3 40.1 14:15 28.5 6:30 31.7 0.0 0.00 0.4 9.0 4:00 WNW 4 27.9 34.0 13:15 16.3 00:00 37.1 0.0 0.05 1.0 13.0 13:45 W 5 18.9 27.6 15:00 8.1 7:00 46.1 0.0 0.00 2.3 18.0 22:30 WNW 6 16.6 23.9 15:00 11.8 6:45 48.4 0.0 0.00 2.9 19.0 12:45 WNW 7 19.1 31.8 15:15 9.6 5:00 45.9 0.0 0.00 1.4 14.0 13:30 WNW 8 24.8 39.1 15:15 7.0 7:15 40.2 0.0 0.08 1.2 10.0 11:30 WNW 9 36.5 51.2 15:45 19.2 7:15 28.5 0.0 0.11 0.9 12.0 21:30 SE 10 37.9 43.8 16:15 32.2 5:15 26.0 0.0 0.53 1.3 15.0 1:30 WNW 11 42.2 52.9 16:30 32.7 00:00 22.8 0.0 0.02 3.3 17.0 10:45 WNW 12 32.6 39.4 17:15 26.7 00:00 32.4 0.0 0.00 1.8 15.0 8:30 W 13 36.3 50.8 15:00 19.5 8:00 28.7 0.0 0.00 0.8 11.0 14:30 SE 14 50.1 63.6 13:30 35.0 6:30 14.9 0.0 0.00 1.8 18.0 23:45 SE 15 60.7 70.8 17:15 50.7 00:00 5.0 0.7 0.00 3.2 19.0 13:00 WNW 16 39.0 50.8 0:15 31.0 00:00 26.0 0.0 0.03 3.7 22.0 0:15 WNW 17 32.7 42.9 15:15 25.7 00:00 32.3 0.0 0.00 2.0 15.0 15:45 WNW 18 31.2 44.3 16:45 19.3 6:00 33.8 0.0 0.00 0.8 11.0 13:15 W 19 33.7 45.7 13:30 21.2 7:45 31.3 0.0 0.00 0.9 14.0 13:15 WNW 20 38.7 54.2 15:15 22.1 7:45 26.3 0.0 0.00 1.7 14.0 12:30 SE 21 40.5 43.1 17:00 38.5 5:30 24.5 0.0 0.55 0.3 10.0 8:45 NW 22 37.1 44.0 15:15 33.3 7:15 18.9 0.0 0.70 1.1 15.0 15:15 WNW 23 24 25 26 27 28 29 30 31 ------------------------------------------------------------------------------------- 34.4 70.8 15 7.0 8 664.9 0.7 2.18 1.6 22.0 16 WNW Max >= 90.0: 0 Max <= 32.0: 3 Min <= 32.0: 16 Min <= 0.0: 0 Max Rain: 0.70 ON 03/22/19 Days of Rain: 10 (>.01 in) 4 (>.1 in) 0 (>1 in) Heat Base: 65.0 Cool Base: 65.0 Method: Integration