NOAA Climate Reports - Current Month, Prior Months, Current and Prior Year Summaries

NOAA style reports

NOAA Climate Reports

2017: Jan | Feb | Mar | Apr | May | Jun | Jul | Aug | Sep | Oct | Nov | Dec 
2016: Jan | Feb | Mar | Apr | May | Jun | Jul | Aug | Sep | Oct | Nov | Dec 

Report for 2017 09
MONTHLY CLIMATOLOGICAL SUMMARY for SEP. 2017 NAME: White Birch CITY: Archbald STATE: PA ELEV: 968 ft LAT: 41 29' 21" N LONG: 75 33' 49" W TEMPERATURE (F), RAIN (in), WIND SPEED (mph) HEAT COOL AVG MEAN DEG DEG WIND DOM DAY TEMP HIGH TIME LOW TIME DAYS DAYS RAIN SPEED HIGH TIME DIR ------------------------------------------------------------------------------------ 1 56.5 71.1 15:45 42.5 7:15 9.3 0.8 0.00 0.7 11.0 14:15 W 2 53.1 65.0 14:15 40.9 7:00 11.9 0.0 0.11 0.7 9.0 13:00 SE 3 57.8 64.7 16:45 53.4 4:15 7.2 0.0 0.74 0.6 10.0 2:15 WNW 4 65.9 80.2 16:00 54.1 7:15 3.9 4.8 0.01 1.8 17.0 15:00 S 5 68.4 79.2 13:30 61.6 7:15 0.5 3.9 0.20 0.8 15.0 15:15 WNW 6 59.6 65.0 0:15 56.9 8:00 5.4 0.0 0.66 0.0 4.0 15:30 WNW 7 58.3 67.1 16:30 52.0 00:00 6.8 0.0 0.13 0.7 14.0 19:15 WNW 8 56.0 67.8 14:30 49.3 23:45 9.0 0.0 0.01 1.0 14.0 15:45 WNW 9 54.8 62.5 15:45 48.7 2:30 10.2 0.0 0.00 0.5 8.0 10:15 W 10 58.0 73.4 14:45 44.6 7:15 8.9 1.9 0.00 0.5 10.0 15:00 W 11 58.9 78.2 16:15 42.6 7:00 9.3 3.1 0.00 0.4 6.0 12:15 W 12 62.5 81.0 15:00 47.6 7:00 6.6 4.2 0.00 0.4 8.0 15:00 S 13 63.2 78.6 12:45 49.9 5:45 5.0 3.1 0.02 0.3 7.0 11:30 S 14 68.6 77.4 14:15 64.3 7:30 0.1 3.7 0.03 0.6 10.0 11:45 S 15 70.7 82.9 16:15 64.5 5:15 0.1 5.8 0.00 0.3 8.0 16:00 W 16 70.4 85.6 14:15 62.6 6:15 0.3 5.6 0.14 0.3 7.0 14:15 SSW 17 71.5 87.2 14:30 62.0 3:00 0.9 7.4 0.01 0.5 9.0 17:00 SE 18 70.4 83.7 14:00 58.3 7:00 1.5 6.9 0.00 0.8 10.0 14:00 SE 19 72.1 85.5 14:45 63.1 4:00 0.2 7.3 0.00 0.5 9.0 13:00 SE 20 72.0 89.4 15:00 58.1 7:30 1.4 8.5 0.00 0.5 10.0 13:00 WNW 21 70.6 86.0 15:30 60.6 6:30 1.1 6.7 0.00 0.4 9.0 15:30 WNW 22 68.4 87.5 16:00 56.9 7:45 2.7 6.1 0.00 0.3 8.0 14:00 WNW 23 68.9 90.5 15:45 50.5 7:15 4.3 7.6 0.00 0.5 7.0 12:15 W 24 25 26 27 28 29 30 ------------------------------------------------------------------------------------- 64.2 90.5 23 40.9 2 106.6 87.4 2.06 0.6 17.0 4 WNW Max >= 90.0: 1 Max <= 32.0: 0 Min <= 32.0: 0 Min <= 0.0: 0 Max Rain: 0.74 ON 09/03/17 Days of Rain: 8 (>.01 in) 6 (>.1 in) 0 (>1 in) Heat Base: 65.0 Cool Base: 65.0 Method: Integration