NOAA Climate Reports - Current Month, Prior Months, Current and Prior Year Summaries

NOAA style reports

NOAA Climate Reports

2019: Jan | Feb | Mar | Apr | May | Jun | Jul | Aug | Sep | Oct | Nov | Dec 
2018: Jan | Feb | Mar | Apr | May | Jun | Jul | Aug | Sep | Oct | Nov | Dec 
2017: Jan | Feb | Mar | Apr | May | Jun | Jul | Aug | Sep | Oct | Nov | Dec 
2016: Jan | Feb | Mar | Apr | May | Jun | Jul | Aug | Sep | Oct | Nov | Dec 

Report for 2019 01
MONTHLY CLIMATOLOGICAL SUMMARY for JAN. 2019 NAME: White Birch CITY: Archbald STATE: PA ELEV: 968 ft LAT: 41 29' 21" N LONG: 75 33' 49" W TEMPERATURE (F), RAIN (in), WIND SPEED (mph) HEAT COOL AVG MEAN DEG DEG WIND DOM DAY TEMP HIGH TIME LOW TIME DAYS DAYS RAIN SPEED HIGH TIME DIR ------------------------------------------------------------------------------------ 1 43.0 52.5 8:45 33.9 00:00 22.0 0.0 0.00 2.3 20.0 9:00 WNW 2 34.9 39.0 13:30 31.4 8:15 30.1 0.0 0.00 0.8 13.0 23:00 SE 3 35.7 37.6 3:00 30.6 00:00 29.3 0.0 0.03 1.2 15.0 12:00 WNW 4 34.6 41.8 13:30 28.9 6:00 30.4 0.0 0.00 1.0 14.0 14:15 WNW 5 39.0 42.7 12:00 33.2 00:00 26.0 0.0 0.62 0.1 8.0 18:15 W 6 35.1 41.5 10:00 27.3 00:00 29.9 0.0 0.03 2.0 19.0 18:30 WNW 7 25.7 31.0 23:45 18.0 6:15 39.3 0.0 0.00 1.0 12.0 22:15 SE 8 35.8 42.6 12:30 29.9 1:00 29.2 0.0 0.29 0.8 14.0 1:45 WNW 9 35.3 40.1 3:45 28.0 23:15 29.7 0.0 0.06 4.3 21.0 3:15 WNW 10 26.1 28.4 14:30 21.7 00:00 38.9 0.0 0.00 3.3 17.0 13:45 WNW 11 19.4 26.0 13:45 13.5 00:00 45.6 0.0 0.00 1.5 15.0 15:00 WNW 12 20.9 28.0 15:00 11.8 2:45 44.1 0.0 0.00 0.2 6.0 13:45 W 13 27.2 36.9 15:15 20.8 00:00 37.8 0.0 0.00 0.2 7.0 13:00 SE 14 21.9 33.8 15:00 10.5 8:00 43.1 0.0 0.00 0.4 7.0 11:00 WNW 15 24.4 31.5 14:30 16.1 3:00 40.6 0.0 0.00 0.4 10.0 14:00 WNW 16 30.7 36.5 15:15 22.6 0:15 27.9 0.0 0.00 2.4 17.0 15:45 WNW 17 18 19 20 21 22 23 24 25 26 27 28 29 30 31 ------------------------------------------------------------------------------------- 30.6 52.5 1 10.5 14 543.9 0.0 1.03 1.4 21.0 9 WNW Max >= 90.0: 0 Max <= 32.0: 5 Min <= 32.0: 14 Min <= 0.0: 0 Max Rain: 0.62 ON 01/05/19 Days of Rain: 5 (>.01 in) 2 (>.1 in) 0 (>1 in) Heat Base: 65.0 Cool Base: 65.0 Method: Integration