NOAA Climate Reports - Current Month, Prior Months, Current and Prior Year Summaries

NOAA style reports

NOAA Climate Reports

2020: Jan | Feb | Mar | Apr | May | Jun | Jul | Aug | Sep | Oct | Nov | Dec 
2019: Jan | Feb | Mar | Apr | May | Jun | Jul | Aug | Sep | Oct | Nov | Dec 
2018: Jan | Feb | Mar | Apr | May | Jun | Jul | Aug | Sep | Oct | Nov | Dec 
2017: Jan | Feb | Mar | Apr | May | Jun | Jul | Aug | Sep | Oct | Nov | Dec 
2016: Jan | Feb | Mar | Apr | May | Jun | Jul | Aug | Sep | Oct | Nov | Dec 

Report for 2020
ANNUAL CLIMATOLOGICAL SUMMARY NAME: White Birch CITY: Archbald STATE: PA ELEV: 955 ft LAT: 41 29' 21" N LONG: 75 33' 49" W TEMPERATURE (F), HEAT BASE 65.0, COOL BASE 65.0 DEP. HEAT COOL MEAN MEAN FROM DEG DEG MAX MAX MIN MIN YR MO MAX MIN MEAN NORM DAYS DAYS HI DATE LOW DATE >=90 <=32 <=32 <=0 ------------------------------------------------------------------------------------ 20 1 36.0 20.3 28.6 2.6 1129 0 60.7 12 5.4 22 0 9 30 0 20 2 37.6 21.7 29.3 0.3 1035 0 53.6 4 -0.3 15 0 7 27 1 20 3 48.7 29.2 38.6 1.6 818 0 66.5 9 15.5 1 0 1 18 0 20 4 51.7 31.8 41.4 -7.6 709 0 64.4 7 21.7 17 0 0 16 0 20 5 66.8 42.7 54.1 -4.9 388 50 90.9 26 23.3 9 1 0 9 0 20 6 79.0 51.3 64.5 -3.5 147 134 88.8 22 32.3 1 0 0 0 0 20 7 85.7 60.6 71.7 -0.3 32 240 93.9 6 53.5 14 5 0 0 0 20 8 82.1 57.3 68.2 -1.8 75 175 89.9 22 43.5 20 0 0 0 0 20 9 72.4 47.3 59.3 -2.7 229 57 85.4 8 28.0 21 0 0 4 0 20 10 62.1 40.7 50.5 -0.5 393 8 79.7 22 26.9 18 0 0 5 0 20 11 20 12 ------------------------------------------------------------------------------------ 62.3 40.4 50.7 -1.7 4955 664 93.9 JUL -0.3 FEB 6 17 109 1 PRECIPITATION (in) DEP. MAX DAYS OF RAIN FROM OBS. OVER YR MO TOTAL NORM DAY DATE .01 .1 1 --------------------------------------------- 20 1 2.16 -0.21 0.80 25 14 3 0 20 2 2.61 0.51 0.59 27 12 6 0 20 3 2.97 0.42 0.66 19 11 8 0 20 4 4.24 0.91 0.94 13 16 10 0 20 5 2.80 -0.72 0.66 15 12 6 0 20 6 4.10 0.07 1.62 11 11 8 1 20 7 2.76 -1.03 1.49 10 11 6 1 20 8 3.71 0.30 2.67 4 8 5 1 20 9 3.11 -0.96 0.87 29 7 5 0 20 10 0.57 -2.77 0.28 12 5 2 0 20 11 20 12 --------------------------------------------- 29.03 -3.48 2.67 AUG 107 59 3 WIND SPEED (mph) DOM YR MO AVG. HI DATE DIR --------------------------------- 20 1 1.2 25.0 12 WNW 20 2 1.1 24.0 27 WNW 20 3 1.0 25.0 13 WNW 20 4 1.3 35.0 13 WNW 20 5 0.5 21.0 9 WNW 20 6 0.6 24.0 10 NW 20 7 0.6 19.0 29 NW 20 8 0.2 19.0 27 NW 20 9 0.2 17.0 30 NW 20 10 0.3 20.0 7 NW 20 11 20 12 --------------------------------- 0.7 35.0 APR WNW