NOAA Climate Reports - Current Month, Prior Months, Current and Prior Year Summaries

NOAA style reports

NOAA Climate Reports

2018: Jan | Feb | Mar | Apr | May | Jun | Jul | Aug | Sep | Oct | Nov | Dec 
2017: Jan | Feb | Mar | Apr | May | Jun | Jul | Aug | Sep | Oct | Nov | Dec 
2016: Jan | Feb | Mar | Apr | May | Jun | Jul | Aug | Sep | Oct | Nov | Dec 

Report for 2016
ANNUAL CLIMATOLOGICAL SUMMARY NAME: White Birch CITY: Archbald STATE: PA ELEV: 968 ft LAT: 41 29' 21" N LONG: 75 33' 49" W TEMPERATURE (F), HEAT BASE 65.0, COOL BASE 65.0 DEP. HEAT COOL MEAN MEAN FROM DEG DEG MAX MAX MIN MIN YR MO MAX MIN MEAN NORM DAYS DAYS HI DATE LOW DATE >=90 <=32 <=32 <=0 ------------------------------------------------------------------------------------ 16 1 36.4 20.2 28.0 2.0 1146 0 58.2 10 3.8 5 0 11 28 0 16 2 42.0 23.3 32.5 3.5 942 0 62.2 20 -9.3 14 0 7 22 3 16 3 56.8 33.2 44.8 7.8 632 6 77.7 9 17.6 3 0 0 14 0 16 4 61.0 36.3 49.0 0.0 506 26 82.7 17 18.4 6 0 0 9 0 16 5 72.4 48.3 60.0 1.0 263 107 93.8 28 33.8 10 5 0 0 0 16 6 82.4 55.8 69.0 1.0 82 202 93.5 19 43.9 10 5 0 0 0 16 7 88.6 62.5 74.5 2.5 25 321 96.2 22 51.0 3 14 0 0 0 16 8 86.9 63.1 73.8 3.8 27 301 96.3 13 48.8 23 9 0 0 0 16 9 80.5 54.2 66.7 4.7 121 172 93.2 7 38.8 25 4 0 0 0 16 10 64.0 42.5 52.9 1.9 402 27 82.3 18 27.3 26 0 0 6 0 16 11 52.8 34.1 43.2 2.2 657 2 71.3 19 24.5 28 0 0 12 0 16 12 38.3 25.4 32.1 1.1 1021 0 55.4 27 6.0 20 0 6 24 0 ------------------------------------------------------------------------------------ 63.6 41.6 52.3 2.6 5823 1162 96.3 AUG -9.3 FEB 37 24 115 3 PRECIPITATION (in) DEP. MAX DAYS OF RAIN FROM OBS. OVER YR MO TOTAL NORM DAY DATE .01 .1 1 --------------------------------------------- 16 1 1.26 -1.11 1.02 10 4 2 1 16 2 3.37 1.27 1.37 16 8 4 1 16 3 1.05 -1.50 0.37 28 6 3 0 16 4 3.01 -0.32 1.31 7 12 6 1 16 5 2.20 -1.32 0.48 30 9 6 0 16 6 2.29 -1.74 0.39 4 11 7 0 16 7 6.84 3.05 2.34 30 15 7 2 16 8 4.01 0.60 0.78 16 10 8 0 16 9 2.00 -2.07 0.61 30 11 5 0 16 10 2.86 -0.48 0.69 27 13 7 0 16 11 1.68 -1.46 0.59 30 6 5 0 16 12 1.87 -0.81 0.54 18 12 5 0 --------------------------------------------- 32.44 -5.89 2.34 JUL 117 65 5 WIND SPEED (mph) DOM YR MO AVG. HI DATE DIR --------------------------------- 16 1 1.9 27.0 10 WNW 16 2 2.1 33.0 16 WNW 16 3 2.1 29.0 2 WNW 16 4 1.6 27.0 6 W 16 5 1.1 25.0 15 WNW 16 6 1.4 23.0 12 WNW 16 7 1.1 19.0 9 WNW 16 8 0.9 22.0 11 WNW 16 9 0.9 24.0 11 SE 16 10 1.1 23.0 22 WNW 16 11 1.2 30.0 21 WNW 16 12 1.7 24.0 1 WNW --------------------------------- 1.4 33.0 FEB WNW