NOAA Climate Reports - Current Month, Prior Months, Current and Prior Year Summaries. Station 1st Report 17 Ocr 2014
NOAA style reports
NOAA Climate Reports
Notice: Undefined index: NOAA2024.TXT in /membri/k3csg/NOAA-reports.php on line 185
2024: Jan | Feb | Mar |
Notice: Undefined index: NOAA2024-04.TXT in /membri/k3csg/NOAA-reports.php on line 196
Apr |
Notice: Undefined index: NOAA2024-05.TXT in /membri/k3csg/NOAA-reports.php on line 196
May |
Notice: Undefined index: NOAA2024-06.TXT in /membri/k3csg/NOAA-reports.php on line 196
Jun |
Notice: Undefined index: NOAA2024-07.TXT in /membri/k3csg/NOAA-reports.php on line 196
Jul |
Notice: Undefined index: NOAA2024-08.TXT in /membri/k3csg/NOAA-reports.php on line 196
Aug |
Notice: Undefined index: NOAA2024-09.TXT in /membri/k3csg/NOAA-reports.php on line 196
Sep |
Notice: Undefined index: NOAA2024-10.TXT in /membri/k3csg/NOAA-reports.php on line 196
Oct |
Notice: Undefined index: NOAA2024-11.TXT in /membri/k3csg/NOAA-reports.php on line 196
Nov |
Notice: Undefined index: NOAA2024-12.TXT in /membri/k3csg/NOAA-reports.php on line 196
Dec
2023: Jan | Feb | Mar | Apr | May | Jun | Jul | Aug | Sep | Oct | Nov | Dec
2022: Jan | Feb | Mar | Apr | May | Jun | Jul | Aug | Sep | Oct | Nov | Dec
2021: Jan | Feb | Mar | Apr | May | Jun | Jul | Aug | Sep | Oct | Nov | Dec
2020: Jan | Feb | Mar | Apr | May | Jun | Jul | Aug | Sep | Oct | Nov | Dec
2019: Jan | Feb | Mar | Apr | May | Jun | Jul | Aug | Sep | Oct | Nov | Dec
2018: Jan | Feb | Mar | Apr | May | Jun | Jul | Aug | Sep | Oct | Nov | Dec
2017: Jan | Feb | Mar | Apr | May | Jun | Jul | Aug | Sep | Oct | Nov | Dec
2016: Jan | Feb | Mar | Apr | May | Jun | Jul | Aug | Sep | Oct | Nov | Dec
2015: Jan | Feb | Mar | Apr | May | Jun | Jul | Aug | Sep | Oct | Nov | Dec
2014:
Notice: Undefined index: NOAA2014-01.TXT in /membri/k3csg/NOAA-reports.php on line 196
Jan |
Notice: Undefined index: NOAA2014-02.TXT in /membri/k3csg/NOAA-reports.php on line 196
Feb |
Notice: Undefined index: NOAA2014-03.TXT in /membri/k3csg/NOAA-reports.php on line 196
Mar |
Notice: Undefined index: NOAA2014-04.TXT in /membri/k3csg/NOAA-reports.php on line 196
Apr |
Notice: Undefined index: NOAA2014-05.TXT in /membri/k3csg/NOAA-reports.php on line 196
May |
Notice: Undefined index: NOAA2014-06.TXT in /membri/k3csg/NOAA-reports.php on line 196
Jun |
Notice: Undefined index: NOAA2014-07.TXT in /membri/k3csg/NOAA-reports.php on line 196
Jul |
Notice: Undefined index: NOAA2014-08.TXT in /membri/k3csg/NOAA-reports.php on line 196
Aug |
Notice: Undefined index: NOAA2014-09.TXT in /membri/k3csg/NOAA-reports.php on line 196
Sep | Oct | Nov | Dec
Report for 2023 09
MONTHLY CLIMATOLOGICAL SUMMARY for AUG. 2023
NAME: White Birch Drive CITY: Archbald STATE: PA
ELEV: 955 ft LAT: 41° 30' 00" N LONG: 75° 36' 00" W
TEMPERATURE (°F), RAIN (in), WIND SPEED (mph)
HEAT COOL AVG
MEAN DEG DEG WIND DOM
DAY TEMP HIGH TIME LOW TIME DAYS DAYS RAIN SPEED HIGH TIME DIR
------------------------------------------------------------------------------------
1 66.4 79.6 16:00 54.8 7:30 2.9 4.3 0.00 0.0 1.0 15:30 WSW
2 65.0 83.9 16:00 48.4 6:30 5.7 5.7 0.00 0.0 1.0 18:00 WNW
3 67.6 80.1 15:30 54.0 6:00 3.4 6.0 0.00 0.0 7.0 18:00 S
4 72.4 80.4 15:00 67.7 7:30 0.0 7.4 0.00 0.0 9.0 16:30 N
5 72.3 83.6 15:30 62.7 6:00 0.3 7.6 0.00 0.0 0.0 --- ---
6 73.0 89.4 15:00 56.3 7:00 1.9 9.9 0.00 0.0 2.0 16:30 E
7 73.5 84.1 16:00 68.3 5:00 0.0 8.5 0.59 0.0 4.0 17:00 E
8 67.5 71.5 15:00 64.6 22:00 0.0 2.5 0.03 0.0 0.0 --- ---
9 69.2 85.4 15:30 61.3 7:30 0.6 4.8 0.00 0.0 5.0 16:30 NW
10 65.7 72.4 19:00 59.9 4:30 1.7 2.4 0.01 0.0 0.0 --- ---
11 70.6 84.1 16:30 62.4 7:00 0.6 6.1 0.00 0.0 4.0 16:30 WNW
12 69.6 88.4 16:30 57.0 7:00 2.1 6.7 0.01 0.0 7.0 17:30 NW
13 71.4 85.1 15:30 62.5 6:30 0.4 6.8 0.00 0.0 2.0 18:30 WNW
14 71.1 84.4 14:30 60.4 6:00 1.1 7.1 0.00 0.0 1.0 12:00 NNW
15 69.9 77.9 18:00 65.6 6:00 0.0 4.9 0.02 0.0 1.0 17:30 W
16 72.2 83.3 16:00 65.2 00:00 0.0 7.2 0.01 0.0 1.0 12:00 NW
17 71.9 83.2 16:30 60.9 6:00 0.9 7.8 0.01 0.0 8.0 18:30 E
18 68.2 77.0 15:00 62.0 00:00 0.6 3.8 0.31 0.0 10.0 4:30 NW
19 66.2 78.9 16:30 55.5 7:30 2.8 4.0 0.07 0.0 2.0 7:00 NW
20 67.6 85.0 17:00 52.0 7:00 4.1 6.7 0.03 0.0 2.0 14:00 NW
21 72.6 86.5 15:30 62.4 5:30 0.5 8.1 0.01 0.0 4.0 15:00 S
22 69.0 83.3 16:00 57.6 7:30 1.4 5.4 0.02 0.0 1.0 14:30 SW
23 66.5 79.8 14:00 54.0 6:00 3.4 4.9 0.00 0.0 1.0 12:00 N
24 64.6 68.2 0:30 63.0 21:00 0.8 0.4 0.00 0.0 3.0 10:00 NW
25 71.3 80.1 17:30 63.6 0:30 0.1 6.5 0.02 0.0 3.0 17:30 S
26 73.1 83.4 16:00 64.6 00:00 0.0 8.1 0.04 0.0 1.0 10:30 S
27 67.9 81.7 15:30 59.6 6:30 1.4 4.3 0.02 0.0 1.0 9:30 S
28 66.3 74.0 14:30 58.1 3:00 1.9 3.2 0.02 0.0 0.0 --- ---
29 69.7 79.4 17:00 60.5 6:30 0.9 5.6 0.02 0.0 0.0 --- ---
30 70.4 81.2 15:30 61.7 00:00 0.2 5.6 0.01 0.0 3.0 15:30 SSW
31 64.6 78.8 15:00 53.2 8:00 3.7 3.3 0.01 0.0 1.0 13:30 SSW
-------------------------------------------------------------------------------------
69.3 89.4 6 48.4 2 43.4 175.6 1.26 0.0 10.0 18 NW
Max >= 90.0: 0
Max <= 32.0: 0
Min <= 32.0: 0
Min <= 0.0: 0
Max Rain: 0.59 ON 08/07/23
Days of Rain: 12 (>.01 in) 2 (>.1 in) 0 (>1 in)
Heat Base: 65.0 Cool Base: 65.0 Method: Integration