NOAA Climate Reports - Current Month, Prior Months, Current and Prior Year Summaries. Station 1st Report 17 Ocr 2014
NOAA style reports
NOAA Climate Reports
Notice: Undefined index: NOAA2024.TXT in /membri/k3csg/NOAA-reports.php on line 185
2024: Jan | Feb | Mar |
Notice: Undefined index: NOAA2024-04.TXT in /membri/k3csg/NOAA-reports.php on line 196
Apr |
Notice: Undefined index: NOAA2024-05.TXT in /membri/k3csg/NOAA-reports.php on line 196
May |
Notice: Undefined index: NOAA2024-06.TXT in /membri/k3csg/NOAA-reports.php on line 196
Jun |
Notice: Undefined index: NOAA2024-07.TXT in /membri/k3csg/NOAA-reports.php on line 196
Jul |
Notice: Undefined index: NOAA2024-08.TXT in /membri/k3csg/NOAA-reports.php on line 196
Aug |
Notice: Undefined index: NOAA2024-09.TXT in /membri/k3csg/NOAA-reports.php on line 196
Sep |
Notice: Undefined index: NOAA2024-10.TXT in /membri/k3csg/NOAA-reports.php on line 196
Oct |
Notice: Undefined index: NOAA2024-11.TXT in /membri/k3csg/NOAA-reports.php on line 196
Nov |
Notice: Undefined index: NOAA2024-12.TXT in /membri/k3csg/NOAA-reports.php on line 196
Dec
2023: Jan | Feb | Mar | Apr | May | Jun | Jul | Aug | Sep | Oct | Nov | Dec
2022: Jan | Feb | Mar | Apr | May | Jun | Jul | Aug | Sep | Oct | Nov | Dec
2021: Jan | Feb | Mar | Apr | May | Jun | Jul | Aug | Sep | Oct | Nov | Dec
2020: Jan | Feb | Mar | Apr | May | Jun | Jul | Aug | Sep | Oct | Nov | Dec
2019: Jan | Feb | Mar | Apr | May | Jun | Jul | Aug | Sep | Oct | Nov | Dec
2018: Jan | Feb | Mar | Apr | May | Jun | Jul | Aug | Sep | Oct | Nov | Dec
2017: Jan | Feb | Mar | Apr | May | Jun | Jul | Aug | Sep | Oct | Nov | Dec
2016: Jan | Feb | Mar | Apr | May | Jun | Jul | Aug | Sep | Oct | Nov | Dec
2015: Jan | Feb | Mar | Apr | May | Jun | Jul | Aug | Sep | Oct | Nov | Dec
2014:
Notice: Undefined index: NOAA2014-01.TXT in /membri/k3csg/NOAA-reports.php on line 196
Jan |
Notice: Undefined index: NOAA2014-02.TXT in /membri/k3csg/NOAA-reports.php on line 196
Feb |
Notice: Undefined index: NOAA2014-03.TXT in /membri/k3csg/NOAA-reports.php on line 196
Mar |
Notice: Undefined index: NOAA2014-04.TXT in /membri/k3csg/NOAA-reports.php on line 196
Apr |
Notice: Undefined index: NOAA2014-05.TXT in /membri/k3csg/NOAA-reports.php on line 196
May |
Notice: Undefined index: NOAA2014-06.TXT in /membri/k3csg/NOAA-reports.php on line 196
Jun |
Notice: Undefined index: NOAA2014-07.TXT in /membri/k3csg/NOAA-reports.php on line 196
Jul |
Notice: Undefined index: NOAA2014-08.TXT in /membri/k3csg/NOAA-reports.php on line 196
Aug |
Notice: Undefined index: NOAA2014-09.TXT in /membri/k3csg/NOAA-reports.php on line 196
Sep | Oct | Nov | Dec
Report for 2023 03
MONTHLY CLIMATOLOGICAL SUMMARY for MAR. 2023
NAME: White Birch Drive CITY: Archbald STATE: PA
ELEV: 955 ft LAT: 41° 30' 00" N LONG: 75° 36' 00" W
TEMPERATURE (°F), RAIN (in), WIND SPEED (mph)
HEAT COOL AVG
MEAN DEG DEG WIND DOM
DAY TEMP HIGH TIME LOW TIME DAYS DAYS RAIN SPEED HIGH TIME DIR
------------------------------------------------------------------------------------
1 38.6 49.2 13:00 27.1 7:30 26.4 0.0 0.00 0.0 13.0 15:00 ESE
2 43.2 53.9 12:00 34.4 22:30 21.8 0.0 0.00 0.0 13.0 13:30 WNW
3 36.1 45.5 13:30 29.0 7:30 28.9 0.0 0.33 0.0 9.0 15:30 SE
4 36.1 39.7 13:00 33.6 1:00 28.9 0.0 0.53 0.0 18.0 4:00 NW
5 38.7 46.8 14:30 31.0 7:00 26.3 0.0 0.00 0.0 9.0 12:30 NW
6 40.4 49.2 16:00 35.1 00:00 24.6 0.0 0.00 0.0 3.0 15:00 WSW
7 34.1 43.1 15:00 29.5 7:00 30.9 0.0 0.00 0.0 17.0 15:30 WNW
8 32.3 39.8 15:00 28.5 6:00 32.7 0.0 0.00 0.0 9.0 3:30 S
9 34.2 44.7 14:30 28.7 7:30 30.8 0.0 0.00 0.0 5.0 9:00 S
10 33.8 42.1 12:30 27.4 6:30 31.2 0.0 0.00 0.0 2.0 8:30 W
11 32.8 34.7 0:30 29.9 00:00 32.2 0.0 0.01 0.0 5.0 13:00 WNW
12 33.7 42.0 15:30 20.7 8:00 30.0 0.0 0.00 0.0 3.0 1:30 SE
13 37.6 40.6 13:00 34.8 8:30 27.4 0.0 0.03 0.0 0.0 --- ---
14 30.6 35.8 0:30 28.5 19:30 34.4 0.0 0.26 0.3 14.0 16:00 WNW
15 32.4 41.6 15:30 27.2 8:00 32.6 0.0 0.00 0.0 19.0 2:00 WNW
16 40.7 58.6 17:00 24.9 8:30 24.3 0.0 0.00 0.0 7.0 12:00 NW
17 44.0 53.7 15:30 35.9 2:30 21.0 0.0 0.17 0.0 13.0 16:00 NW
18 39.9 49.1 15:00 32.6 00:00 25.1 0.0 0.00 0.0 10.0 2:30 WNW
19 29.0 35.8 17:00 22.6 7:30 36.0 0.0 0.00 0.1 19.0 10:30 WNW
20 36.6 51.8 16:00 22.9 7:30 28.4 0.0 0.00 0.0 11.0 15:30 ESE
21 43.3 61.1 16:30 25.3 5:30 21.7 0.0 0.00 0.0 10.0 16:00 SSE
22 48.5 64.0 14:00 33.5 4:00 16.5 0.0 0.00 0.0 13.0 14:30 S
23 50.3 56.6 20:30 45.1 8:00 14.7 0.0 0.24 0.0 4.0 21:00 SSW
24 43.1 51.9 16:00 35.6 00:00 21.9 0.0 0.00 0.0 3.0 15:30 WNW
25 38.8 41.6 00:00 33.8 2:30 26.2 0.0 0.12 0.0 0.0 --- ---
26 49.0 61.2 16:30 39.3 00:00 16.0 0.0 0.00 0.0 13.0 10:00 WNW
27 44.0 64.6 13:30 29.6 6:30 21.0 0.0 0.03 0.0 6.0 13:00 ESE
28 42.2 51.2 17:30 33.2 00:00 22.8 0.0 0.01 0.0 3.0 18:00 SW
29 41.5 55.8 15:30 27.7 8:00 23.5 0.0 0.03 0.1 33.0 22:00 NW
30 33.2 44.4 17:00 23.9 7:30 31.8 0.0 0.00 0.0 4.0 4:30 WNW
31 38.2 47.6 13:00 24.4 5:00 26.8 0.0 0.04 0.1 10.0 13:00 S
-------------------------------------------------------------------------------------
38.6 64.6 27 20.7 12 816.8 0.0 1.80 0.0 33.0 29 WNW
Max >= 90.0: 0
Max <= 32.0: 0
Min <= 32.0: 19
Min <= 0.0: 0
Max Rain: 0.53 ON 03/04/23
Days of Rain: 10 (>.01 in) 6 (>.1 in) 0 (>1 in)
Heat Base: 65.0 Cool Base: 65.0 Method: Integration