NOAA Climate Reports - Current Month, Prior Months, Current and Prior Year Summaries. Station 1st Report 17 Ocr 2014
NOAA style reports
NOAA Climate Reports
Notice: Undefined index: NOAA2024.TXT in /membri/k3csg/NOAA-reports.php on line 185
2024: Jan | Feb | Mar |
Notice: Undefined index: NOAA2024-04.TXT in /membri/k3csg/NOAA-reports.php on line 196
Apr |
Notice: Undefined index: NOAA2024-05.TXT in /membri/k3csg/NOAA-reports.php on line 196
May |
Notice: Undefined index: NOAA2024-06.TXT in /membri/k3csg/NOAA-reports.php on line 196
Jun |
Notice: Undefined index: NOAA2024-07.TXT in /membri/k3csg/NOAA-reports.php on line 196
Jul |
Notice: Undefined index: NOAA2024-08.TXT in /membri/k3csg/NOAA-reports.php on line 196
Aug |
Notice: Undefined index: NOAA2024-09.TXT in /membri/k3csg/NOAA-reports.php on line 196
Sep |
Notice: Undefined index: NOAA2024-10.TXT in /membri/k3csg/NOAA-reports.php on line 196
Oct |
Notice: Undefined index: NOAA2024-11.TXT in /membri/k3csg/NOAA-reports.php on line 196
Nov |
Notice: Undefined index: NOAA2024-12.TXT in /membri/k3csg/NOAA-reports.php on line 196
Dec
2023: Jan | Feb | Mar | Apr | May | Jun | Jul | Aug | Sep | Oct | Nov | Dec
2022: Jan | Feb | Mar | Apr | May | Jun | Jul | Aug | Sep | Oct | Nov | Dec
2021: Jan | Feb | Mar | Apr | May | Jun | Jul | Aug | Sep | Oct | Nov | Dec
2020: Jan | Feb | Mar | Apr | May | Jun | Jul | Aug | Sep | Oct | Nov | Dec
2019: Jan | Feb | Mar | Apr | May | Jun | Jul | Aug | Sep | Oct | Nov | Dec
2018: Jan | Feb | Mar | Apr | May | Jun | Jul | Aug | Sep | Oct | Nov | Dec
2017: Jan | Feb | Mar | Apr | May | Jun | Jul | Aug | Sep | Oct | Nov | Dec
2016: Jan | Feb | Mar | Apr | May | Jun | Jul | Aug | Sep | Oct | Nov | Dec
2015: Jan | Feb | Mar | Apr | May | Jun | Jul | Aug | Sep | Oct | Nov | Dec
2014:
Notice: Undefined index: NOAA2014-01.TXT in /membri/k3csg/NOAA-reports.php on line 196
Jan |
Notice: Undefined index: NOAA2014-02.TXT in /membri/k3csg/NOAA-reports.php on line 196
Feb |
Notice: Undefined index: NOAA2014-03.TXT in /membri/k3csg/NOAA-reports.php on line 196
Mar |
Notice: Undefined index: NOAA2014-04.TXT in /membri/k3csg/NOAA-reports.php on line 196
Apr |
Notice: Undefined index: NOAA2014-05.TXT in /membri/k3csg/NOAA-reports.php on line 196
May |
Notice: Undefined index: NOAA2014-06.TXT in /membri/k3csg/NOAA-reports.php on line 196
Jun |
Notice: Undefined index: NOAA2014-07.TXT in /membri/k3csg/NOAA-reports.php on line 196
Jul |
Notice: Undefined index: NOAA2014-08.TXT in /membri/k3csg/NOAA-reports.php on line 196
Aug |
Notice: Undefined index: NOAA2014-09.TXT in /membri/k3csg/NOAA-reports.php on line 196
Sep | Oct | Nov | Dec
Report for 2021 03
MONTHLY CLIMATOLOGICAL SUMMARY for MAR. 2021
NAME: White Birch CITY: Archbald STATE: PA
ELEV: 955 ft LAT: 41° 29' 21" N LONG: 75° 33' 49" W
TEMPERATURE (°F), RAIN (in), WIND SPEED (mph)
HEAT COOL AVG
MEAN DEG DEG WIND DOM
DAY TEMP HIGH TIME LOW TIME DAYS DAYS RAIN SPEED HIGH TIME DIR
------------------------------------------------------------------------------------
1 32.9 40.1 15:35 18.0 23:58 32.0 0.0 0.46 1.5 24.0 14:47 WNW
2 18.2 26.8 15:40 11.1 7:30 46.6 0.0 0.02 0.6 20.0 3:44 WNW
3 30.8 42.8 12:33 15.9 0:01 34.2 0.0 0.00 0.0 12.0 10:40 WNW
4 27.7 33.1 14:15 16.2 23:59 37.3 0.0 0.00 0.4 17.0 13:47 WNW
5 21.5 29.8 14:45 12.3 6:07 43.4 0.0 0.00 0.5 19.0 12:08 WNW
6 22.3 24.6 16:06 19.4 7:50 42.7 0.0 0.01 0.1 15.0 12:53 WNW
7 23.7 33.6 15:21 15.3 23:59 41.3 0.0 0.00 0.0 9.0 12:22 W
8 24.7 39.0 14:17 6.9 6:43 40.1 0.0 0.00 0.0 9.0 14:20 WNW
9 40.1 54.7 15:06 27.8 23:58 24.9 0.0 0.00 0.1 9.0 14:17 W
10 41.7 60.6 13:49 22.8 6:45 23.3 0.0 0.00 0.1 10.0 14:44 SE
11 51.1 68.1 14:05 35.4 7:09 14.2 0.3 0.00 0.2 16.0 13:52 NW
12 49.6 58.8 15:33 35.8 23:59 15.4 0.0 0.00 0.2 16.0 17:36 WNW
13 31.1 41.5 15:57 20.9 6:48 33.9 0.0 0.00 0.2 14.0 0:38 WNW
14 32.1 44.3 13:43 22.0 00:00 31.6 0.0 0.00 0.6 19.0 15:14 WNW
15 22.8 34.1 15:44 13.2 7:29 42.2 0.0 0.00 0.7 17.0 0:01 WNW
16 25.3 31.0 17:04 18.6 1:53 39.7 0.0 0.00 0.1 10.0 12:48 SE
17 35.3 48.2 17:02 28.7 0:01 29.7 0.0 0.00 0.0 9.0 16:50 S
18 37.2 40.0 15:19 32.6 23:58 27.8 0.0 0.00 0.1 8.0 0:08 SW
19 30.4 41.0 15:28 21.8 7:55 34.6 0.0 1.07 0.6 11.0 12:07 S
20 34.2 55.2 16:10 15.8 7:39 30.8 0.0 0.00 0.1 7.0 16:15 WNW
21 41.0 64.2 15:31 20.3 6:55 24.0 0.0 0.00 0.2 9.0 16:24 SE
22 44.4 65.5 14:46 23.3 7:23 20.6 0.0 0.00 0.3 11.0 17:05 SE
23 46.5 67.6 14:46 24.1 7:39 18.7 0.1 0.00 0.1 12.0 20:56 SE
24 47.9 51.0 21:06 44.0 2:45 17.1 0.0 0.01 0.1 11.0 22:52 ESE
25 55.4 68.3 15:50 48.1 6:55 9.9 0.3 0.43 0.0 13.0 20:53 S
26 56.8 68.0 13:39 45.6 23:56 8.4 0.2 0.04 1.5 25.0 12:19 WNW
27 50.3 62.5 15:23 39.8 4:05 14.7 0.0 0.00 0.1 12.0 15:05 S
28 49.4 54.1 17:05 41.5 00:00 15.6 0.0 0.08 0.7 19.0 7:00 WNW
29 38.1 47.7 16:31 29.1 00:00 26.9 0.0 0.62 2.6 21.0 1:38 WNW
30 43.8 61.9 15:01 23.8 7:25 21.2 0.0 0.00 0.7 17.0 15:23 SE
31 49.6 56.8 15:21 39.2 00:00 15.4 0.0 0.00 0.2 14.0 13:04 S
-------------------------------------------------------------------------------------
37.3 68.3 25 6.9 8 858.2 0.9 2.74 0.4 25.0 26 WNW
Max >= 90.0: 0
Max <= 32.0: 4
Min <= 32.0: 22
Min <= 0.0: 0
Max Rain: 0.93 ON 03/18/21
Days of Rain: 7 (>.01 in) 5 (>.1 in) 0 (>1 in)
Heat Base: 65.0 Cool Base: 65.0 Method: Integration