NOAA Climate Reports - Current Month, Prior Months, Current and Prior Year Summaries

NOAA style reports

NOAA Climate Reports

2020: Jan | Feb | Mar | Apr | May | Jun | Jul | Aug | Sep | Oct | Nov | Dec 
2019: Jan | Feb | Mar | Apr | May | Jun | Jul | Aug | Sep | Oct | Nov | Dec 
2018: Jan | Feb | Mar | Apr | May | Jun | Jul | Aug | Sep | Oct | Nov | Dec 
2017: Jan | Feb | Mar | Apr | May | Jun | Jul | Aug | Sep | Oct | Nov | Dec 
2016: Jan | Feb | Mar | Apr | May | Jun | Jul | Aug | Sep | Oct | Nov | Dec 

Report for 2020 04
MONTHLY CLIMATOLOGICAL SUMMARY for APR. 2020 NAME: White Birch CITY: Archbald STATE: PA ELEV: 968 ft LAT: 41 29' 21" N LONG: 75 33' 49" W TEMPERATURE (F), RAIN (in), WIND SPEED (mph) HEAT COOL AVG MEAN DEG DEG WIND DOM DAY TEMP HIGH TIME LOW TIME DAYS DAYS RAIN SPEED HIGH TIME DIR ------------------------------------------------------------------------------------ 1 39.6 50.0 16:00 31.3 00:00 25.4 0.0 0.00 0.2 12.0 18:30 WNW 2 38.2 50.1 16:15 26.6 4:00 26.8 0.0 0.00 1.1 24.0 13:45 WNW 3 39.7 45.3 14:45 35.3 10:30 25.3 0.0 0.06 0.7 14.0 5:00 WNW 4 45.0 51.2 18:30 39.4 5:00 20.0 0.0 0.00 0.0 8.0 13:15 WNW 5 51.2 61.2 14:15 43.2 7:15 13.8 0.0 0.02 0.2 12.0 14:15 WNW 6 45.4 59.5 16:30 32.3 7:45 19.6 0.0 0.03 0.3 12.0 16:15 WNW 7 48.7 64.4 16:15 32.6 7:00 16.3 0.0 0.01 0.2 15.0 13:30 WNW 8 49.9 60.0 16:30 39.6 00:00 15.1 0.0 0.15 0.9 14.0 14:00 WNW 9 41.0 49.0 10:00 34.9 2:30 24.0 0.0 0.41 2.4 32.0 13:00 WNW 10 32.8 36.1 11:45 29.3 5:30 32.2 0.0 0.07 3.8 22.0 11:45 WNW 11 37.0 48.1 15:45 27.7 5:45 28.0 0.0 0.00 2.3 17.0 11:15 WNW 12 44.7 61.1 14:30 23.8 6:30 20.3 0.0 0.00 1.2 16.0 10:15 ESE 13 54.5 59.7 16:15 41.0 00:00 10.5 0.0 0.94 3.8 35.0 9:00 WNW 14 40.7 49.0 15:00 35.6 8:00 24.3 0.0 0.00 1.4 12.0 23:15 WNW 15 36.7 47.0 14:45 27.0 7:00 28.3 0.0 0.00 1.4 17.0 13:00 WNW 16 32.2 41.6 14:45 25.0 00:00 32.8 0.0 0.02 1.7 16.0 15:30 WNW 17 29.8 40.2 12:45 21.7 7:15 35.2 0.0 0.13 1.2 14.0 13:15 NW 18 33.2 40.7 17:45 26.9 00:00 31.8 0.0 0.30 0.6 11.0 11:30 WNW 19 40.3 55.1 15:00 22.6 5:15 24.7 0.0 0.00 2.3 18.0 13:45 NW 20 43.3 54.7 17:00 32.6 00:00 21.7 0.0 0.00 0.6 9.0 12:45 WNW 21 35.1 46.8 10:15 25.0 6:00 29.9 0.0 0.12 2.1 22.0 17:15 WNW 22 33.1 42.7 16:15 25.8 7:00 31.9 0.0 0.00 3.8 23.0 12:15 WNW 23 38.4 50.1 17:15 27.1 2:15 26.6 0.0 0.00 0.6 12.0 18:00 SE 24 41.9 47.9 16:15 35.3 6:30 23.1 0.0 0.27 0.0 3.0 2:30 WNW 25 49.0 61.7 16:00 41.9 8:00 16.0 0.0 0.02 0.2 9.0 23:15 SE 26 38.8 50.0 0:15 29.6 22:45 26.2 0.0 0.83 0.2 10.0 12:15 NW 27 37.1 46.8 14:00 30.0 0:15 27.9 0.0 0.13 0.2 10.0 15:45 WNW 28 45.6 61.1 15:45 30.4 6:30 19.4 0.0 0.01 0.2 12.0 13:30 WNW 29 46.8 57.9 11:30 34.5 5:30 18.2 0.0 0.00 1.1 18.0 14:00 SE 30 51.7 61.7 13:45 44.6 5:30 13.3 0.0 0.72 4.5 26.0 16:15 SE ------------------------------------------------------------------------------------- 41.4 64.4 7 21.7 17 708.6 0.0 4.24 1.3 35.0 13 WNW Max >= 90.0: 0 Max <= 32.0: 0 Min <= 32.0: 16 Min <= 0.0: 0 Max Rain: 0.94 ON 04/13/20 Days of Rain: 16 (>.01 in) 10 (>.1 in) 0 (>1 in) Heat Base: 65.0 Cool Base: 65.0 Method: Integration