NOAA Climate Reports - Current Month, Prior Months, Current and Prior Year Summaries

NOAA style reports

NOAA Climate Reports

2020: Jan | Feb | Mar | Apr | May | Jun | Jul | Aug | Sep | Oct | Nov | Dec 
2019: Jan | Feb | Mar | Apr | May | Jun | Jul | Aug | Sep | Oct | Nov | Dec 
2018: Jan | Feb | Mar | Apr | May | Jun | Jul | Aug | Sep | Oct | Nov | Dec 
2017: Jan | Feb | Mar | Apr | May | Jun | Jul | Aug | Sep | Oct | Nov | Dec 
2016: Jan | Feb | Mar | Apr | May | Jun | Jul | Aug | Sep | Oct | Nov | Dec 

Report for 2019 12
MONTHLY CLIMATOLOGICAL SUMMARY for DEC. 2019 NAME: White Birch CITY: Archbald STATE: PA ELEV: 968 ft LAT: 41 29' 21" N LONG: 75 33' 49" W TEMPERATURE (F), RAIN (in), WIND SPEED (mph) HEAT COOL AVG MEAN DEG DEG WIND DOM DAY TEMP HIGH TIME LOW TIME DAYS DAYS RAIN SPEED HIGH TIME DIR ------------------------------------------------------------------------------------ 1 24.0 27.5 22:15 19.4 2:45 41.0 0.0 0.01 1.0 12.0 18:45 WNW 2 27.9 29.5 15:00 26.2 22:00 37.1 0.0 0.00 0.0 10.0 1:00 SE 3 23.3 28.4 14:15 19.2 6:15 41.7 0.0 0.02 0.5 10.0 2:15 WNW 4 27.9 31.0 13:45 23.6 0:15 37.1 0.0 0.03 0.3 9.0 12:30 WNW 5 28.6 31.2 12:30 26.6 21:00 36.4 0.0 0.06 2.1 17.0 13:45 WNW 6 28.9 35.6 16:00 23.5 3:45 36.1 0.0 0.09 0.8 16.0 18:30 WNW 7 23.2 30.1 14:00 11.9 00:00 41.8 0.0 0.00 0.9 13.0 14:00 WNW 8 21.6 33.0 13:00 6.4 6:00 43.4 0.0 0.02 1.1 13.0 12:45 S 9 37.1 42.0 21:30 31.5 0:15 27.9 0.0 0.64 0.3 9.0 2:15 NW 10 41.1 46.4 13:00 28.7 00:00 23.9 0.0 0.04 1.1 19.0 16:15 WNW 11 26.6 32.3 13:30 21.9 23:45 38.4 0.0 0.00 2.4 17.0 14:00 WNW 12 22.2 29.8 14:45 12.4 7:30 42.8 0.0 0.00 0.7 10.0 1:00 S 13 32.3 40.9 22:30 23.7 1:00 32.7 0.0 0.08 0.8 16.0 6:30 WNW 14 40.3 46.3 12:15 32.5 23:00 24.7 0.0 0.28 1.3 18.0 19:00 WNW 15 32.4 36.0 8:45 25.5 00:00 32.6 0.0 0.00 3.4 19.0 16:15 WNW 16 25.3 28.2 16:00 23.0 4:15 39.7 0.0 0.00 0.0 3.0 0:45 WNW 17 26.6 28.5 15:00 24.8 5:00 38.4 0.0 0.00 0.4 8.0 6:30 ESE 18 20.5 27.0 12:15 9.2 00:00 44.5 0.0 0.00 2.1 17.0 13:00 WNW 19 11.3 17.2 13:30 5.8 7:30 53.7 0.0 0.00 1.8 17.0 1:30 WNW 20 16.0 25.1 14:00 8.8 7:45 49.0 0.0 0.02 0.4 9.0 13:30 SSW 21 16.6 28.5 16:00 6.8 3:15 48.4 0.0 0.01 0.2 7.0 12:00 SE 22 23.3 37.4 15:30 9.9 7:30 41.7 0.0 0.09 0.5 8.0 14:00 W 23 31.7 45.9 15:30 18.8 8:00 33.3 0.0 0.06 0.7 10.0 12:30 NW 24 33.7 43.1 13:00 21.7 00:00 31.3 0.0 0.00 0.5 9.0 1:30 SW 25 27.6 40.3 14:30 17.3 7:15 37.4 0.0 0.00 0.4 8.0 13:30 S 26 31.2 39.8 14:00 21.4 5:30 33.8 0.0 0.00 0.8 14.0 18:15 SE 27 38.5 42.5 15:45 35.8 5:00 26.5 0.0 0.01 0.6 9.0 11:00 WNW 28 35.3 42.3 14:00 24.5 00:00 29.7 0.0 0.00 0.3 9.0 7:00 WNW 29 28.7 34.6 00:00 22.0 7:15 36.3 0.0 0.32 0.0 3.0 3:00 ESE 30 32.8 34.7 0:45 31.2 00:00 32.2 0.0 0.22 1.8 23.0 9:15 SE 31 32.1 37.0 13:15 29.2 7:00 32.9 0.0 0.01 1.3 14.0 13:30 WNW ------------------------------------------------------------------------------------- 28.0 46.4 10 5.8 19 1146.4 0.0 2.01 0.9 23.0 30 WNW Max >= 90.0: 0 Max <= 32.0: 13 Min <= 32.0: 29 Min <= 0.0: 0 Max Rain: 0.64 ON 12/09/19 Days of Rain: 14 (>.01 in) 4 (>.1 in) 0 (>1 in) Heat Base: 65.0 Cool Base: 65.0 Method: Integration