NOAA Climate Reports - Current Month, Prior Months, Current and Prior Year Summaries. Station 1st Report 17 Ocr 2014
NOAA style reports
NOAA Climate Reports
Notice: Undefined index: NOAA2024.TXT in /membri/k3csg/NOAA-reports.php on line 185
2024: Jan | Feb | Mar | Apr |
Notice: Undefined index: NOAA2024-05.TXT in /membri/k3csg/NOAA-reports.php on line 196
May |
Notice: Undefined index: NOAA2024-06.TXT in /membri/k3csg/NOAA-reports.php on line 196
Jun |
Notice: Undefined index: NOAA2024-07.TXT in /membri/k3csg/NOAA-reports.php on line 196
Jul |
Notice: Undefined index: NOAA2024-08.TXT in /membri/k3csg/NOAA-reports.php on line 196
Aug |
Notice: Undefined index: NOAA2024-09.TXT in /membri/k3csg/NOAA-reports.php on line 196
Sep |
Notice: Undefined index: NOAA2024-10.TXT in /membri/k3csg/NOAA-reports.php on line 196
Oct |
Notice: Undefined index: NOAA2024-11.TXT in /membri/k3csg/NOAA-reports.php on line 196
Nov |
Notice: Undefined index: NOAA2024-12.TXT in /membri/k3csg/NOAA-reports.php on line 196
Dec
2023: Jan | Feb | Mar | Apr | May | Jun | Jul | Aug | Sep | Oct | Nov | Dec
2022: Jan | Feb | Mar | Apr | May | Jun | Jul | Aug | Sep | Oct | Nov | Dec
2021: Jan | Feb | Mar | Apr | May | Jun | Jul | Aug | Sep | Oct | Nov | Dec
2020: Jan | Feb | Mar | Apr | May | Jun | Jul | Aug | Sep | Oct | Nov | Dec
2019: Jan | Feb | Mar | Apr | May | Jun | Jul | Aug | Sep | Oct | Nov | Dec
2018: Jan | Feb | Mar | Apr | May | Jun | Jul | Aug | Sep | Oct | Nov | Dec
2017: Jan | Feb | Mar | Apr | May | Jun | Jul | Aug | Sep | Oct | Nov | Dec
2016: Jan | Feb | Mar | Apr | May | Jun | Jul | Aug | Sep | Oct | Nov | Dec
2015: Jan | Feb | Mar | Apr | May | Jun | Jul | Aug | Sep | Oct | Nov | Dec
2014:
Notice: Undefined index: NOAA2014-01.TXT in /membri/k3csg/NOAA-reports.php on line 196
Jan |
Notice: Undefined index: NOAA2014-02.TXT in /membri/k3csg/NOAA-reports.php on line 196
Feb |
Notice: Undefined index: NOAA2014-03.TXT in /membri/k3csg/NOAA-reports.php on line 196
Mar |
Notice: Undefined index: NOAA2014-04.TXT in /membri/k3csg/NOAA-reports.php on line 196
Apr |
Notice: Undefined index: NOAA2014-05.TXT in /membri/k3csg/NOAA-reports.php on line 196
May |
Notice: Undefined index: NOAA2014-06.TXT in /membri/k3csg/NOAA-reports.php on line 196
Jun |
Notice: Undefined index: NOAA2014-07.TXT in /membri/k3csg/NOAA-reports.php on line 196
Jul |
Notice: Undefined index: NOAA2014-08.TXT in /membri/k3csg/NOAA-reports.php on line 196
Aug |
Notice: Undefined index: NOAA2014-09.TXT in /membri/k3csg/NOAA-reports.php on line 196
Sep | Oct | Nov | Dec
Report for 2018 09
MONTHLY CLIMATOLOGICAL SUMMARY for SEP. 2018
NAME: White Birch CITY: Archbald STATE: PA
ELEV: 968 ft LAT: 41° 29' 21" N LONG: 75° 33' 49" W
TEMPERATURE (°F), RAIN (in), WIND SPEED (mph)
HEAT COOL AVG
MEAN DEG DEG WIND DOM
DAY TEMP HIGH TIME LOW TIME DAYS DAYS RAIN SPEED HIGH TIME DIR
------------------------------------------------------------------------------------
1 65.6 72.6 14:15 61.3 6:30 1.3 2.0 0.00 0.7 9.0 3:00 ESE
2 69.4 80.4 17:15 63.2 7:00 0.4 4.8 0.00 0.8 10.0 14:30 NW
3 70.5 84.6 12:30 60.7 6:30 0.9 6.3 0.16 0.5 9.0 13:30 NW
4 70.2 83.3 16:30 64.0 6:45 0.2 5.3 0.01 0.2 6.0 14:15 WNW
5 74.1 88.7 15:30 60.9 7:00 0.8 9.9 0.00 0.8 13.0 17:15 S
6 70.4 86.5 13:30 64.6 7:00 0.0 5.4 0.06 0.4 9.0 14:30 WNW
7 65.0 70.4 15:30 61.6 00:00 0.9 0.8 0.05 0.1 5.0 14:45 SE
8 56.3 61.6 0:15 51.5 00:00 8.7 0.0 0.04 0.0 3.0 8:45 SW
9 52.6 57.5 14:30 48.5 7:45 12.4 0.0 0.38 0.6 9.0 17:00 W
10 54.3 59.3 00:00 48.6 3:45 10.7 0.0 1.18 1.2 11.0 10:00 WNW
11 65.5 73.2 16:30 59.3 0:15 1.9 2.3 0.16 0.3 10.0 0:15 WNW
12 69.2 73.8 15:15 65.0 5:30 0.0 4.2 0.04 0.0 4.0 12:45 W
13 73.4 81.5 16:30 68.3 6:45 0.0 8.4 0.00 0.5 9.0 16:00 ESE
14 72.3 78.7 15:30 68.1 0:45 0.0 7.3 0.00 0.2 9.0 15:15 SE
15 72.5 83.6 16:45 66.3 23:45 0.0 7.5 0.00 0.2 7.0 15:45 WSW
16 73.3 89.9 15:45 60.3 7:00 0.9 9.3 0.00 0.5 8.0 15:00 SE
17 68.6 78.7 12:30 58.9 7:15 1.1 4.7 0.25 0.4 10.0 11:45 ESE
18 73.9 86.2 15:30 65.9 00:00 0.0 8.9 0.99 0.4 13.0 14:00 W
19 69.3 82.0 16:30 60.7 00:00 0.8 5.1 0.00 0.3 9.0 12:30 W
20 63.5 76.3 14:00 52.3 7:00 4.1 2.6 0.00 0.4 8.0 19:45 SE
21 66.8 69.7 23:45 63.9 4:45 0.2 2.1 0.00 1.6 13.0 13:30 S
22 61.7 69.8 0:15 52.4 00:00 4.1 0.8 0.16 0.5 11.0 4:30 WNW
23 55.6 65.7 16:15 47.7 7:30 9.4 0.0 0.00 0.0 3.0 11:00 W
24 57.6 69.0 15:45 45.4 7:00 7.9 0.5 0.00 1.0 15.0 13:45 SE
25 57.8 64.7 22:45 51.6 6:45 7.2 0.0 0.82 0.5 10.0 0:15 WNW
26 69.6 77.6 15:45 59.5 00:00 0.3 4.9 0.73 0.8 14.0 15:15 NW
27 58.1 67.2 14:00 50.1 7:45 7.1 0.2 0.15 0.1 8.0 0:30 SSE
28 59.5 69.5 16:45 54.1 00:00 6.0 0.5 0.53 0.2 5.0 15:15 W
29 57.5 68.2 16:45 49.6 23:45 7.8 0.3 0.01 0.3 8.0 16:00 W
30 53.9 64.3 16:45 42.9 7:30 11.1 0.0 0.00 0.0 4.0 14:30 S
-------------------------------------------------------------------------------------
64.9 89.9 16 42.9 30 106.2 104.1 5.72 0.5 15.0 24 WNW
Max >= 90.0: 0
Max <= 32.0: 0
Min <= 32.0: 0
Min <= 0.0: 0
Max Rain: 1.18 ON 09/10/18
Days of Rain: 15 (>.01 in) 11 (>.1 in) 1 (>1 in)
Heat Base: 65.0 Cool Base: 65.0 Method: Integration