NOAA Climate Reports - Current Month, Prior Months, Current and Prior Year Summaries

NOAA style reports

NOAA Climate Reports

2018: Jan | Feb | Mar | Apr | May | Jun | Jul | Aug | Sep | Oct | Nov | Dec 
2017: Jan | Feb | Mar | Apr | May | Jun | Jul | Aug | Sep | Oct | Nov | Dec 
2016: Jan | Feb | Mar | Apr | May | Jun | Jul | Aug | Sep | Oct | Nov | Dec 

Report for 2017 07
MONTHLY CLIMATOLOGICAL SUMMARY for JUL. 2017 NAME: White Birch CITY: Archbald STATE: PA ELEV: 968 ft LAT: 41 29' 21" N LONG: 75 33' 49" W TEMPERATURE (F), RAIN (in), WIND SPEED (mph) HEAT COOL AVG MEAN DEG DEG WIND DOM DAY TEMP HIGH TIME LOW TIME DAYS DAYS RAIN SPEED HIGH TIME DIR ------------------------------------------------------------------------------------ 1 73.7 81.1 15:00 67.4 5:30 0.0 8.7 0.29 0.9 12.0 9:45 WNW 2 75.2 87.0 15:45 63.8 5:30 0.1 10.2 0.00 1.2 15.0 16:00 WNW 3 73.5 87.9 16:00 59.3 6:15 1.1 9.6 0.00 1.1 12.0 17:45 W 4 73.9 88.8 16:15 60.4 7:00 0.8 9.7 0.00 0.6 9.0 12:15 W 5 72.2 86.5 16:15 55.7 6:30 2.1 9.4 0.00 1.2 11.0 11:30 SE 6 73.1 84.3 12:30 63.6 6:15 0.1 8.2 0.00 1.5 12.0 13:00 SE 7 73.0 89.2 14:45 66.4 8:00 0.0 8.0 0.49 0.6 13.0 16:00 N 8 70.1 81.9 14:30 62.3 00:00 0.1 5.2 0.16 0.9 14.0 14:45 NW 9 68.6 83.0 17:30 53.6 6:30 3.0 6.5 0.00 0.9 11.0 19:15 WNW 10 70.7 85.2 15:45 54.5 6:30 2.6 8.4 0.01 1.2 14.0 17:30 WNW 11 71.8 77.9 19:45 65.0 6:15 0.0 6.8 0.00 0.7 11.0 14:45 WNW 12 74.6 84.1 13:45 67.7 3:00 0.0 9.6 0.46 0.6 11.0 13:15 SW 13 74.2 81.8 13:15 69.5 00:00 0.0 9.2 0.74 0.8 13.0 14:15 NW 14 71.9 78.1 17:00 69.0 00:00 0.0 6.9 1.36 0.5 14.0 21:45 WNW 15 71.1 81.6 16:45 63.1 00:00 0.1 6.1 0.01 0.8 12.0 15:00 WNW 16 72.2 87.7 16:00 57.2 6:15 1.9 9.1 0.00 0.6 9.0 16:45 NW 17 71.4 85.2 12:15 60.5 6:15 0.8 7.2 0.03 0.5 9.0 16:30 WNW 18 76.8 91.7 16:00 62.5 6:15 0.3 12.1 0.00 0.8 8.0 12:15 WNW 19 78.9 93.6 16:30 65.1 6:15 0.0 13.9 0.00 0.9 13.0 11:30 W 20 75.3 91.4 13:00 65.6 6:30 0.0 10.3 0.63 0.8 18.0 17:30 SSW 21 78.3 91.0 16:00 69.1 6:15 0.0 13.3 0.00 1.0 12.0 15:30 WNW 22 75.2 87.4 14:45 65.0 6:45 0.0 10.1 0.00 0.4 7.0 15:15 WNW 23 74.5 83.5 13:30 69.7 6:30 0.0 9.5 0.00 1.0 9.0 16:30 SE 24 68.8 80.5 15:45 64.4 00:00 0.0 3.8 2.15 0.6 16.0 16:45 SE 25 65.1 69.3 17:45 62.5 6:00 0.8 0.9 0.01 0.1 6.0 15:45 S 26 68.4 78.1 17:30 61.7 6:00 0.9 4.4 0.00 0.8 9.0 15:15 W 27 71.6 81.9 17:30 65.7 2:00 0.0 6.6 0.00 0.8 7.0 2:15 ESE 28 73.2 85.8 16:00 63.6 6:15 0.2 8.4 0.00 0.4 6.0 12:00 WSW 29 70.0 81.9 13:30 58.0 00:00 0.8 5.8 0.00 0.6 10.0 11:15 SSW 30 68.8 88.1 16:15 50.2 6:30 4.4 8.2 0.00 0.6 10.0 15:00 W 31 72.5 91.0 15:15 55.2 6:15 2.8 10.3 0.00 0.6 9.0 15:15 WNW ------------------------------------------------------------------------------------- 72.5 93.6 19 50.2 30 22.9 256.4 6.34 0.8 18.0 20 WNW Max >= 90.0: 5 Max <= 32.0: 0 Min <= 32.0: 0 Min <= 0.0: 0 Max Rain: 2.15 ON 07/24/17 Days of Rain: 9 (>.01 in) 8 (>.1 in) 2 (>1 in) Heat Base: 65.0 Cool Base: 65.0 Method: Integration