NOAA Climate Reports - Current Month, Prior Months, Current and Prior Year Summaries. Station 1st Report 17 Ocr 2014
NOAA style reports
NOAA Climate Reports
Notice: Undefined index: NOAA2024.TXT in /membri/k3csg/NOAA-reports.php on line 185
2024: Jan | Feb | Mar |
Notice: Undefined index: NOAA2024-04.TXT in /membri/k3csg/NOAA-reports.php on line 196
Apr |
Notice: Undefined index: NOAA2024-05.TXT in /membri/k3csg/NOAA-reports.php on line 196
May |
Notice: Undefined index: NOAA2024-06.TXT in /membri/k3csg/NOAA-reports.php on line 196
Jun |
Notice: Undefined index: NOAA2024-07.TXT in /membri/k3csg/NOAA-reports.php on line 196
Jul |
Notice: Undefined index: NOAA2024-08.TXT in /membri/k3csg/NOAA-reports.php on line 196
Aug |
Notice: Undefined index: NOAA2024-09.TXT in /membri/k3csg/NOAA-reports.php on line 196
Sep |
Notice: Undefined index: NOAA2024-10.TXT in /membri/k3csg/NOAA-reports.php on line 196
Oct |
Notice: Undefined index: NOAA2024-11.TXT in /membri/k3csg/NOAA-reports.php on line 196
Nov |
Notice: Undefined index: NOAA2024-12.TXT in /membri/k3csg/NOAA-reports.php on line 196
Dec
2023: Jan | Feb | Mar | Apr | May | Jun | Jul | Aug | Sep | Oct | Nov | Dec
2022: Jan | Feb | Mar | Apr | May | Jun | Jul | Aug | Sep | Oct | Nov | Dec
2021: Jan | Feb | Mar | Apr | May | Jun | Jul | Aug | Sep | Oct | Nov | Dec
2020: Jan | Feb | Mar | Apr | May | Jun | Jul | Aug | Sep | Oct | Nov | Dec
2019: Jan | Feb | Mar | Apr | May | Jun | Jul | Aug | Sep | Oct | Nov | Dec
2018: Jan | Feb | Mar | Apr | May | Jun | Jul | Aug | Sep | Oct | Nov | Dec
2017: Jan | Feb | Mar | Apr | May | Jun | Jul | Aug | Sep | Oct | Nov | Dec
2016: Jan | Feb | Mar | Apr | May | Jun | Jul | Aug | Sep | Oct | Nov | Dec
2015: Jan | Feb | Mar | Apr | May | Jun | Jul | Aug | Sep | Oct | Nov | Dec
2014:
Notice: Undefined index: NOAA2014-01.TXT in /membri/k3csg/NOAA-reports.php on line 196
Jan |
Notice: Undefined index: NOAA2014-02.TXT in /membri/k3csg/NOAA-reports.php on line 196
Feb |
Notice: Undefined index: NOAA2014-03.TXT in /membri/k3csg/NOAA-reports.php on line 196
Mar |
Notice: Undefined index: NOAA2014-04.TXT in /membri/k3csg/NOAA-reports.php on line 196
Apr |
Notice: Undefined index: NOAA2014-05.TXT in /membri/k3csg/NOAA-reports.php on line 196
May |
Notice: Undefined index: NOAA2014-06.TXT in /membri/k3csg/NOAA-reports.php on line 196
Jun |
Notice: Undefined index: NOAA2014-07.TXT in /membri/k3csg/NOAA-reports.php on line 196
Jul |
Notice: Undefined index: NOAA2014-08.TXT in /membri/k3csg/NOAA-reports.php on line 196
Aug |
Notice: Undefined index: NOAA2014-09.TXT in /membri/k3csg/NOAA-reports.php on line 196
Sep | Oct | Nov | Dec
Report for 2022 06
MONTHLY CLIMATOLOGICAL SUMMARY for JUN. 2022
NAME: White Birch Drive CITY: Archbald STATE: PA
ELEV: 955 ft LAT: 41° 30' 00" N LONG: 75° 36' 00" W
TEMPERATURE (°F), RAIN (in), WIND SPEED (mph)
HEAT COOL AVG
MEAN DEG DEG WIND DOM
DAY TEMP HIGH TIME LOW TIME DAYS DAYS RAIN SPEED HIGH TIME DIR
------------------------------------------------------------------------------------
1 67.1 85.8 14:00 59.9 7:00 1.5 3.5 1.71 0.0 10.0 0:30 SE
2 64.9 71.7 17:30 60.1 00:00 1.7 1.6 0.03 0.0 4.0 12:30 NW
3 62.8 73.8 15:30 52.7 00:00 4.5 2.3 0.09 0.3 11.0 14:30 WNW
4 59.7 76.3 16:00 43.9 7:00 8.3 2.9 0.00 0.4 11.0 12:30 NW
5 57.4 74.8 15:30 39.9 7:00 9.8 2.2 0.00 0.2 6.0 13:00 NW
6 62.5 79.8 14:30 44.1 7:00 7.0 4.4 0.00 0.6 13.0 16:30 E
7 62.7 69.9 13:00 54.4 6:00 3.2 0.9 0.28 0.9 17.0 17:30 ESE
8 64.0 74.5 16:00 54.9 8:00 3.4 2.4 0.21 0.2 9.0 9:00 NW
9 61.4 69.1 14:00 51.1 00:00 4.3 0.7 0.64 0.6 14.0 11:30 NW
10 59.3 72.9 15:30 46.8 5:00 7.4 1.7 0.00 0.3 11.0 15:30 NW
11 59.4 72.7 13:00 45.9 6:30 7.5 1.9 0.00 0.2 8.0 15:30 S
12 60.0 71.1 15:00 48.8 4:00 6.1 1.1 0.29 0.4 12.0 17:00 ESE
13 68.0 81.4 15:30 57.6 00:00 1.9 4.8 0.00 0.1 9.0 18:00 WNW
14 66.4 81.8 15:00 54.5 5:30 4.0 5.4 0.00 0.2 6.0 16:30 NW
15 68.3 85.8 15:00 50.3 6:30 4.4 7.8 0.00 0.3 9.0 22:00 NW
16 64.5 68.5 16:30 58.0 6:30 1.4 0.9 0.31 0.6 11.0 0:30 NW
17 71.6 83.3 14:30 64.0 3:30 0.1 6.7 0.00 0.6 12.0 12:30 NW
18 54.7 66.0 1:30 47.0 00:00 10.3 0.0 0.02 0.1 12.0 1:00 NW
19 53.4 66.9 15:00 40.3 6:30 11.7 0.1 0.00 0.2 16.0 16:30 NW
20 57.5 77.7 15:30 38.4 6:00 10.8 3.3 0.00 0.1 8.0 13:00 WNW
21 59.3 74.2 16:00 44.0 6:00 7.6 1.9 0.00 0.1 9.0 20:00 NW
22 61.4 71.3 14:00 55.2 5:00 4.4 0.9 0.18 0.3 13.0 15:00 ESE
23 58.3 66.1 18:00 55.4 9:00 6.7 0.0 2.03 0.1 8.0 2:30 E
24 65.0 81.6 15:00 48.6 6:00 5.3 5.3 0.00 0.0 6.0 13:30 ESE
25 70.7 87.9 15:30 53.3 6:30 3.2 8.8 0.00 0.2 6.0 13:30 NW
26 71.2 85.9 15:00 56.8 6:00 2.1 8.3 0.03 0.8 13.0 22:00 S
27 68.2 77.0 18:00 58.1 00:00 0.6 3.8 0.03 0.2 8.0 15:30 NW
28 61.6 75.9 16:30 47.4 6:30 6.3 2.9 0.00 0.1 7.0 11:00 NW
29 63.6 81.0 15:30 46.5 6:30 6.2 4.8 0.00 0.4 12.0 14:00 NW
30 67.7 84.3 15:30 50.0 6:30 4.6 7.3 0.00 0.3 9.0 14:00 NW
-------------------------------------------------------------------------------------
63.1 87.9 25 38.4 20 156.3 98.6 5.85 0.3 17.0 7 NW
Max >= 90.0: 0
Max <= 32.0: 0
Min <= 32.0: 0
Min <= 0.0: 0
Max Rain: 2.03 ON 06/23/22
Days of Rain: 13 (>.01 in) 8 (>.1 in) 2 (>1 in)
Heat Base: 65.0 Cool Base: 65.0 Method: Integration