NOAA Climate Reports - Current Month, Prior Months, Current and Prior Year Summaries. Station 1st Report 17 Ocr 2014
NOAA style reports
NOAA Climate Reports
Notice: Undefined index: NOAA2024.TXT in /membri/k3csg/NOAA-reports.php on line 185
2024: Jan | Feb | Mar |
Notice: Undefined index: NOAA2024-04.TXT in /membri/k3csg/NOAA-reports.php on line 196
Apr |
Notice: Undefined index: NOAA2024-05.TXT in /membri/k3csg/NOAA-reports.php on line 196
May |
Notice: Undefined index: NOAA2024-06.TXT in /membri/k3csg/NOAA-reports.php on line 196
Jun |
Notice: Undefined index: NOAA2024-07.TXT in /membri/k3csg/NOAA-reports.php on line 196
Jul |
Notice: Undefined index: NOAA2024-08.TXT in /membri/k3csg/NOAA-reports.php on line 196
Aug |
Notice: Undefined index: NOAA2024-09.TXT in /membri/k3csg/NOAA-reports.php on line 196
Sep |
Notice: Undefined index: NOAA2024-10.TXT in /membri/k3csg/NOAA-reports.php on line 196
Oct |
Notice: Undefined index: NOAA2024-11.TXT in /membri/k3csg/NOAA-reports.php on line 196
Nov |
Notice: Undefined index: NOAA2024-12.TXT in /membri/k3csg/NOAA-reports.php on line 196
Dec
2023: Jan | Feb | Mar | Apr | May | Jun | Jul | Aug | Sep | Oct | Nov | Dec
2022: Jan | Feb | Mar | Apr | May | Jun | Jul | Aug | Sep | Oct | Nov | Dec
2021: Jan | Feb | Mar | Apr | May | Jun | Jul | Aug | Sep | Oct | Nov | Dec
2020: Jan | Feb | Mar | Apr | May | Jun | Jul | Aug | Sep | Oct | Nov | Dec
2019: Jan | Feb | Mar | Apr | May | Jun | Jul | Aug | Sep | Oct | Nov | Dec
2018: Jan | Feb | Mar | Apr | May | Jun | Jul | Aug | Sep | Oct | Nov | Dec
2017: Jan | Feb | Mar | Apr | May | Jun | Jul | Aug | Sep | Oct | Nov | Dec
2016: Jan | Feb | Mar | Apr | May | Jun | Jul | Aug | Sep | Oct | Nov | Dec
2015: Jan | Feb | Mar | Apr | May | Jun | Jul | Aug | Sep | Oct | Nov | Dec
2014:
Notice: Undefined index: NOAA2014-01.TXT in /membri/k3csg/NOAA-reports.php on line 196
Jan |
Notice: Undefined index: NOAA2014-02.TXT in /membri/k3csg/NOAA-reports.php on line 196
Feb |
Notice: Undefined index: NOAA2014-03.TXT in /membri/k3csg/NOAA-reports.php on line 196
Mar |
Notice: Undefined index: NOAA2014-04.TXT in /membri/k3csg/NOAA-reports.php on line 196
Apr |
Notice: Undefined index: NOAA2014-05.TXT in /membri/k3csg/NOAA-reports.php on line 196
May |
Notice: Undefined index: NOAA2014-06.TXT in /membri/k3csg/NOAA-reports.php on line 196
Jun |
Notice: Undefined index: NOAA2014-07.TXT in /membri/k3csg/NOAA-reports.php on line 196
Jul |
Notice: Undefined index: NOAA2014-08.TXT in /membri/k3csg/NOAA-reports.php on line 196
Aug |
Notice: Undefined index: NOAA2014-09.TXT in /membri/k3csg/NOAA-reports.php on line 196
Sep | Oct | Nov | Dec
Report for 2022 04
MONTHLY CLIMATOLOGICAL SUMMARY for APR. 2022
NAME: White Birch Drive CITY: Archbald STATE: PA
ELEV: 955 ft LAT: 41° 30' 00" N LONG: 75° 36' 00" W
TEMPERATURE (°F), RAIN (in), WIND SPEED (mph)
HEAT COOL AVG
MEAN DEG DEG WIND DOM
DAY TEMP HIGH TIME LOW TIME DAYS DAYS RAIN SPEED HIGH TIME DIR
------------------------------------------------------------------------------------
1 39.3 50.4 0:30 31.6 00:00 25.7 0.0 0.29 1.2 19.0 17:00 WNW
2 36.2 47.5 16:30 27.9 8:00 28.8 0.0 0.00 0.7 11.0 0:30 WNW
3 34.7 39.4 16:00 31.1 23:30 30.3 0.0 0.21 0.2 15.0 18:00 WNW
4 36.0 44.5 17:30 28.8 00:00 29.0 0.0 0.00 0.1 7.0 10:00 WNW
5 43.7 60.3 16:00 28.4 1:00 21.3 0.0 0.00 1.1 13.0 14:00 SE
6 44.3 51.4 15:30 39.9 7:00 20.7 0.0 0.18 0.4 14.0 15:30 SE
7 42.6 45.2 3:00 41.0 12:30 22.4 0.0 1.53 0.4 14.0 10:30 WNW
8 44.6 54.8 15:30 38.1 6:30 20.4 0.0 0.10 0.8 13.0 14:00 NW
9 39.2 48.8 15:00 34.2 00:00 25.8 0.0 0.26 0.3 13.0 14:30 WNW
10 34.7 39.6 13:00 30.3 5:00 30.3 0.0 0.06 1.0 20.0 13:00 WNW
11 43.8 61.3 16:00 26.3 7:00 21.2 0.0 0.00 0.7 14.0 17:30 NW
12 52.5 65.5 16:30 42.6 8:30 12.5 0.0 0.21 0.4 11.0 18:00 WNW
13 58.3 74.6 13:30 37.0 3:30 9.4 2.7 0.00 0.9 14.0 12:00 NW
14 59.7 77.7 12:30 40.8 00:00 7.3 2.0 0.01 0.8 22.0 16:00 WNW
15 48.8 63.3 15:30 29.7 7:00 16.2 0.0 0.01 1.5 17.0 14:00 S
16 46.1 56.2 14:30 35.7 23:00 18.9 0.0 0.33 0.7 14.0 12:30 NW
17 34.2 42.7 15:30 26.7 00:00 30.8 0.0 0.01 0.6 15.0 13:00 WNW
18 32.6 44.9 14:30 21.6 5:30 32.4 0.0 0.67 1.7 21.0 16:30 SE
19 33.2 39.3 18:00 28.7 6:30 31.8 0.0 0.90 1.6 17.0 22:30 WNW
20 41.2 52.6 16:00 33.2 5:30 23.8 0.0 0.02 1.2 18.0 2:30 WNW
21 46.8 55.7 14:30 34.2 0:30 18.2 0.0 0.00 2.1 17.0 10:00 ESE
22 49.0 61.9 15:00 39.3 6:00 16.0 0.0 0.00 0.5 11.0 10:00 WNW
23 49.4 64.3 14:30 36.3 3:00 15.6 0.0 0.00 0.3 10.0 16:30 NW
24 57.9 77.8 16:00 43.6 6:00 9.6 2.5 0.00 1.1 14.0 20:00 SE
25 52.5 64.4 14:00 43.3 6:30 12.5 0.0 0.00 2.4 17.0 16:30 ESE
26 49.8 52.3 16:30 41.8 00:00 15.2 0.0 0.24 0.4 10.0 3:00 NW
27 37.9 45.1 14:30 30.7 00:00 27.1 0.0 0.00 1.3 14.0 8:30 WNW
28 37.7 50.2 15:00 30.0 6:00 27.3 0.0 0.01 0.9 18.0 12:00 WNW
29 40.7 57.2 14:30 25.5 6:30 24.3 0.0 0.00 0.7 15.0 15:00 NW
30 44.9 64.7 15:30 23.9 7:00 20.1 0.0 0.00 0.3 10.0 14:00 WNW
-------------------------------------------------------------------------------------
43.7 77.8 24 21.6 18 644.9 7.2 5.04 0.9 22.0 14 WNW
Max >= 90.0: 0
Max <= 32.0: 0
Min <= 32.0: 15
Min <= 0.0: 0
Max Rain: 1.53 ON 04/07/22
Days of Rain: 13 (>.01 in) 10 (>.1 in) 1 (>1 in)
Heat Base: 65.0 Cool Base: 65.0 Method: Integration