NOAA Climate Reports - Current Month, Prior Months, Current and Prior Year Summaries. Station 1st Report 17 Ocr 2014
NOAA style reports
NOAA Climate Reports
Notice: Undefined index: NOAA2024.TXT in /membri/k3csg/NOAA-reports.php on line 185
2024: Jan | Feb | Mar |
Notice: Undefined index: NOAA2024-04.TXT in /membri/k3csg/NOAA-reports.php on line 196
Apr |
Notice: Undefined index: NOAA2024-05.TXT in /membri/k3csg/NOAA-reports.php on line 196
May |
Notice: Undefined index: NOAA2024-06.TXT in /membri/k3csg/NOAA-reports.php on line 196
Jun |
Notice: Undefined index: NOAA2024-07.TXT in /membri/k3csg/NOAA-reports.php on line 196
Jul |
Notice: Undefined index: NOAA2024-08.TXT in /membri/k3csg/NOAA-reports.php on line 196
Aug |
Notice: Undefined index: NOAA2024-09.TXT in /membri/k3csg/NOAA-reports.php on line 196
Sep |
Notice: Undefined index: NOAA2024-10.TXT in /membri/k3csg/NOAA-reports.php on line 196
Oct |
Notice: Undefined index: NOAA2024-11.TXT in /membri/k3csg/NOAA-reports.php on line 196
Nov |
Notice: Undefined index: NOAA2024-12.TXT in /membri/k3csg/NOAA-reports.php on line 196
Dec
2023: Jan | Feb | Mar | Apr | May | Jun | Jul | Aug | Sep | Oct | Nov | Dec
2022: Jan | Feb | Mar | Apr | May | Jun | Jul | Aug | Sep | Oct | Nov | Dec
2021: Jan | Feb | Mar | Apr | May | Jun | Jul | Aug | Sep | Oct | Nov | Dec
2020: Jan | Feb | Mar | Apr | May | Jun | Jul | Aug | Sep | Oct | Nov | Dec
2019: Jan | Feb | Mar | Apr | May | Jun | Jul | Aug | Sep | Oct | Nov | Dec
2018: Jan | Feb | Mar | Apr | May | Jun | Jul | Aug | Sep | Oct | Nov | Dec
2017: Jan | Feb | Mar | Apr | May | Jun | Jul | Aug | Sep | Oct | Nov | Dec
2016: Jan | Feb | Mar | Apr | May | Jun | Jul | Aug | Sep | Oct | Nov | Dec
2015: Jan | Feb | Mar | Apr | May | Jun | Jul | Aug | Sep | Oct | Nov | Dec
2014:
Notice: Undefined index: NOAA2014-01.TXT in /membri/k3csg/NOAA-reports.php on line 196
Jan |
Notice: Undefined index: NOAA2014-02.TXT in /membri/k3csg/NOAA-reports.php on line 196
Feb |
Notice: Undefined index: NOAA2014-03.TXT in /membri/k3csg/NOAA-reports.php on line 196
Mar |
Notice: Undefined index: NOAA2014-04.TXT in /membri/k3csg/NOAA-reports.php on line 196
Apr |
Notice: Undefined index: NOAA2014-05.TXT in /membri/k3csg/NOAA-reports.php on line 196
May |
Notice: Undefined index: NOAA2014-06.TXT in /membri/k3csg/NOAA-reports.php on line 196
Jun |
Notice: Undefined index: NOAA2014-07.TXT in /membri/k3csg/NOAA-reports.php on line 196
Jul |
Notice: Undefined index: NOAA2014-08.TXT in /membri/k3csg/NOAA-reports.php on line 196
Aug |
Notice: Undefined index: NOAA2014-09.TXT in /membri/k3csg/NOAA-reports.php on line 196
Sep | Oct | Nov | Dec
Report for 2021 12
MONTHLY CLIMATOLOGICAL SUMMARY for DEC. 2021
NAME: White Birch Drive CITY: Archbald STATE: PA
ELEV: 955 ft LAT: 41° 30' 00" N LONG: 75° 36' 00" W
TEMPERATURE (°F), RAIN (in), WIND SPEED (mph)
HEAT COOL AVG
MEAN DEG DEG WIND DOM
DAY TEMP HIGH TIME LOW TIME DAYS DAYS RAIN SPEED HIGH TIME DIR
------------------------------------------------------------------------------------
1 31.8 38.6 13:30 26.6 2:00 33.2 0.0 0.20 0.3 8.0 11:00 NW
2 39.6 47.3 16:30 34.6 1:30 25.4 0.0 0.04 0.4 16.0 21:00 WNW
3 32.0 38.1 0:30 23.2 23:00 33.0 0.0 0.02 1.4 19.0 1:00 WNW
4 32.0 42.8 15:00 23.6 0:30 33.0 0.0 0.18 0.6 16.0 14:30 WNW
5 34.2 42.5 14:00 25.9 8:00 30.8 0.0 0.04 0.3 14.0 20:00 ESE
6 42.5 49.4 14:30 31.3 23:30 22.5 0.0 0.03 0.3 19.0 19:00 WNW
7 29.0 31.8 0:30 24.9 23:30 36.0 0.0 0.01 0.3 12.0 1:00 NW
8 27.0 31.8 12:00 23.6 00:00 38.0 0.0 0.00 0.0 7.0 21:30 SE
9 25.6 30.6 14:00 17.6 8:00 39.4 0.0 0.00 0.2 10.0 20:30 WNW
10 33.3 39.8 16:00 29.5 0:30 31.7 0.0 0.04 0.1 10.0 4:00 ESE
11 44.9 56.9 20:00 34.5 0:30 20.1 0.0 0.20 0.1 17.0 20:30 WNW
12 34.8 41.4 14:00 28.7 00:00 30.2 0.0 0.03 0.0 13.0 14:30 WNW
13 35.3 46.3 14:00 27.3 1:30 29.7 0.0 0.00 0.0 10.0 12:00 S
14 33.2 46.6 14:30 24.4 6:30 31.8 0.0 0.00 0.0 6.0 12:30 W
15 38.2 45.3 00:00 24.1 2:00 26.8 0.0 0.03 0.0 17.0 13:00 SE
16 49.9 59.1 15:00 43.6 3:30 15.1 0.0 0.00 0.0 9.0 16:00 NW
17 43.5 53.5 3:30 29.6 00:00 21.5 0.0 0.00 0.0 13.0 12:00 WNW
18 33.3 35.8 00:00 29.8 0:30 31.7 0.0 0.16 0.0 3.0 21:00 ENE
19 26.7 36.3 1:30 18.5 00:00 38.3 0.0 0.07 0.0 11.0 3:00 WNW
20 23.4 33.0 15:00 15.6 8:00 41.6 0.0 0.01 0.0 4.0 13:30 S
21 26.8 35.0 15:00 19.2 5:30 38.2 0.0 0.00 0.0 3.0 20:30 NW
22 27.9 37.4 12:30 22.7 8:00 37.1 0.0 0.00 0.2 16.0 15:00 WNW
23 24.7 29.3 15:00 20.6 5:30 40.3 0.0 0.00 0.0 5.0 3:00 WNW
24 29.0 35.1 15:30 24.6 3:00 36.0 0.0 0.02 0.0 4.0 1:30 E
25 36.3 41.0 23:00 33.7 1:30 28.7 0.0 0.05 0.0 4.0 22:30 W
26 35.1 40.3 0:30 29.7 00:00 29.9 0.0 0.04 0.0 12.0 21:00 SW
27 27.9 30.5 15:00 24.6 5:00 37.1 0.0 0.01 0.0 3.0 16:00 SE
28 32.7 37.3 11:30 28.8 1:00 32.3 0.0 0.04 0.0 11.0 10:00 S
29 36.7 40.8 15:30 31.8 0:30 28.3 0.0 0.04 0.0 5.0 1:30 SE
30 39.2 42.1 23:30 36.9 2:30 25.8 0.0 0.04 0.0 1.0 2:00 NW
31 44.1 49.4 13:30 41.5 6:30 20.9 0.0 0.06 0.0 11.0 13:00 S
-------------------------------------------------------------------------------------
33.9 59.1 16 15.6 20 964.4 0.0 1.36 0.1 19.0 3 WNW
Max >= 90.0: 0
Max <= 32.0: 5
Min <= 32.0: 25
Min <= 0.0: 0
Max Rain: 0.20 ON 12/01/21
Days of Rain: 19 (>.01 in) 4 (>.1 in) 0 (>1 in)
Heat Base: 65.0 Cool Base: 65.0 Method: Integration