NOAA Climate Reports - Current Month, Prior Months, Current and Prior Year Summaries. Station 1st Report 17 Ocr 2014
NOAA style reports
NOAA Climate Reports
Notice: Undefined index: NOAA2024.TXT in /membri/k3csg/NOAA-reports.php on line 185
2024: Jan | Feb | Mar |
Notice: Undefined index: NOAA2024-04.TXT in /membri/k3csg/NOAA-reports.php on line 196
Apr |
Notice: Undefined index: NOAA2024-05.TXT in /membri/k3csg/NOAA-reports.php on line 196
May |
Notice: Undefined index: NOAA2024-06.TXT in /membri/k3csg/NOAA-reports.php on line 196
Jun |
Notice: Undefined index: NOAA2024-07.TXT in /membri/k3csg/NOAA-reports.php on line 196
Jul |
Notice: Undefined index: NOAA2024-08.TXT in /membri/k3csg/NOAA-reports.php on line 196
Aug |
Notice: Undefined index: NOAA2024-09.TXT in /membri/k3csg/NOAA-reports.php on line 196
Sep |
Notice: Undefined index: NOAA2024-10.TXT in /membri/k3csg/NOAA-reports.php on line 196
Oct |
Notice: Undefined index: NOAA2024-11.TXT in /membri/k3csg/NOAA-reports.php on line 196
Nov |
Notice: Undefined index: NOAA2024-12.TXT in /membri/k3csg/NOAA-reports.php on line 196
Dec
2023: Jan | Feb | Mar | Apr | May | Jun | Jul | Aug | Sep | Oct | Nov | Dec
2022: Jan | Feb | Mar | Apr | May | Jun | Jul | Aug | Sep | Oct | Nov | Dec
2021: Jan | Feb | Mar | Apr | May | Jun | Jul | Aug | Sep | Oct | Nov | Dec
2020: Jan | Feb | Mar | Apr | May | Jun | Jul | Aug | Sep | Oct | Nov | Dec
2019: Jan | Feb | Mar | Apr | May | Jun | Jul | Aug | Sep | Oct | Nov | Dec
2018: Jan | Feb | Mar | Apr | May | Jun | Jul | Aug | Sep | Oct | Nov | Dec
2017: Jan | Feb | Mar | Apr | May | Jun | Jul | Aug | Sep | Oct | Nov | Dec
2016: Jan | Feb | Mar | Apr | May | Jun | Jul | Aug | Sep | Oct | Nov | Dec
2015: Jan | Feb | Mar | Apr | May | Jun | Jul | Aug | Sep | Oct | Nov | Dec
2014:
Notice: Undefined index: NOAA2014-01.TXT in /membri/k3csg/NOAA-reports.php on line 196
Jan |
Notice: Undefined index: NOAA2014-02.TXT in /membri/k3csg/NOAA-reports.php on line 196
Feb |
Notice: Undefined index: NOAA2014-03.TXT in /membri/k3csg/NOAA-reports.php on line 196
Mar |
Notice: Undefined index: NOAA2014-04.TXT in /membri/k3csg/NOAA-reports.php on line 196
Apr |
Notice: Undefined index: NOAA2014-05.TXT in /membri/k3csg/NOAA-reports.php on line 196
May |
Notice: Undefined index: NOAA2014-06.TXT in /membri/k3csg/NOAA-reports.php on line 196
Jun |
Notice: Undefined index: NOAA2014-07.TXT in /membri/k3csg/NOAA-reports.php on line 196
Jul |
Notice: Undefined index: NOAA2014-08.TXT in /membri/k3csg/NOAA-reports.php on line 196
Aug |
Notice: Undefined index: NOAA2014-09.TXT in /membri/k3csg/NOAA-reports.php on line 196
Sep | Oct | Nov | Dec
Report for 2021 09
MONTHLY CLIMATOLOGICAL SUMMARY for SEP. 2021
NAME: White Birch Drive CITY: Archbald STATE: PA
ELEV: 955 ft LAT: 41° 30' 00" N LONG: 75° 36' 00" W
TEMPERATURE (°F), RAIN (in), WIND SPEED (mph)
HEAT COOL AVG
MEAN DEG DEG WIND DOM
DAY TEMP HIGH TIME LOW TIME DAYS DAYS RAIN SPEED HIGH TIME DIR
------------------------------------------------------------------------------------
1 59.2 62.4 0:30 52.7 00:00 5.8 0.0 2.73 0.0 6.0 16:30 SSW
2 56.1 68.3 12:00 47.3 5:00 9.2 0.3 0.01 0.1 10.0 11:00 WNW
3 55.8 64.5 11:30 48.2 00:00 9.2 0.0 0.00 0.0 8.0 10:00 WNW
4 59.7 75.4 13:30 46.9 4:30 7.6 2.3 0.00 0.0 5.0 12:00 WNW
5 60.7 64.9 15:30 53.7 0:30 4.3 0.0 0.05 0.1 10.0 12:30 NW
6 63.1 74.8 12:00 50.0 00:00 4.2 2.3 0.00 0.2 12.0 13:00 NW
7 60.7 75.7 13:00 45.6 5:00 7.0 2.7 0.00 0.0 6.0 11:00 NNW
8 65.2 80.1 13:30 53.7 4:30 3.8 4.0 0.84 0.0 15.0 14:30 SSE
9 60.7 66.7 13:00 52.3 00:00 4.5 0.2 0.00 0.0 0.0 --- ---
10 57.2 70.0 13:30 45.3 00:00 8.4 0.6 0.00 0.0 9.0 9:30 WNW
11 57.2 72.9 14:00 42.1 4:30 9.4 1.6 0.00 0.0 9.0 10:00 WNW
12 64.1 73.1 15:00 51.5 0:30 3.5 2.6 0.00 0.0 9.0 10:00 NW
13 66.8 76.7 13:30 61.2 21:30 0.9 2.7 0.09 0.0 1.0 10:30 WNW
14 67.9 79.0 13:00 58.6 5:00 1.6 4.5 0.03 0.0 2.0 14:30 SSE
15 67.8 81.7 11:30 58.6 00:00 1.4 4.2 1.40 0.0 11.0 12:00 NW
16 64.0 70.9 13:00 58.2 2:00 2.3 1.3 0.10 0.0 1.0 12:30 NW
17 66.5 75.5 14:00 60.0 23:30 1.1 2.6 0.00 0.0 1.0 15:30 SSW
18 66.7 81.3 12:30 55.2 00:00 2.2 3.9 0.00 0.0 1.0 9:00 WNW
19 60.0 73.8 16:30 49.5 00:00 6.2 1.8 0.00 0.0 3.0 13:00 W
20 59.1 76.0 14:30 44.3 7:30 8.5 2.5 0.01 0.2 15.0 22:00 SE
21 60.3 69.7 13:30 50.9 8:00 5.5 0.8 0.00 0.0 10.0 10:30 ESE
22 66.7 75.1 12:30 60.1 0:30 1.3 3.1 0.01 0.9 12.0 12:30 SE
23 62.8 69.1 10:30 51.7 00:00 3.1 0.9 1.32 0.7 14.0 9:30 SE
24 52.4 64.4 16:30 43.6 7:30 12.6 0.0 0.01 0.1 10.0 13:00 NW
25 54.6 70.6 14:00 41.2 7:30 11.3 0.9 0.00 0.0 3.0 15:00 SE
26 55.3 66.3 15:00 47.8 8:00 9.8 0.1 0.00 0.1 12.0 14:00 NW
27 59.8 73.3 16:00 48.2 0:30 6.8 1.6 0.00 0.0 13.0 16:00 NW
28 56.0 61.1 12:30 46.5 00:00 9.0 0.0 0.38 0.0 7.0 16:30 WNW
29 50.4 62.6 14:30 39.6 8:00 14.6 0.0 0.00 0.0 4.0 15:30 WNW
30 50.8 59.5 13:30 40.7 00:00 14.2 0.0 0.00 0.0 6.0 14:00 WNW
-------------------------------------------------------------------------------------
60.3 81.7 15 39.6 29 189.3 47.5 6.98 0.1 15.0 8 NW
Max >= 90.0: 0
Max <= 32.0: 0
Min <= 32.0: 0
Min <= 0.0: 0
Max Rain: 2.73 ON 09/01/21
Days of Rain: 9 (>.01 in) 5 (>.1 in) 3 (>1 in)
Heat Base: 65.0 Cool Base: 65.0 Method: Integration