NOAA Climate Reports - Current Month, Prior Months, Current and Prior Year Summaries. Station 1st Report 17 Ocr 2014
NOAA style reports
NOAA Climate Reports
Notice: Undefined index: NOAA2024.TXT in /membri/k3csg/NOAA-reports.php on line 185
2024: Jan | Feb | Mar |
Notice: Undefined index: NOAA2024-04.TXT in /membri/k3csg/NOAA-reports.php on line 196
Apr |
Notice: Undefined index: NOAA2024-05.TXT in /membri/k3csg/NOAA-reports.php on line 196
May |
Notice: Undefined index: NOAA2024-06.TXT in /membri/k3csg/NOAA-reports.php on line 196
Jun |
Notice: Undefined index: NOAA2024-07.TXT in /membri/k3csg/NOAA-reports.php on line 196
Jul |
Notice: Undefined index: NOAA2024-08.TXT in /membri/k3csg/NOAA-reports.php on line 196
Aug |
Notice: Undefined index: NOAA2024-09.TXT in /membri/k3csg/NOAA-reports.php on line 196
Sep |
Notice: Undefined index: NOAA2024-10.TXT in /membri/k3csg/NOAA-reports.php on line 196
Oct |
Notice: Undefined index: NOAA2024-11.TXT in /membri/k3csg/NOAA-reports.php on line 196
Nov |
Notice: Undefined index: NOAA2024-12.TXT in /membri/k3csg/NOAA-reports.php on line 196
Dec
2023: Jan | Feb | Mar | Apr | May | Jun | Jul | Aug | Sep | Oct | Nov | Dec
2022: Jan | Feb | Mar | Apr | May | Jun | Jul | Aug | Sep | Oct | Nov | Dec
2021: Jan | Feb | Mar | Apr | May | Jun | Jul | Aug | Sep | Oct | Nov | Dec
2020: Jan | Feb | Mar | Apr | May | Jun | Jul | Aug | Sep | Oct | Nov | Dec
2019: Jan | Feb | Mar | Apr | May | Jun | Jul | Aug | Sep | Oct | Nov | Dec
2018: Jan | Feb | Mar | Apr | May | Jun | Jul | Aug | Sep | Oct | Nov | Dec
2017: Jan | Feb | Mar | Apr | May | Jun | Jul | Aug | Sep | Oct | Nov | Dec
2016: Jan | Feb | Mar | Apr | May | Jun | Jul | Aug | Sep | Oct | Nov | Dec
2015: Jan | Feb | Mar | Apr | May | Jun | Jul | Aug | Sep | Oct | Nov | Dec
2014:
Notice: Undefined index: NOAA2014-01.TXT in /membri/k3csg/NOAA-reports.php on line 196
Jan |
Notice: Undefined index: NOAA2014-02.TXT in /membri/k3csg/NOAA-reports.php on line 196
Feb |
Notice: Undefined index: NOAA2014-03.TXT in /membri/k3csg/NOAA-reports.php on line 196
Mar |
Notice: Undefined index: NOAA2014-04.TXT in /membri/k3csg/NOAA-reports.php on line 196
Apr |
Notice: Undefined index: NOAA2014-05.TXT in /membri/k3csg/NOAA-reports.php on line 196
May |
Notice: Undefined index: NOAA2014-06.TXT in /membri/k3csg/NOAA-reports.php on line 196
Jun |
Notice: Undefined index: NOAA2014-07.TXT in /membri/k3csg/NOAA-reports.php on line 196
Jul |
Notice: Undefined index: NOAA2014-08.TXT in /membri/k3csg/NOAA-reports.php on line 196
Aug |
Notice: Undefined index: NOAA2014-09.TXT in /membri/k3csg/NOAA-reports.php on line 196
Sep | Oct | Nov | Dec
Report for 2021 06
MONTHLY CLIMATOLOGICAL SUMMARY for JUN. 2021
NAME: White Birch CITY: Archbald STATE: PA
ELEV: 955 ft LAT: 41° 29' 21" N LONG: 75° 33' 49" W
TEMPERATURE (°F), RAIN (in), WIND SPEED (mph)
HEAT COOL AVG
MEAN DEG DEG WIND DOM
DAY TEMP HIGH TIME LOW TIME DAYS DAYS RAIN SPEED HIGH TIME DIR
------------------------------------------------------------------------------------
1 57.1 72.6 17:33 41.3 6:07 9.8 1.9 0.00 0.0 2.0 9:28 S
2 58.2 70.1 12:53 46.9 6:13 7.2 0.4 0.03 0.0 9.0 13:29 ESE
3 62.3 67.8 14:48 56.3 6:37 3.3 0.6 0.07 0.0 6.0 10:08 NW
4 64.1 74.8 17:25 57.7 3:24 2.7 1.9 0.01 0.0 6.0 13:49 SSE
5 69.8 88.4 15:43 51.7 6:15 3.9 8.7 0.00 0.0 10.0 13:09 NW
6 72.6 87.4 13:44 56.2 6:37 1.8 9.4 0.00 0.0 5.0 15:03 S
7 72.0 88.3 14:38 56.6 6:24 1.8 8.8 0.12 0.0 6.0 14:44 S
8 68.8 77.9 10:53 64.8 6:04 0.0 3.8 0.25 0.0 4.0 11:26 SSE
9 72.1 86.7 16:15 64.0 5:52 0.2 7.3 0.01 0.0 2.0 8:42 S
10 71.6 86.6 15:26 58.7 6:32 1.1 7.7 0.00 0.1 7.0 21:11 SE
11 61.3 74.0 12:38 54.4 5:48 4.5 0.7 0.00 0.0 8.0 12:23 NW
12 61.7 70.6 18:53 55.6 5:48 4.1 0.9 0.01 0.0 3.0 1:47 NNW
13 64.7 78.7 16:43 55.8 2:16 3.2 2.8 0.01 0.0 5.0 11:15 NW
14 66.2 81.6 14:29 57.0 23:59 1.9 3.0 0.36 0.1 12.0 11:35 NW
15 59.1 65.2 17:24 53.8 6:47 5.9 0.0 0.00 0.2 10.0 13:16 WNW
16 57.8 71.6 15:40 46.1 5:59 8.5 1.4 0.00 0.1 9.0 9:58 WNW
17 56.5 75.2 15:28 36.9 6:14 11.0 2.5 0.00 0.0 5.0 11:57 WNW
18 61.6 78.8 14:28 41.1 5:53 8.0 4.6 0.00 0.1 14.0 12:36 S
19 68.7 84.0 14:38 59.3 23:58 1.1 4.8 0.21 0.5 10.0 14:22 NW
20 66.8 82.3 16:03 56.1 3:00 3.1 4.9 0.14 0.3 10.0 14:35 NW
21 72.7 85.7 13:57 63.5 4:52 0.2 7.9 0.53 0.2 16.0 19:40 S
22 57.0 66.6 0:01 44.9 23:57 8.1 0.1 0.24 0.1 6.0 17:44 WNW
23 55.2 72.1 16:03 40.1 3:52 11.1 1.3 0.00 0.1 10.0 14:14 NW
24 60.2 76.8 14:26 42.4 6:13 8.3 3.5 0.00 0.1 9.0 10:17 ESE
25 63.2 79.0 15:48 45.0 6:22 5.9 4.1 0.00 0.0 8.0 17:39 SE
26 71.5 83.3 16:21 61.2 3:06 0.8 7.3 0.00 0.0 12.0 13:11 S
27 74.7 75.9 22:29 74.0 23:57 0.0 0.5 0.00 0.0 2.0 23:13 SSE
28 79.3 91.3 15:14 66.6 6:37 0.0 13.3 0.00 0.0 7.0 8:26 NW
29 80.6 93.0 15:08 69.1 6:52 0.0 15.4 0.64 0.0 10.0 23:35 NW
30 71.9 89.5 15:53 63.9 5:29 0.1 7.0 0.73 0.0 14.0 16:59 NW
-------------------------------------------------------------------------------------
70.1 93.0 29 41.1 18 9.7 44.6 1.38 0.1 14.0 18
Max >= 90.0: 2
Max <= 32.0: 0
Min <= 32.0: 0
Min <= 0.0: 0
Max Rain: 0.73 ON 06/30/21
Days of Rain: 2 (>.01 in) 2 (>.1 in) 0 (>1 in)
Heat Base: 65.0 Cool Base: 65.0 Method: Integration