NOAA Climate Reports - Current Month, Prior Months, Current and Prior Year Summaries. Station 1st Report 17 Ocr 2014
NOAA style reports
NOAA Climate Reports
Notice: Undefined index: NOAA2024.TXT in /membri/k3csg/NOAA-reports.php on line 185
2024: Jan | Feb | Mar |
Notice: Undefined index: NOAA2024-04.TXT in /membri/k3csg/NOAA-reports.php on line 196
Apr |
Notice: Undefined index: NOAA2024-05.TXT in /membri/k3csg/NOAA-reports.php on line 196
May |
Notice: Undefined index: NOAA2024-06.TXT in /membri/k3csg/NOAA-reports.php on line 196
Jun |
Notice: Undefined index: NOAA2024-07.TXT in /membri/k3csg/NOAA-reports.php on line 196
Jul |
Notice: Undefined index: NOAA2024-08.TXT in /membri/k3csg/NOAA-reports.php on line 196
Aug |
Notice: Undefined index: NOAA2024-09.TXT in /membri/k3csg/NOAA-reports.php on line 196
Sep |
Notice: Undefined index: NOAA2024-10.TXT in /membri/k3csg/NOAA-reports.php on line 196
Oct |
Notice: Undefined index: NOAA2024-11.TXT in /membri/k3csg/NOAA-reports.php on line 196
Nov |
Notice: Undefined index: NOAA2024-12.TXT in /membri/k3csg/NOAA-reports.php on line 196
Dec
2023: Jan | Feb | Mar | Apr | May | Jun | Jul | Aug | Sep | Oct | Nov | Dec
2022: Jan | Feb | Mar | Apr | May | Jun | Jul | Aug | Sep | Oct | Nov | Dec
2021: Jan | Feb | Mar | Apr | May | Jun | Jul | Aug | Sep | Oct | Nov | Dec
2020: Jan | Feb | Mar | Apr | May | Jun | Jul | Aug | Sep | Oct | Nov | Dec
2019: Jan | Feb | Mar | Apr | May | Jun | Jul | Aug | Sep | Oct | Nov | Dec
2018: Jan | Feb | Mar | Apr | May | Jun | Jul | Aug | Sep | Oct | Nov | Dec
2017: Jan | Feb | Mar | Apr | May | Jun | Jul | Aug | Sep | Oct | Nov | Dec
2016: Jan | Feb | Mar | Apr | May | Jun | Jul | Aug | Sep | Oct | Nov | Dec
2015: Jan | Feb | Mar | Apr | May | Jun | Jul | Aug | Sep | Oct | Nov | Dec
2014:
Notice: Undefined index: NOAA2014-01.TXT in /membri/k3csg/NOAA-reports.php on line 196
Jan |
Notice: Undefined index: NOAA2014-02.TXT in /membri/k3csg/NOAA-reports.php on line 196
Feb |
Notice: Undefined index: NOAA2014-03.TXT in /membri/k3csg/NOAA-reports.php on line 196
Mar |
Notice: Undefined index: NOAA2014-04.TXT in /membri/k3csg/NOAA-reports.php on line 196
Apr |
Notice: Undefined index: NOAA2014-05.TXT in /membri/k3csg/NOAA-reports.php on line 196
May |
Notice: Undefined index: NOAA2014-06.TXT in /membri/k3csg/NOAA-reports.php on line 196
Jun |
Notice: Undefined index: NOAA2014-07.TXT in /membri/k3csg/NOAA-reports.php on line 196
Jul |
Notice: Undefined index: NOAA2014-08.TXT in /membri/k3csg/NOAA-reports.php on line 196
Aug |
Notice: Undefined index: NOAA2014-09.TXT in /membri/k3csg/NOAA-reports.php on line 196
Sep | Oct | Nov | Dec
Report for 2020 12
MONTHLY CLIMATOLOGICAL SUMMARY for DEC. 2020
NAME: White Birch CITY: Archbald STATE: PA
ELEV: 955 ft LAT: 41° 29' 21" N LONG: 75° 33' 49" W
TEMPERATURE (°F), RAIN (in), WIND SPEED (mph)
HEAT COOL AVG
MEAN DEG DEG WIND DOM
DAY TEMP HIGH TIME LOW TIME DAYS DAYS RAIN SPEED HIGH TIME DIR
------------------------------------------------------------------------------------
1 35.7 46.4 0:01 27.4 22:24 29.3 0.0 0.04 2.2 19.0 16:38 NW
2 29.8 36.3 15:20 25.9 23:52 35.2 0.0 0.04 1.5 18.0 14:52 NW
3 32.6 42.3 14:06 23.3 7:07 32.2 0.0 0.02 1.1 13.0 10:58 NW
4 41.5 51.2 12:59 35.7 6:17 23.5 0.0 0.00 1.3 16.0 13:45 NW
5 35.3 38.7 0:01 30.7 23:56 29.7 0.0 0.00 0.7 16.0 17:21 WNW
6 27.0 30.7 0:01 24.6 8:37 38.0 0.0 0.00 1.4 15.0 14:43 WNW
7 26.5 32.5 12:32 24.2 23:34 38.5 0.0 0.00 0.4 12.0 14:21 WNW
8 25.2 31.4 15:14 21.5 21:23 39.8 0.0 0.00 0.4 13.0 12:06 W
9 25.7 28.8 23:45 22.0 0:01 39.3 0.0 0.00 0.3 8.0 12:26 NW
10 31.0 38.7 15:07 23.4 23:56 34.0 0.0 0.39 0.1 9.0 11:30 NW
11 31.7 47.3 15:05 20.5 5:22 33.3 0.0 0.00 0.1 4.0 12:29 SE
12 38.2 52.5 14:30 26.5 2:23 26.7 0.0 0.00 0.5 13.0 15:06 SE
13 40.8 47.0 11:21 32.0 23:57 24.2 0.0 0.00 0.9 16.0 12:20 WNW
14 30.5 32.9 2:18 26.0 00:00 34.5 0.0 0.00 0.5 20.0 21:31 WNW
15 23.7 28.4 11:44 15.8 23:54 41.3 0.0 0.11 0.7 13.0 9:48 WNW
16 16.9 21.1 13:55 13.8 3:17 48.1 0.0 0.00 0.6 15.0 17:14 SE
17 19.3 27.5 11:55 11.2 22:59 45.6 0.0 1.79 0.2 7.0 6:58 WNW
18 16.8 23.6 14:20 6.8 23:58 48.0 0.0 0.00 0.1 6.0 12:11 WNW
19 12.3 23.4 13:43 -0.3 5:50 52.5 0.0 0.00 0.0 4.0 14:17 W
20 24.5 30.9 14:12 15.6 0:01 40.5 0.0 0.00 0.1 9.0 9:33 NW
21 30.5 38.6 11:08 25.6 7:46 34.5 0.0 0.00 0.2 10.0 13:54 NW
22 31.8 35.2 11:55 28.3 5:00 33.2 0.0 0.00 1.1 17.0 16:17 WNW
23 31.6 40.0 13:53 21.6 7:39 33.4 0.0 0.00 0.4 13.0 21:25 SE
24 45.5 54.4 22:54 33.7 0:01 19.5 0.0 0.00 4.9 27.0 9:09 SE
25 34.2 57.2 2:43 16.9 23:39 30.7 0.0 1.32 1.7 20.0 2:34 NW
26 16.2 18.9 11:46 13.2 6:04 48.5 0.0 0.20 2.2 16.0 10:58 NW
27 22.4 30.5 14:40 12.9 2:08 42.5 0.0 0.00 0.3 8.0 23:45 NW
28 33.3 40.1 15:08 25.1 0:49 31.7 0.0 0.00 0.8 16.0 21:00 WNW
29 25.6 31.8 0:01 17.6 23:57 39.3 0.0 0.00 0.3 14.0 10:40 WNW
30 26.3 32.7 15:14 16.8 0:50 38.7 0.0 0.00 0.3 14.0 12:15 S
31 29.7 33.6 13:49 20.6 23:55 35.3 0.0 0.06 0.0 8.0 13:03 W
-------------------------------------------------------------------------------------
28.8 57.2 25 -0.3 19 1121.5 0.0 3.97 0.8 27.0 24 NW
Max >= 90.0: 0
Max <= 32.0: 12
Min <= 32.0: 29
Min <= 0.0: 1
Max Rain: 0.65 ON 12/24/20
Days of Rain: 12 (>.01 in) 5 (>.1 in) 0 (>1 in)
Heat Base: 65.0 Cool Base: 65.0 Method: Integration