NOAA Climate Reports - Current Month, Prior Months, Current and Prior Year Summaries. Station 1st Report 17 Ocr 2014
NOAA style reports
NOAA Climate Reports
Notice: Undefined index: NOAA2024.TXT in /membri/k3csg/NOAA-reports.php on line 185
2024: Jan | Feb | Mar |
Notice: Undefined index: NOAA2024-04.TXT in /membri/k3csg/NOAA-reports.php on line 196
Apr |
Notice: Undefined index: NOAA2024-05.TXT in /membri/k3csg/NOAA-reports.php on line 196
May |
Notice: Undefined index: NOAA2024-06.TXT in /membri/k3csg/NOAA-reports.php on line 196
Jun |
Notice: Undefined index: NOAA2024-07.TXT in /membri/k3csg/NOAA-reports.php on line 196
Jul |
Notice: Undefined index: NOAA2024-08.TXT in /membri/k3csg/NOAA-reports.php on line 196
Aug |
Notice: Undefined index: NOAA2024-09.TXT in /membri/k3csg/NOAA-reports.php on line 196
Sep |
Notice: Undefined index: NOAA2024-10.TXT in /membri/k3csg/NOAA-reports.php on line 196
Oct |
Notice: Undefined index: NOAA2024-11.TXT in /membri/k3csg/NOAA-reports.php on line 196
Nov |
Notice: Undefined index: NOAA2024-12.TXT in /membri/k3csg/NOAA-reports.php on line 196
Dec
2023: Jan | Feb | Mar | Apr | May | Jun | Jul | Aug | Sep | Oct | Nov | Dec
2022: Jan | Feb | Mar | Apr | May | Jun | Jul | Aug | Sep | Oct | Nov | Dec
2021: Jan | Feb | Mar | Apr | May | Jun | Jul | Aug | Sep | Oct | Nov | Dec
2020: Jan | Feb | Mar | Apr | May | Jun | Jul | Aug | Sep | Oct | Nov | Dec
2019: Jan | Feb | Mar | Apr | May | Jun | Jul | Aug | Sep | Oct | Nov | Dec
2018: Jan | Feb | Mar | Apr | May | Jun | Jul | Aug | Sep | Oct | Nov | Dec
2017: Jan | Feb | Mar | Apr | May | Jun | Jul | Aug | Sep | Oct | Nov | Dec
2016: Jan | Feb | Mar | Apr | May | Jun | Jul | Aug | Sep | Oct | Nov | Dec
2015: Jan | Feb | Mar | Apr | May | Jun | Jul | Aug | Sep | Oct | Nov | Dec
2014:
Notice: Undefined index: NOAA2014-01.TXT in /membri/k3csg/NOAA-reports.php on line 196
Jan |
Notice: Undefined index: NOAA2014-02.TXT in /membri/k3csg/NOAA-reports.php on line 196
Feb |
Notice: Undefined index: NOAA2014-03.TXT in /membri/k3csg/NOAA-reports.php on line 196
Mar |
Notice: Undefined index: NOAA2014-04.TXT in /membri/k3csg/NOAA-reports.php on line 196
Apr |
Notice: Undefined index: NOAA2014-05.TXT in /membri/k3csg/NOAA-reports.php on line 196
May |
Notice: Undefined index: NOAA2014-06.TXT in /membri/k3csg/NOAA-reports.php on line 196
Jun |
Notice: Undefined index: NOAA2014-07.TXT in /membri/k3csg/NOAA-reports.php on line 196
Jul |
Notice: Undefined index: NOAA2014-08.TXT in /membri/k3csg/NOAA-reports.php on line 196
Aug |
Notice: Undefined index: NOAA2014-09.TXT in /membri/k3csg/NOAA-reports.php on line 196
Sep | Oct | Nov | Dec
Report for 2020 11
MONTHLY CLIMATOLOGICAL SUMMARY for NOV. 2020
NAME: White Birch CITY: Archbald STATE: PA
ELEV: 955 ft LAT: 41° 29' 21" N LONG: 75° 33' 49" W
TEMPERATURE (°F), RAIN (in), WIND SPEED (mph)
HEAT COOL AVG
MEAN DEG DEG WIND DOM
DAY TEMP HIGH TIME LOW TIME DAYS DAYS RAIN SPEED HIGH TIME DIR
------------------------------------------------------------------------------------
1 38.1 44.1 11:12 30.8 0:49 26.9 0.0 0.25 1.4 20.0 22:08 WNW
2 32.0 37.4 14:16 28.5 5:54 33.0 0.0 0.02 3.2 23.0 9:56 WNW
3 36.7 47.5 13:58 27.0 23:55 28.3 0.0 0.00 1.3 15.0 8:33 WNW
4 42.9 61.7 14:38 25.3 6:45 22.1 0.0 0.00 0.1 13.0 11:49 S
5 48.2 65.9 14:49 31.4 6:28 16.8 0.0 0.00 0.1 10.0 12:12 NW
6 49.8 66.4 13:44 35.5 7:23 15.3 0.1 0.00 0.0 7.0 16:09 S
7 48.8 67.7 14:25 33.2 7:12 16.5 0.3 0.00 0.0 4.0 12:06 WNW
8 48.7 71.8 14:36 32.4 7:09 17.3 1.0 0.00 0.0 3.0 12:49 SSW
9 49.7 70.6 14:48 32.3 7:13 16.1 0.9 0.00 0.0 9.0 13:33 S
10 54.9 71.1 15:12 39.6 5:27 11.1 0.9 0.00 0.1 12.0 13:09 SSE
11 59.3 62.2 10:22 55.0 3:58 5.7 0.0 0.75 0.0 5.0 0:20 WNW
12 41.7 59.3 0:01 27.6 00:00 23.3 0.0 0.01 0.3 14.0 8:24 WNW
13 36.2 48.7 14:52 26.1 2:06 28.8 0.0 0.02 0.2 8.0 13:23 NW
14 35.8 44.6 11:46 25.0 23:55 29.2 0.0 0.00 0.7 14.0 11:12 WNW
15 40.2 50.2 18:10 24.1 1:09 24.8 0.0 0.32 2.6 31.0 17:27 WNW
16 37.2 43.0 14:41 25.6 23:59 27.8 0.0 0.00 1.8 18.0 12:02 NW
17 28.6 36.1 14:50 24.4 5:11 36.4 0.0 0.05 1.2 15.0 21:12 WNW
18 23.3 29.3 14:12 15.5 23:48 41.7 0.0 0.00 0.8 13.0 13:46 WNW
19 29.0 44.4 13:43 14.7 1:13 36.0 0.0 0.00 0.5 17.0 13:25 NW
20 46.4 59.3 14:51 34.7 7:34 18.6 0.0 0.00 0.6 17.0 14:38 NW
21 40.5 49.3 13:33 30.4 23:57 24.5 0.0 0.00 0.1 7.0 11:32 WNW
22 33.6 43.5 00:00 25.2 3:43 31.4 0.0 0.01 0.1 14.0 6:59 SE
23 39.6 47.7 4:24 34.8 22:15 25.4 0.0 0.51 1.4 17.0 6:35 WNW
24 33.9 41.4 13:50 27.8 19:39 31.0 0.0 0.00 0.7 10.0 14:08 WNW
25 38.3 43.9 22:50 32.6 5:36 26.7 0.0 0.13 0.8 11.0 12:26 S
26 48.8 56.6 13:21 42.2 3:30 16.2 0.0 0.21 1.1 18.0 12:02 NW
27 44.8 48.5 0:01 40.6 23:02 20.2 0.0 0.00 0.1 8.0 14:52 NW
28 37.6 45.7 11:12 25.6 23:59 27.4 0.0 0.00 0.6 12.0 10:10 WNW
29 33.1 47.5 14:01 20.8 7:38 31.9 0.0 0.00 0.4 8.0 11:26 NW
30 43.6 52.9 16:49 31.0 0:01 21.4 0.0 0.51 0.3 19.0 11:16 SE
-------------------------------------------------------------------------------------
40.7 71.8 8 14.7 19 731.8 3.2 2.79 0.7 31.0 15 WNW
Max >= 90.0: 0
Max <= 32.0: 1
Min <= 32.0: 19
Min <= 0.0: 0
Max Rain: 0.75 ON 11/11/20
Days of Rain: 10 (>.01 in) 7 (>.1 in) 0 (>1 in)
Heat Base: 65.0 Cool Base: 65.0 Method: Integration