NOAA Climate Reports - Current Month, Prior Months, Current and Prior Year Summaries. Station 1st Report 17 Ocr 2014
NOAA style reports
NOAA Climate Reports
Notice: Undefined index: NOAA2024.TXT in /membri/k3csg/NOAA-reports.php on line 185
2024: Jan | Feb | Mar |
Notice: Undefined index: NOAA2024-04.TXT in /membri/k3csg/NOAA-reports.php on line 196
Apr |
Notice: Undefined index: NOAA2024-05.TXT in /membri/k3csg/NOAA-reports.php on line 196
May |
Notice: Undefined index: NOAA2024-06.TXT in /membri/k3csg/NOAA-reports.php on line 196
Jun |
Notice: Undefined index: NOAA2024-07.TXT in /membri/k3csg/NOAA-reports.php on line 196
Jul |
Notice: Undefined index: NOAA2024-08.TXT in /membri/k3csg/NOAA-reports.php on line 196
Aug |
Notice: Undefined index: NOAA2024-09.TXT in /membri/k3csg/NOAA-reports.php on line 196
Sep |
Notice: Undefined index: NOAA2024-10.TXT in /membri/k3csg/NOAA-reports.php on line 196
Oct |
Notice: Undefined index: NOAA2024-11.TXT in /membri/k3csg/NOAA-reports.php on line 196
Nov |
Notice: Undefined index: NOAA2024-12.TXT in /membri/k3csg/NOAA-reports.php on line 196
Dec
2023: Jan | Feb | Mar | Apr | May | Jun | Jul | Aug | Sep | Oct | Nov | Dec
2022: Jan | Feb | Mar | Apr | May | Jun | Jul | Aug | Sep | Oct | Nov | Dec
2021: Jan | Feb | Mar | Apr | May | Jun | Jul | Aug | Sep | Oct | Nov | Dec
2020: Jan | Feb | Mar | Apr | May | Jun | Jul | Aug | Sep | Oct | Nov | Dec
2019: Jan | Feb | Mar | Apr | May | Jun | Jul | Aug | Sep | Oct | Nov | Dec
2018: Jan | Feb | Mar | Apr | May | Jun | Jul | Aug | Sep | Oct | Nov | Dec
2017: Jan | Feb | Mar | Apr | May | Jun | Jul | Aug | Sep | Oct | Nov | Dec
2016: Jan | Feb | Mar | Apr | May | Jun | Jul | Aug | Sep | Oct | Nov | Dec
2015: Jan | Feb | Mar | Apr | May | Jun | Jul | Aug | Sep | Oct | Nov | Dec
2014:
Notice: Undefined index: NOAA2014-01.TXT in /membri/k3csg/NOAA-reports.php on line 196
Jan |
Notice: Undefined index: NOAA2014-02.TXT in /membri/k3csg/NOAA-reports.php on line 196
Feb |
Notice: Undefined index: NOAA2014-03.TXT in /membri/k3csg/NOAA-reports.php on line 196
Mar |
Notice: Undefined index: NOAA2014-04.TXT in /membri/k3csg/NOAA-reports.php on line 196
Apr |
Notice: Undefined index: NOAA2014-05.TXT in /membri/k3csg/NOAA-reports.php on line 196
May |
Notice: Undefined index: NOAA2014-06.TXT in /membri/k3csg/NOAA-reports.php on line 196
Jun |
Notice: Undefined index: NOAA2014-07.TXT in /membri/k3csg/NOAA-reports.php on line 196
Jul |
Notice: Undefined index: NOAA2014-08.TXT in /membri/k3csg/NOAA-reports.php on line 196
Aug |
Notice: Undefined index: NOAA2014-09.TXT in /membri/k3csg/NOAA-reports.php on line 196
Sep | Oct | Nov | Dec
Report for 2020 09
MONTHLY CLIMATOLOGICAL SUMMARY for SEP. 2020
NAME: White Birch CITY: Archbald STATE: PA
ELEV: 955 ft LAT: 41° 29' 21" N LONG: 75° 33' 49" W
TEMPERATURE (°F), RAIN (in), WIND SPEED (mph)
HEAT COOL AVG
MEAN DEG DEG WIND DOM
DAY TEMP HIGH TIME LOW TIME DAYS DAYS RAIN SPEED HIGH TIME DIR
------------------------------------------------------------------------------------
1 64.9 70.2 12:15 59.9 5:00 1.4 1.3 0.00 0.1 9.0 13:15 ESE
2 66.1 71.3 18:00 61.6 3:15 1.1 2.2 0.74 0.0 6.0 7:00 NNW
3 68.4 77.7 13:15 61.0 00:00 0.6 3.9 0.01 0.2 12.0 14:30 NW
4 66.2 78.3 16:00 55.3 00:00 2.5 3.6 0.00 0.4 9.0 12:45 WNW
5 59.8 73.9 15:00 44.2 7:30 7.3 2.1 0.00 0.5 13.0 16:15 NW
6 64.7 78.1 16:00 53.8 8:00 3.7 3.4 0.00 0.0 9.0 16:00 S
7 65.4 76.7 15:00 56.3 5:15 2.7 3.1 0.00 0.7 14.0 13:15 S
8 69.0 85.4 15:00 54.3 7:00 2.7 6.7 0.00 0.3 10.0 14:30 NW
9 68.4 83.9 17:00 56.2 6:45 2.8 6.2 0.00 0.0 7.0 12:00 S
10 69.3 80.7 17:30 60.8 1:00 1.0 5.3 0.35 0.0 5.0 12:30 S
11 63.4 72.4 15:00 49.2 00:00 3.0 1.5 0.00 0.0 9.0 14:00 WNW
12 58.2 70.7 15:00 48.0 3:00 7.4 0.5 0.00 0.5 11.0 16:15 SE
13 60.7 74.3 13:30 51.3 5:45 5.5 1.3 0.06 0.7 16.0 10:30 NW
14 58.5 68.9 15:45 44.2 00:00 6.9 0.4 0.00 0.1 12.0 14:00 WNW
15 48.6 64.9 15:45 34.6 7:00 16.4 0.0 0.00 0.0 7.0 12:45 S
16 51.1 68.7 15:16 35.6 7:15 14.2 0.4 0.00 0.4 11.0 16:49 SSW
17 56.4 71.6 14:08 42.0 7:07 9.9 1.4 0.00 0.0 8.0 11:15 SSW
18 56.4 68.3 14:40 40.1 00:00 8.9 0.3 0.00 0.1 12.0 13:06 S
19 45.0 63.1 15:35 28.2 7:33 19.9 0.0 0.00 0.1 7.0 13:43 WNW
20 45.2 61.7 15:01 31.0 7:23 19.8 0.0 0.00 0.1 7.0 11:50 SSE
21 46.0 66.8 15:24 28.0 7:43 19.1 0.1 0.00 0.1 9.0 12:34 SSE
22 48.7 70.2 15:04 29.6 6:55 16.9 0.7 0.00 0.1 9.0 14:18 WNW
23 56.8 78.5 15:23 38.3 7:11 11.4 3.2 0.00 0.2 11.0 11:54 WNW
24 55.7 71.9 15:07 42.7 7:11 10.4 1.0 0.00 0.1 8.0 16:18 NW
25 61.0 80.2 15:10 45.2 7:24 7.8 3.7 0.00 0.1 10.0 18:31 S
26 57.3 65.3 12:09 45.6 7:30 7.7 0.0 0.04 0.0 4.0 22:49 SE
27 65.5 72.6 15:15 60.1 0:01 1.4 1.9 0.00 0.4 10.0 16:45 SE
28 66.3 74.3 14:43 60.6 7:32 1.1 2.3 0.53 0.5 14.0 22:46 S
29 61.4 69.7 11:35 51.9 23:58 4.1 0.5 0.87 0.4 12.0 11:53 ESE
30 53.2 60.6 15:18 48.1 8:02 11.8 0.0 0.51 1.3 17.0 15:52 NW
-------------------------------------------------------------------------------------
59.3 85.4 8 28.0 21 229.4 57.0 3.11 0.2 17.0 30 NW
Max >= 90.0: 0
Max <= 32.0: 0
Min <= 32.0: 4
Min <= 0.0: 0
Max Rain: 0.87 ON 09/29/20
Days of Rain: 7 (>.01 in) 5 (>.1 in) 0 (>1 in)
Heat Base: 65.0 Cool Base: 65.0 Method: Integration