NOAA Climate Reports - Current Month, Prior Months, Current and Prior Year Summaries. Station 1st Report 17 Ocr 2014
NOAA style reports
NOAA Climate Reports
Notice: Undefined index: NOAA2024.TXT in /membri/k3csg/NOAA-reports.php on line 185
2024: Jan | Feb |
Notice: Undefined index: NOAA2024-03.TXT in /membri/k3csg/NOAA-reports.php on line 196
Mar |
Notice: Undefined index: NOAA2024-04.TXT in /membri/k3csg/NOAA-reports.php on line 196
Apr |
Notice: Undefined index: NOAA2024-05.TXT in /membri/k3csg/NOAA-reports.php on line 196
May |
Notice: Undefined index: NOAA2024-06.TXT in /membri/k3csg/NOAA-reports.php on line 196
Jun |
Notice: Undefined index: NOAA2024-07.TXT in /membri/k3csg/NOAA-reports.php on line 196
Jul |
Notice: Undefined index: NOAA2024-08.TXT in /membri/k3csg/NOAA-reports.php on line 196
Aug |
Notice: Undefined index: NOAA2024-09.TXT in /membri/k3csg/NOAA-reports.php on line 196
Sep |
Notice: Undefined index: NOAA2024-10.TXT in /membri/k3csg/NOAA-reports.php on line 196
Oct |
Notice: Undefined index: NOAA2024-11.TXT in /membri/k3csg/NOAA-reports.php on line 196
Nov |
Notice: Undefined index: NOAA2024-12.TXT in /membri/k3csg/NOAA-reports.php on line 196
Dec
2023: Jan | Feb | Mar | Apr | May | Jun | Jul | Aug | Sep | Oct | Nov | Dec
2022: Jan | Feb | Mar | Apr | May | Jun | Jul | Aug | Sep | Oct | Nov | Dec
2021: Jan | Feb | Mar | Apr | May | Jun | Jul | Aug | Sep | Oct | Nov | Dec
2020: Jan | Feb | Mar | Apr | May | Jun | Jul | Aug | Sep | Oct | Nov | Dec
2019: Jan | Feb | Mar | Apr | May | Jun | Jul | Aug | Sep | Oct | Nov | Dec
2018: Jan | Feb | Mar | Apr | May | Jun | Jul | Aug | Sep | Oct | Nov | Dec
2017: Jan | Feb | Mar | Apr | May | Jun | Jul | Aug | Sep | Oct | Nov | Dec
2016: Jan | Feb | Mar | Apr | May | Jun | Jul | Aug | Sep | Oct | Nov | Dec
2015: Jan | Feb | Mar | Apr | May | Jun | Jul | Aug | Sep | Oct | Nov | Dec
2014:
Notice: Undefined index: NOAA2014-01.TXT in /membri/k3csg/NOAA-reports.php on line 196
Jan |
Notice: Undefined index: NOAA2014-02.TXT in /membri/k3csg/NOAA-reports.php on line 196
Feb |
Notice: Undefined index: NOAA2014-03.TXT in /membri/k3csg/NOAA-reports.php on line 196
Mar |
Notice: Undefined index: NOAA2014-04.TXT in /membri/k3csg/NOAA-reports.php on line 196
Apr |
Notice: Undefined index: NOAA2014-05.TXT in /membri/k3csg/NOAA-reports.php on line 196
May |
Notice: Undefined index: NOAA2014-06.TXT in /membri/k3csg/NOAA-reports.php on line 196
Jun |
Notice: Undefined index: NOAA2014-07.TXT in /membri/k3csg/NOAA-reports.php on line 196
Jul |
Notice: Undefined index: NOAA2014-08.TXT in /membri/k3csg/NOAA-reports.php on line 196
Aug |
Notice: Undefined index: NOAA2014-09.TXT in /membri/k3csg/NOAA-reports.php on line 196
Sep | Oct | Nov | Dec
Report for 2020 08
MONTHLY CLIMATOLOGICAL SUMMARY for AUG. 2020
NAME: White Birch CITY: Archbald STATE: PA
ELEV: 968 ft LAT: 41° 29' 21" N LONG: 75° 33' 49" W
TEMPERATURE (°F), RAIN (in), WIND SPEED (mph)
HEAT COOL AVG
MEAN DEG DEG WIND DOM
DAY TEMP HIGH TIME LOW TIME DAYS DAYS RAIN SPEED HIGH TIME DIR
------------------------------------------------------------------------------------
1 71.0 86.3 15:00 54.8 6:45 2.9 8.8 0.00 0.3 9.0 15:15 SE
2 76.8 87.7 15:15 69.4 7:15 0.0 11.8 0.00 1.6 17.0 13:00 ESE
3 73.5 84.8 16:30 63.5 7:00 0.1 8.5 0.00 1.0 9.0 16:00 NW
4 65.3 70.3 0:15 61.6 14:30 0.6 0.9 2.67 0.3 14.0 17:00 NW
5 67.8 79.9 16:15 58.0 00:00 1.9 4.7 0.00 0.6 11.0 12:00 NW
6 65.8 80.9 15:15 52.6 6:00 4.1 4.9 0.01 0.2 6.0 12:45 SE
7 66.7 75.7 13:00 62.0 00:00 0.5 2.2 0.09 0.2 8.0 13:15 E
8 69.5 85.0 15:45 56.3 6:45 2.4 6.9 0.01 0.1 7.0 13:45 NW
9 71.4 85.1 15:15 59.5 5:30 1.4 7.8 0.00 0.2 10.0 12:00 NW
10 73.3 89.2 15:30 58.3 6:45 1.6 9.9 0.00 0.0 10.0 15:15 NW
11 74.4 88.3 13:45 61.7 6:30 0.5 9.9 0.00 0.0 10.0 16:15 SSE
12 72.1 85.6 16:45 62.9 00:00 0.2 7.2 0.11 0.0 5.0 0:30 NW
13 69.3 85.8 16:00 56.7 5:30 2.4 6.7 0.00 0.0 5.0 17:30 SE
14 70.5 86.9 15:15 56.6 6:45 2.1 7.5 0.00 0.0 7.0 11:45 SSE
15 70.1 80.6 15:00 60.9 6:15 0.7 5.8 0.00 0.1 10.0 13:15 SE
16 66.0 76.5 14:30 59.0 00:00 1.6 2.6 0.00 0.0 9.0 15:30 SE
17 63.3 78.3 15:15 55.0 6:15 3.8 2.0 0.25 0.0 9.0 23:15 SE
18 63.8 78.3 15:30 55.0 6:30 4.4 3.2 0.07 0.1 8.0 16:30 WNW
19 62.0 77.8 15:15 51.3 6:15 5.9 2.9 0.00 0.0 8.0 16:00 WNW
20 60.7 79.2 15:45 43.5 7:15 8.2 3.9 0.01 0.1 8.0 13:30 SE
21 65.4 83.1 14:30 49.4 6:00 5.4 5.9 0.00 0.1 11.0 17:00 S
22 71.7 89.9 15:45 55.9 7:00 2.6 9.3 0.00 0.0 8.0 14:30 WNW
23 71.9 85.8 16:15 58.7 7:15 1.4 8.2 0.00 0.0 10.0 14:45 S
24 70.3 88.4 13:45 61.4 7:15 0.5 5.8 0.00 0.1 10.0 13:00 S
25 69.9 84.7 14:45 60.5 5:00 1.2 6.2 0.03 0.3 15.0 12:00 NW
26 62.7 74.6 14:45 51.0 7:00 4.5 2.2 0.00 0.0 10.0 10:30 WNW
27 69.5 88.5 16:30 58.4 6:00 2.1 6.6 0.33 0.5 19.0 17:30 NW
28 69.3 79.8 16:15 62.2 7:00 0.7 5.0 0.00 0.1 8.0 10:45 NW
29 68.5 77.7 16:30 62.9 00:00 0.1 3.5 0.13 0.4 15.0 21:15 NW
30 63.0 76.1 16:15 51.5 00:00 3.9 2.0 0.00 0.1 10.0 6:15 NW
31 59.7 73.4 14:30 45.7 5:15 7.0 1.7 0.00 0.2 9.0 14:15 SE
-------------------------------------------------------------------------------------
68.2 89.9 22 43.5 20 74.7 174.5 3.71 0.2 19.0 27 NW
Max >= 90.0: 0
Max <= 32.0: 0
Min <= 32.0: 0
Min <= 0.0: 0
Max Rain: 2.67 ON 08/04/20
Days of Rain: 8 (>.01 in) 5 (>.1 in) 1 (>1 in)
Heat Base: 65.0 Cool Base: 65.0 Method: Integration