NOAA Climate Reports - Current Month, Prior Months, Current and Prior Year Summaries

NOAA style reports

NOAA Climate Reports

2020: Jan | Feb | Mar | Apr | May | Jun | Jul | Aug | Sep | Oct | Nov | Dec 
2019: Jan | Feb | Mar | Apr | May | Jun | Jul | Aug | Sep | Oct | Nov | Dec 
2018: Jan | Feb | Mar | Apr | May | Jun | Jul | Aug | Sep | Oct | Nov | Dec 
2017: Jan | Feb | Mar | Apr | May | Jun | Jul | Aug | Sep | Oct | Nov | Dec 
2016: Jan | Feb | Mar | Apr | May | Jun | Jul | Aug | Sep | Oct | Nov | Dec 

Report for 2020 07
MONTHLY CLIMATOLOGICAL SUMMARY for JUN. 2020 NAME: White Birch CITY: Archbald STATE: PA ELEV: 968 ft LAT: 41 29' 21" N LONG: 75 33' 49" W TEMPERATURE (F), RAIN (in), WIND SPEED (mph) HEAT COOL AVG MEAN DEG DEG WIND DOM DAY TEMP HIGH TIME LOW TIME DAYS DAYS RAIN SPEED HIGH TIME DIR ------------------------------------------------------------------------------------ 1 51.0 67.7 16:00 32.3 6:15 14.2 0.2 0.00 0.8 15.0 12:45 WNW 2 53.6 62.9 12:45 41.5 5:30 11.4 0.0 0.00 0.4 11.0 16:45 NW 3 61.4 74.5 18:00 50.3 5:45 5.4 1.7 0.57 0.6 11.0 12:15 NW 4 65.4 81.0 13:15 51.8 6:30 4.0 4.4 0.13 0.5 10.0 15:15 NW 5 68.4 79.9 16:00 59.9 3:15 1.7 5.1 0.01 0.5 10.0 15:00 NW 6 69.1 82.4 16:00 59.6 5:00 1.4 5.5 0.00 0.8 14.0 13:15 WNW 7 59.5 73.2 16:00 48.0 6:15 6.9 1.4 0.00 0.4 12.0 11:45 WNW 8 59.0 76.9 15:15 39.4 6:30 9.4 3.4 0.00 0.2 8.0 14:00 WNW 9 67.8 88.2 16:00 45.7 6:30 6.1 8.9 0.00 0.6 12.0 14:30 NW 10 73.4 87.7 15:00 58.8 6:00 1.2 9.6 0.11 1.7 24.0 15:45 ESE 11 71.4 79.1 15:45 60.7 00:00 0.1 6.5 1.62 1.3 18.0 10:30 NW 12 63.7 77.5 14:30 49.9 6:45 5.0 3.8 0.00 0.6 12.0 11:00 NW 13 54.5 67.2 16:30 41.8 6:45 10.7 0.2 0.00 0.3 10.0 15:00 WNW 14 54.0 71.9 16:00 37.5 7:00 11.9 0.9 0.00 0.2 8.0 13:00 SE 15 58.8 75.5 14:15 41.0 6:15 9.2 3.0 0.00 0.2 8.0 12:15 SE 16 61.9 78.9 15:30 43.9 6:30 7.4 4.4 0.00 0.4 10.0 16:00 SSE 17 65.3 82.2 15:45 46.9 6:30 5.5 5.8 0.00 0.5 10.0 12:30 SSE 18 66.2 78.8 12:45 58.0 4:15 2.2 3.4 0.38 0.5 11.0 15:00 SE 19 67.3 81.1 14:45 57.2 6:45 2.5 4.8 0.28 0.4 11.0 19:00 S 20 68.2 83.7 16:00 56.3 6:00 2.5 5.7 0.01 0.4 12.0 18:15 WNW 21 69.9 84.0 16:30 55.1 6:30 2.6 7.5 0.00 0.6 13.0 16:45 NW 22 73.5 88.8 15:15 58.0 6:15 1.5 10.1 0.00 0.5 8.0 11:45 SE 23 72.6 85.1 15:45 60.2 6:30 0.7 8.3 0.00 1.0 15.0 17:00 S 24 68.7 77.1 15:15 60.1 7:15 0.8 4.5 0.16 1.4 16.0 15:45 NW 25 63.9 80.8 16:00 49.9 6:45 5.2 4.2 0.03 0.6 11.0 15:45 NW 26 64.5 84.0 15:00 51.1 6:00 5.0 4.6 0.00 0.3 8.0 13:00 NW 27 62.0 75.9 17:30 51.6 5:30 5.4 2.3 0.67 0.2 10.0 14:45 WNW 28 68.9 81.4 14:30 61.6 1:45 1.0 4.9 0.01 0.3 12.0 14:45 NW 29 67.7 85.0 16:15 55.0 6:15 3.0 5.7 0.06 0.2 9.0 12:00 W 30 64.6 77.2 14:45 56.0 5:45 3.2 2.8 0.06 0.1 8.0 12:30 WNW ------------------------------------------------------------------------------------- 64.5 88.8 22 32.3 1 147.1 133.6 4.10 0.6 24.0 10 NW Max >= 90.0: 0 Max <= 32.0: 0 Min <= 32.0: 0 Min <= 0.0: 0 Max Rain: 1.62 ON 06/11/20 Days of Rain: 11 (>.01 in) 8 (>.1 in) 1 (>1 in) Heat Base: 65.0 Cool Base: 65.0 Method: Integration