NOAA Climate Reports - Current Month, Prior Months, Current and Prior Year Summaries. Station 1st Report 17 Ocr 2014
NOAA style reports
NOAA Climate Reports
Notice: Undefined index: NOAA2024.TXT in /membri/k3csg/NOAA-reports.php on line 185
2024: Jan | Feb |
Notice: Undefined index: NOAA2024-03.TXT in /membri/k3csg/NOAA-reports.php on line 196
Mar |
Notice: Undefined index: NOAA2024-04.TXT in /membri/k3csg/NOAA-reports.php on line 196
Apr |
Notice: Undefined index: NOAA2024-05.TXT in /membri/k3csg/NOAA-reports.php on line 196
May |
Notice: Undefined index: NOAA2024-06.TXT in /membri/k3csg/NOAA-reports.php on line 196
Jun |
Notice: Undefined index: NOAA2024-07.TXT in /membri/k3csg/NOAA-reports.php on line 196
Jul |
Notice: Undefined index: NOAA2024-08.TXT in /membri/k3csg/NOAA-reports.php on line 196
Aug |
Notice: Undefined index: NOAA2024-09.TXT in /membri/k3csg/NOAA-reports.php on line 196
Sep |
Notice: Undefined index: NOAA2024-10.TXT in /membri/k3csg/NOAA-reports.php on line 196
Oct |
Notice: Undefined index: NOAA2024-11.TXT in /membri/k3csg/NOAA-reports.php on line 196
Nov |
Notice: Undefined index: NOAA2024-12.TXT in /membri/k3csg/NOAA-reports.php on line 196
Dec
2023: Jan | Feb | Mar | Apr | May | Jun | Jul | Aug | Sep | Oct | Nov | Dec
2022: Jan | Feb | Mar | Apr | May | Jun | Jul | Aug | Sep | Oct | Nov | Dec
2021: Jan | Feb | Mar | Apr | May | Jun | Jul | Aug | Sep | Oct | Nov | Dec
2020: Jan | Feb | Mar | Apr | May | Jun | Jul | Aug | Sep | Oct | Nov | Dec
2019: Jan | Feb | Mar | Apr | May | Jun | Jul | Aug | Sep | Oct | Nov | Dec
2018: Jan | Feb | Mar | Apr | May | Jun | Jul | Aug | Sep | Oct | Nov | Dec
2017: Jan | Feb | Mar | Apr | May | Jun | Jul | Aug | Sep | Oct | Nov | Dec
2016: Jan | Feb | Mar | Apr | May | Jun | Jul | Aug | Sep | Oct | Nov | Dec
2015: Jan | Feb | Mar | Apr | May | Jun | Jul | Aug | Sep | Oct | Nov | Dec
2014:
Notice: Undefined index: NOAA2014-01.TXT in /membri/k3csg/NOAA-reports.php on line 196
Jan |
Notice: Undefined index: NOAA2014-02.TXT in /membri/k3csg/NOAA-reports.php on line 196
Feb |
Notice: Undefined index: NOAA2014-03.TXT in /membri/k3csg/NOAA-reports.php on line 196
Mar |
Notice: Undefined index: NOAA2014-04.TXT in /membri/k3csg/NOAA-reports.php on line 196
Apr |
Notice: Undefined index: NOAA2014-05.TXT in /membri/k3csg/NOAA-reports.php on line 196
May |
Notice: Undefined index: NOAA2014-06.TXT in /membri/k3csg/NOAA-reports.php on line 196
Jun |
Notice: Undefined index: NOAA2014-07.TXT in /membri/k3csg/NOAA-reports.php on line 196
Jul |
Notice: Undefined index: NOAA2014-08.TXT in /membri/k3csg/NOAA-reports.php on line 196
Aug |
Notice: Undefined index: NOAA2014-09.TXT in /membri/k3csg/NOAA-reports.php on line 196
Sep | Oct | Nov | Dec
Report for 2017 01
MONTHLY CLIMATOLOGICAL SUMMARY for JAN. 2017
NAME: White Birch CITY: Archbald STATE: PA
ELEV: 955 ft LAT: 41° 29' 21" N LONG: 75° 33' 49" W
TEMPERATURE (°F), RAIN (in), WIND SPEED (mph)
HEAT COOL AVG
MEAN DEG DEG WIND DOM
DAY TEMP HIGH TIME LOW TIME DAYS DAYS RAIN SPEED HIGH TIME DIR
------------------------------------------------------------------------------------
1 37.0 43.4 13:00 25.9 00:00 28.0 0.0 0.00 1.4 15.0 6:00 WNW
2 34.3 38.2 11:45 25.9 0:15 30.7 0.0 0.01 1.4 17.0 12:00 SE
3 37.7 38.9 16:00 35.6 0:15 27.3 0.0 0.20 1.3 19.0 8:30 W
4 38.0 46.5 12:30 26.8 00:00 27.0 0.0 0.02 4.3 28.0 18:45 WNW
5 25.1 27.8 15:45 21.1 8:00 39.9 0.0 0.00 3.4 17.0 0:30 WNW
6 21.8 26.5 11:45 13.0 00:00 43.2 0.0 0.00 0.7 8.0 0:15 W
7 17.6 22.5 11:45 12.4 0:45 47.4 0.0 0.00 0.6 9.0 16:00 W
8 15.2 22.6 13:30 10.9 8:00 49.8 0.0 0.00 3.1 26.0 14:15 WNW
9 14.6 22.9 16:00 6.8 6:00 50.4 0.0 0.00 1.0 12.0 14:45 WNW
10 22.8 33.7 22:30 10.7 3:15 42.2 0.0 0.04 2.2 18.0 20:45 SE
11 38.2 43.7 15:45 31.0 8:15 26.8 0.0 0.23 0.8 14.0 0:45 SE
12 48.5 52.4 15:00 42.7 2:15 16.5 0.0 0.26 0.7 13.0 23:45 WNW
13 35.6 51.1 0:15 24.2 00:00 29.4 0.0 0.00 1.8 17.0 11:45 WNW
14 25.9 31.0 13:15 20.5 8:00 39.1 0.0 0.04 0.6 8.0 14:00 WNW
15 26.7 32.8 14:15 16.4 00:00 38.3 0.0 0.00 0.6 8.0 10:45 WNW
16 26.2 38.7 15:45 11.2 7:30 38.8 0.0 0.00 0.5 8.0 11:45 S
17 35.7 38.8 12:30 33.4 7:30 29.3 0.0 0.33 0.5 13.0 20:30 ESE
18 37.3 40.1 15:45 34.9 4:00 27.7 0.0 0.00 0.1 6.0 15:00 SSW
19 38.4 40.2 13:45 36.5 00:00 26.6 0.0 0.00 0.4 11.0 11:30 W
20 38.3 41.7 13:45 35.5 3:30 26.7 0.0 0.04 1.0 10.0 9:00 ESE
21 41.9 45.9 16:30 38.8 0:15 23.1 0.0 0.03 0.1 5.0 11:15 WNW
22 47.0 59.5 13:30 39.5 8:00 18.0 0.0 0.00 1.1 20.0 23:45 SE
23 37.4 46.1 0:15 33.2 18:15 27.6 0.0 0.67 1.9 20.0 12:30 SE
24 34.7 39.9 13:15 32.3 21:15 30.3 0.0 0.40 1.0 13.0 20:15 W
25 37.3 42.9 16:15 32.5 0:15 27.7 0.0 0.00 1.6 18.0 2:15 WNW
26 39.3 47.0 11:15 34.5 4:15 25.7 0.0 0.00 3.4 24.0 11:00 WNW
27 35.7 38.2 0:15 33.5 22:45 29.3 0.0 0.00 4.5 18.0 6:15 WNW
28 32.0 33.5 0:15 30.3 8:15 33.0 0.0 0.00 2.9 15.0 13:00 WNW
29 33.0 38.8 14:15 27.4 00:00 32.0 0.0 0.00 2.4 15.0 14:30 WNW
30 26.4 33.5 14:15 20.3 8:00 38.6 0.0 0.00 1.0 12.0 13:00 W
31 25.1 30.2 00:00 18.8 6:00 39.9 0.0 0.00 0.7 9.0 11:15 ESE
-------------------------------------------------------------------------------------
32.4 59.5 22 6.8 9 1010.3 0.0 2.27 1.5 28.0 4 WNW
Max >= 90.0: 0
Max <= 32.0: 7
Min <= 32.0: 18
Min <= 0.0: 0
Max Rain: 0.67 ON 01/23/17
Days of Rain: 11 (>.01 in) 6 (>.1 in) 0 (>1 in)
Heat Base: 65.0 Cool Base: 65.0 Method: Integration