NOAA Climate Reports - Current Month, Prior Months, Current and Prior Year Summaries. Station 1st Report 17 Ocr 2014
NOAA style reports
NOAA Climate Reports
Notice: Undefined index: NOAA2024.TXT in /membri/k3csg/NOAA-reports.php on line 185
2024: Jan | Feb | Mar |
Notice: Undefined index: NOAA2024-04.TXT in /membri/k3csg/NOAA-reports.php on line 196
Apr |
Notice: Undefined index: NOAA2024-05.TXT in /membri/k3csg/NOAA-reports.php on line 196
May |
Notice: Undefined index: NOAA2024-06.TXT in /membri/k3csg/NOAA-reports.php on line 196
Jun |
Notice: Undefined index: NOAA2024-07.TXT in /membri/k3csg/NOAA-reports.php on line 196
Jul |
Notice: Undefined index: NOAA2024-08.TXT in /membri/k3csg/NOAA-reports.php on line 196
Aug |
Notice: Undefined index: NOAA2024-09.TXT in /membri/k3csg/NOAA-reports.php on line 196
Sep |
Notice: Undefined index: NOAA2024-10.TXT in /membri/k3csg/NOAA-reports.php on line 196
Oct |
Notice: Undefined index: NOAA2024-11.TXT in /membri/k3csg/NOAA-reports.php on line 196
Nov |
Notice: Undefined index: NOAA2024-12.TXT in /membri/k3csg/NOAA-reports.php on line 196
Dec
2023: Jan | Feb | Mar | Apr | May | Jun | Jul | Aug | Sep | Oct | Nov | Dec
2022: Jan | Feb | Mar | Apr | May | Jun | Jul | Aug | Sep | Oct | Nov | Dec
2021: Jan | Feb | Mar | Apr | May | Jun | Jul | Aug | Sep | Oct | Nov | Dec
2020: Jan | Feb | Mar | Apr | May | Jun | Jul | Aug | Sep | Oct | Nov | Dec
2019: Jan | Feb | Mar | Apr | May | Jun | Jul | Aug | Sep | Oct | Nov | Dec
2018: Jan | Feb | Mar | Apr | May | Jun | Jul | Aug | Sep | Oct | Nov | Dec
2017: Jan | Feb | Mar | Apr | May | Jun | Jul | Aug | Sep | Oct | Nov | Dec
2016: Jan | Feb | Mar | Apr | May | Jun | Jul | Aug | Sep | Oct | Nov | Dec
2015: Jan | Feb | Mar | Apr | May | Jun | Jul | Aug | Sep | Oct | Nov | Dec
2014:
Notice: Undefined index: NOAA2014-01.TXT in /membri/k3csg/NOAA-reports.php on line 196
Jan |
Notice: Undefined index: NOAA2014-02.TXT in /membri/k3csg/NOAA-reports.php on line 196
Feb |
Notice: Undefined index: NOAA2014-03.TXT in /membri/k3csg/NOAA-reports.php on line 196
Mar |
Notice: Undefined index: NOAA2014-04.TXT in /membri/k3csg/NOAA-reports.php on line 196
Apr |
Notice: Undefined index: NOAA2014-05.TXT in /membri/k3csg/NOAA-reports.php on line 196
May |
Notice: Undefined index: NOAA2014-06.TXT in /membri/k3csg/NOAA-reports.php on line 196
Jun |
Notice: Undefined index: NOAA2014-07.TXT in /membri/k3csg/NOAA-reports.php on line 196
Jul |
Notice: Undefined index: NOAA2014-08.TXT in /membri/k3csg/NOAA-reports.php on line 196
Aug |
Notice: Undefined index: NOAA2014-09.TXT in /membri/k3csg/NOAA-reports.php on line 196
Sep | Oct | Nov | Dec
Report for 2016 12
MONTHLY CLIMATOLOGICAL SUMMARY for DEC. 2016
NAME: White Birch CITY: Archbald STATE: PA
ELEV: 955 ft LAT: 41° 29' 21" N LONG: 75° 33' 49" W
TEMPERATURE (°F), RAIN (in), WIND SPEED (mph)
HEAT COOL AVG
MEAN DEG DEG WIND DOM
DAY TEMP HIGH TIME LOW TIME DAYS DAYS RAIN SPEED HIGH TIME DIR
------------------------------------------------------------------------------------
1 44.1 51.1 1:15 36.9 00:00 20.9 0.0 0.20 3.3 24.0 0:30 WNW
2 39.6 45.8 13:00 34.9 7:15 25.4 0.0 0.00 3.2 19.0 13:45 WNW
3 38.4 40.9 13:30 35.5 7:30 26.6 0.0 0.00 2.8 18.0 16:00 W
4 37.5 42.6 12:00 34.4 7:30 27.5 0.0 0.00 0.8 17.0 23:00 W
5 37.3 44.8 15:00 32.2 4:15 27.7 0.0 0.08 0.9 12.0 14:45 WNW
6 33.6 41.7 13:30 25.1 7:45 31.4 0.0 0.34 0.5 10.0 15:15 WSW
7 37.1 43.3 14:30 34.4 5:15 27.9 0.0 0.00 0.5 8.0 10:45 WNW
8 35.2 40.4 14:45 30.6 00:00 29.8 0.0 0.00 3.1 18.0 20:30 WNW
9 29.1 35.0 12:45 22.6 00:00 35.9 0.0 0.00 3.3 19.0 12:45 WNW
10 25.6 30.6 14:30 19.3 00:00 39.4 0.0 0.02 0.8 12.0 2:00 WNW
11 23.0 30.2 00:00 14.9 3:45 42.0 0.0 0.04 0.6 10.0 20:45 WNW
12 34.5 38.0 19:45 30.2 0:15 30.5 0.0 0.20 1.5 12.0 21:45 WNW
13 32.0 35.5 0:15 25.0 8:00 33.0 0.0 0.04 0.5 10.0 11:45 WNW
14 30.0 34.8 12:30 24.0 20:15 35.0 0.0 0.00 1.7 13.0 11:00 WNW
15 17.9 24.6 0:30 13.2 00:00 47.1 0.0 0.00 5.6 24.0 15:45 WNW
16 15.4 22.1 14:15 6.9 7:15 49.6 0.0 0.00 1.7 14.0 0:45 WNW
17 26.9 33.5 23:30 19.2 2:30 38.1 0.0 0.22 0.6 17.0 4:15 SE
18 34.7 44.8 12:00 22.6 00:00 30.3 0.0 0.54 1.6 21.0 12:00 WNW
19 19.3 26.8 13:00 9.8 00:00 45.7 0.0 0.00 0.6 11.0 1:00 W
20 19.9 31.5 14:30 6.0 6:45 45.1 0.0 0.00 0.8 10.0 13:15 WNW
21 27.2 34.1 14:00 17.8 7:15 37.8 0.0 0.00 0.5 10.0 11:45 SW
22 35.5 44.7 12:00 28.4 0:15 29.5 0.0 0.00 1.7 17.0 12:00 WNW
23 35.5 40.5 13:00 29.8 8:00 29.5 0.0 0.00 1.0 15.0 3:15 WNW
24 37.0 40.4 19:45 31.2 1:45 28.0 0.0 0.02 0.9 11.0 22:15 WNW
25 37.6 45.3 11:30 29.2 22:15 27.4 0.0 0.00 0.6 11.0 11:30 W
26 35.6 44.7 00:00 29.4 6:45 29.4 0.0 0.00 1.9 15.0 9:00 SE
27 44.6 55.4 12:45 34.3 00:00 20.4 0.0 0.00 2.3 18.0 10:45 WNW
28 32.2 35.1 1:30 26.2 00:00 32.8 0.0 0.00 1.3 13.0 4:45 W
29 33.1 36.0 16:00 26.1 0:15 31.9 0.0 0.10 1.7 17.0 22:00 WNW
30 31.7 35.0 14:00 29.2 15:00 33.3 0.0 0.07 3.6 19.0 14:15 WNW
31 33.2 38.6 14:00 26.6 7:30 31.8 0.0 0.00 1.9 17.0 14:15 WNW
-------------------------------------------------------------------------------------
32.1 55.4 27 6.0 20 1020.7 0.0 1.87 1.7 24.0 1 WNW
Max >= 90.0: 0
Max <= 32.0: 6
Min <= 32.0: 24
Min <= 0.0: 0
Max Rain: 0.54 ON 12/18/16
Days of Rain: 12 (>.01 in) 5 (>.1 in) 0 (>1 in)
Heat Base: 65.0 Cool Base: 65.0 Method: Integration