NOAA Climate Reports - Current Month, Prior Months, Current and Prior Year Summaries. Station 1st Report 17 Ocr 2014
NOAA style reports
NOAA Climate Reports
Notice: Undefined index: NOAA2024.TXT in /membri/k3csg/NOAA-reports.php on line 185
2024: Jan | Feb | Mar |
Notice: Undefined index: NOAA2024-04.TXT in /membri/k3csg/NOAA-reports.php on line 196
Apr |
Notice: Undefined index: NOAA2024-05.TXT in /membri/k3csg/NOAA-reports.php on line 196
May |
Notice: Undefined index: NOAA2024-06.TXT in /membri/k3csg/NOAA-reports.php on line 196
Jun |
Notice: Undefined index: NOAA2024-07.TXT in /membri/k3csg/NOAA-reports.php on line 196
Jul |
Notice: Undefined index: NOAA2024-08.TXT in /membri/k3csg/NOAA-reports.php on line 196
Aug |
Notice: Undefined index: NOAA2024-09.TXT in /membri/k3csg/NOAA-reports.php on line 196
Sep |
Notice: Undefined index: NOAA2024-10.TXT in /membri/k3csg/NOAA-reports.php on line 196
Oct |
Notice: Undefined index: NOAA2024-11.TXT in /membri/k3csg/NOAA-reports.php on line 196
Nov |
Notice: Undefined index: NOAA2024-12.TXT in /membri/k3csg/NOAA-reports.php on line 196
Dec
2023: Jan | Feb | Mar | Apr | May | Jun | Jul | Aug | Sep | Oct | Nov | Dec
2022: Jan | Feb | Mar | Apr | May | Jun | Jul | Aug | Sep | Oct | Nov | Dec
2021: Jan | Feb | Mar | Apr | May | Jun | Jul | Aug | Sep | Oct | Nov | Dec
2020: Jan | Feb | Mar | Apr | May | Jun | Jul | Aug | Sep | Oct | Nov | Dec
2019: Jan | Feb | Mar | Apr | May | Jun | Jul | Aug | Sep | Oct | Nov | Dec
2018: Jan | Feb | Mar | Apr | May | Jun | Jul | Aug | Sep | Oct | Nov | Dec
2017: Jan | Feb | Mar | Apr | May | Jun | Jul | Aug | Sep | Oct | Nov | Dec
2016: Jan | Feb | Mar | Apr | May | Jun | Jul | Aug | Sep | Oct | Nov | Dec
2015: Jan | Feb | Mar | Apr | May | Jun | Jul | Aug | Sep | Oct | Nov | Dec
2014:
Notice: Undefined index: NOAA2014-01.TXT in /membri/k3csg/NOAA-reports.php on line 196
Jan |
Notice: Undefined index: NOAA2014-02.TXT in /membri/k3csg/NOAA-reports.php on line 196
Feb |
Notice: Undefined index: NOAA2014-03.TXT in /membri/k3csg/NOAA-reports.php on line 196
Mar |
Notice: Undefined index: NOAA2014-04.TXT in /membri/k3csg/NOAA-reports.php on line 196
Apr |
Notice: Undefined index: NOAA2014-05.TXT in /membri/k3csg/NOAA-reports.php on line 196
May |
Notice: Undefined index: NOAA2014-06.TXT in /membri/k3csg/NOAA-reports.php on line 196
Jun |
Notice: Undefined index: NOAA2014-07.TXT in /membri/k3csg/NOAA-reports.php on line 196
Jul |
Notice: Undefined index: NOAA2014-08.TXT in /membri/k3csg/NOAA-reports.php on line 196
Aug |
Notice: Undefined index: NOAA2014-09.TXT in /membri/k3csg/NOAA-reports.php on line 196
Sep | Oct | Nov | Dec
Report for 2016 03
MONTHLY CLIMATOLOGICAL SUMMARY for MAR. 2016
NAME: White Birch CITY: Archbald STATE: PA
ELEV: 955 ft LAT: 41° 29' 21" N LONG: 75° 33' 49" W
TEMPERATURE (°F), RAIN (in), WIND SPEED (mph)
HEAT COOL AVG
MEAN DEG DEG WIND DOM
DAY TEMP HIGH TIME LOW TIME DAYS DAYS RAIN SPEED HIGH TIME DIR
------------------------------------------------------------------------------------
1 41.9 57.0 14:30 26.8 7:45 23.1 0.0 0.00 3.1 23.0 21:00 ESE
2 35.8 54.4 2:00 22.5 00:00 29.2 0.0 0.02 5.7 29.0 2:00 W
3 27.2 35.2 14:15 17.6 7:15 37.8 0.0 0.00 1.8 13.0 10:15 W
4 30.8 38.7 13:15 24.2 6:15 34.2 0.0 0.00 0.9 11.0 11:15 ESE
5 28.7 38.1 14:15 18.6 7:15 36.3 0.0 0.00 0.6 8.0 10:30 WNW
6 32.5 42.2 16:00 25.7 00:00 32.5 0.0 0.00 0.6 8.0 10:15 ESE
7 44.0 63.2 15:45 25.2 1:00 21.0 0.0 0.00 1.6 21.0 12:30 NW
8 53.5 72.3 15:45 36.8 5:30 12.5 1.0 0.00 0.9 12.0 11:30 NNW
9 59.4 77.7 14:30 38.5 7:00 9.0 3.4 0.00 1.4 17.0 12:45 WNW
10 58.6 62.7 0:15 54.2 00:00 6.4 0.0 0.34 0.4 8.0 16:45 WNW
11 48.3 55.1 14:15 33.7 00:00 16.7 0.0 0.07 1.3 12.0 14:30 W
12 46.5 64.8 15:15 27.6 6:45 18.5 0.0 0.00 1.3 15.0 13:30 NW
13 52.2 62.4 12:45 40.3 8:00 12.3 0.0 0.00 1.2 11.0 23:30 ESE
14 42.9 49.4 0:15 40.1 8:00 22.1 0.0 0.17 1.8 15.0 2:00 WNW
15 49.1 57.5 15:45 41.5 0:15 15.9 0.0 0.00 1.0 17.0 1:30 WNW
16 56.7 68.9 14:45 48.8 8:15 8.6 0.3 0.08 1.0 13.0 15:00 WNW
17 49.1 59.5 13:15 41.1 5:00 15.9 0.0 0.00 2.3 27.0 13:45 WNW
18 43.7 51.0 12:45 34.2 00:00 21.3 0.0 0.00 3.2 24.0 12:30 W
19 35.7 47.7 16:00 27.1 7:45 29.3 0.0 0.00 0.9 11.0 12:30 W
20 32.7 42.2 15:15 22.4 6:45 32.3 0.0 0.00 0.9 10.0 10:00 SE
21 35.2 43.7 13:00 27.4 7:00 29.8 0.0 0.00 2.9 26.0 18:30 W
22 41.6 54.8 17:00 26.1 7:45 23.4 0.0 0.00 2.4 18.0 14:45 WNW
23 54.4 69.1 16:45 44.3 00:00 11.1 0.5 0.00 1.7 15.0 14:30 WNW
24 52.6 67.6 16:00 41.8 1:00 12.5 0.1 0.00 3.2 20.0 15:00 ESE
25 54.6 68.1 13:45 35.1 00:00 10.6 0.1 0.00 3.3 24.0 12:45 WNW
26 45.4 63.8 16:15 32.3 5:15 19.6 0.0 0.00 1.6 13.0 0:30 W
27 45.8 55.9 15:45 32.5 6:45 19.2 0.0 0.00 1.8 15.0 16:30 ESE
28 46.8 56.9 15:30 40.3 23:45 18.2 0.0 0.37 4.8 27.0 17:30 W
29 41.1 49.9 15:15 31.4 00:00 23.9 0.0 0.00 4.2 24.0 6:00 W
30 43.5 62.3 16:15 23.3 7:00 21.5 0.0 0.00 2.2 20.0 17:15 SE
31 58.2 68.2 14:30 46.7 5:45 7.2 0.4 0.00 3.8 21.0 15:15 S
-------------------------------------------------------------------------------------
44.8 77.7 9 17.6 3 631.9 5.8 1.05 2.1 29.0 2 WNW
Max >= 90.0: 0
Max <= 32.0: 0
Min <= 32.0: 14
Min <= 0.0: 0
Max Rain: 0.37 ON 03/28/16
Days of Rain: 6 (>.01 in) 3 (>.1 in) 0 (>1 in)
Heat Base: 65.0 Cool Base: 65.0 Method: Integration