NOAA Climate Reports - Current Month, Prior Months, Current and Prior Year Summaries. Station 1st Report 17 Ocr 2014
NOAA style reports
NOAA Climate Reports
Notice: Undefined index: NOAA2024.TXT in /membri/k3csg/NOAA-reports.php on line 185
2024: Jan | Feb | Mar |
Notice: Undefined index: NOAA2024-04.TXT in /membri/k3csg/NOAA-reports.php on line 196
Apr |
Notice: Undefined index: NOAA2024-05.TXT in /membri/k3csg/NOAA-reports.php on line 196
May |
Notice: Undefined index: NOAA2024-06.TXT in /membri/k3csg/NOAA-reports.php on line 196
Jun |
Notice: Undefined index: NOAA2024-07.TXT in /membri/k3csg/NOAA-reports.php on line 196
Jul |
Notice: Undefined index: NOAA2024-08.TXT in /membri/k3csg/NOAA-reports.php on line 196
Aug |
Notice: Undefined index: NOAA2024-09.TXT in /membri/k3csg/NOAA-reports.php on line 196
Sep |
Notice: Undefined index: NOAA2024-10.TXT in /membri/k3csg/NOAA-reports.php on line 196
Oct |
Notice: Undefined index: NOAA2024-11.TXT in /membri/k3csg/NOAA-reports.php on line 196
Nov |
Notice: Undefined index: NOAA2024-12.TXT in /membri/k3csg/NOAA-reports.php on line 196
Dec
2023: Jan | Feb | Mar | Apr | May | Jun | Jul | Aug | Sep | Oct | Nov | Dec
2022: Jan | Feb | Mar | Apr | May | Jun | Jul | Aug | Sep | Oct | Nov | Dec
2021: Jan | Feb | Mar | Apr | May | Jun | Jul | Aug | Sep | Oct | Nov | Dec
2020: Jan | Feb | Mar | Apr | May | Jun | Jul | Aug | Sep | Oct | Nov | Dec
2019: Jan | Feb | Mar | Apr | May | Jun | Jul | Aug | Sep | Oct | Nov | Dec
2018: Jan | Feb | Mar | Apr | May | Jun | Jul | Aug | Sep | Oct | Nov | Dec
2017: Jan | Feb | Mar | Apr | May | Jun | Jul | Aug | Sep | Oct | Nov | Dec
2016: Jan | Feb | Mar | Apr | May | Jun | Jul | Aug | Sep | Oct | Nov | Dec
2015: Jan | Feb | Mar | Apr | May | Jun | Jul | Aug | Sep | Oct | Nov | Dec
2014:
Notice: Undefined index: NOAA2014-01.TXT in /membri/k3csg/NOAA-reports.php on line 196
Jan |
Notice: Undefined index: NOAA2014-02.TXT in /membri/k3csg/NOAA-reports.php on line 196
Feb |
Notice: Undefined index: NOAA2014-03.TXT in /membri/k3csg/NOAA-reports.php on line 196
Mar |
Notice: Undefined index: NOAA2014-04.TXT in /membri/k3csg/NOAA-reports.php on line 196
Apr |
Notice: Undefined index: NOAA2014-05.TXT in /membri/k3csg/NOAA-reports.php on line 196
May |
Notice: Undefined index: NOAA2014-06.TXT in /membri/k3csg/NOAA-reports.php on line 196
Jun |
Notice: Undefined index: NOAA2014-07.TXT in /membri/k3csg/NOAA-reports.php on line 196
Jul |
Notice: Undefined index: NOAA2014-08.TXT in /membri/k3csg/NOAA-reports.php on line 196
Aug |
Notice: Undefined index: NOAA2014-09.TXT in /membri/k3csg/NOAA-reports.php on line 196
Sep | Oct | Nov | Dec
Report for 2015 04
MONTHLY CLIMATOLOGICAL SUMMARY for MAR. 2015
NAME: White Birch CITY: Archbald STATE: PA
ELEV: 955 ft LAT: 41° 29' 21" N LONG: 75° 33' 49" W
TEMPERATURE (°F), RAIN (in), WIND SPEED (mph)
HEAT COOL AVG
MEAN DEG DEG WIND DOM
DAY TEMP HIGH TIME LOW TIME DAYS DAYS RAIN SPEED HIGH TIME DIR
------------------------------------------------------------------------------------
1 18.8 25.9 14:30 5.9 1:45 42.9 0.0 0.17 0.5 5.0 14:45 WNW
2 26.9 35.3 14:45 18.4 00:00 38.1 0.0 0.00 3.2 24.0 12:30 W
3 20.3 29.3 13:00 7.1 5:45 44.7 0.0 0.33 1.5 15.0 19:00 SE
4 34.6 39.1 15:45 29.0 0:15 30.4 0.0 0.04 2.0 10.0 11:00 WNW
5 21.2 33.9 0:15 9.1 00:00 43.8 0.0 0.01 1.6 15.0 6:30 W
6 15.0 28.1 15:00 0.8 7:15 50.0 0.0 0.00 0.9 10.0 15:30 WSW
7 23.7 34.6 17:15 3.7 5:15 41.3 0.0 0.00 1.8 17.0 11:15 WNW
8 36.1 45.6 16:15 26.7 00:00 27.7 0.0 0.01 2.0 20.0 13:30 WNW
9 36.7 51.3 17:30 23.2 3:00 28.3 0.0 0.00 1.3 14.0 13:15 WNW
10 37.6 51.5 13:30 24.2 7:30 27.4 0.0 0.20 0.5 14.0 13:30 WNW
11 44.2 56.1 15:00 38.0 1:45 20.8 0.0 0.00 1.9 15.0 15:15 WNW
12 36.8 43.7 15:30 27.6 00:00 28.2 0.0 0.00 3.2 21.0 11:15 W
13 34.3 48.2 14:30 20.2 6:00 30.7 0.0 0.00 1.3 13.0 15:15 SSW
14 39.4 43.0 14:30 35.4 7:45 25.6 0.0 0.29 0.8 9.0 22:45 W
15 36.1 40.1 0:15 33.9 19:00 28.9 0.0 0.00 4.2 22.0 13:30 W
16 39.5 48.9 17:00 30.4 8:15 25.5 0.0 0.00 1.2 11.0 15:45 WNW
17 38.3 46.3 10:15 29.4 23:45 26.7 0.0 0.18 2.9 24.0 15:15 W
18 28.8 36.7 14:30 23.8 7:15 36.2 0.0 0.00 4.0 25.0 14:30 W
19 29.3 40.2 15:15 20.4 7:15 35.7 0.0 0.00 1.4 13.0 13:15 W
20 29.5 33.2 16:00 25.6 1:15 35.5 0.0 0.15 0.5 8.0 8:30 ESE
21 34.1 41.0 19:45 28.6 5:30 30.9 0.0 0.04 1.6 14.0 21:00 WNW
22 29.4 35.7 0:15 20.8 00:00 35.6 0.0 0.00 3.6 20.0 13:30 W
23 25.1 34.2 16:45 17.9 3:15 39.9 0.0 0.00 1.8 17.0 14:30 W
24 29.2 44.6 16:30 15.0 7:00 35.8 0.0 0.00 1.0 10.0 14:30 W
25 32.1 46.1 11:30 18.6 7:15 32.9 0.0 0.03 1.4 20.0 13:45 SSW
26 41.1 56.8 15:30 31.5 7:15 23.9 0.0 0.10 0.8 14.0 16:00 WNW
27 37.3 41.7 16:30 31.9 00:00 27.7 0.0 0.00 1.4 11.0 13:15 W
28 26.6 31.9 0:15 21.3 22:45 38.4 0.0 0.00 2.2 19.0 19:00 W
29 29.9 45.6 17:15 13.7 7:15 35.1 0.0 0.00 1.4 13.0 17:00 W
30 39.3 49.2 16:30 32.4 5:45 25.7 0.0 0.02 4.0 23.0 15:45 WNW
31 34.6 40.2 11:00 28.1 00:00 30.4 0.0 0.20 1.4 14.0 5:45 WNW
-------------------------------------------------------------------------------------
31.8 56.8 26 0.8 6 1024.7 0.0 1.77 1.8 25.0 18 W
Max >= 90.0: 0
Max <= 32.0: 4
Min <= 32.0: 27
Min <= 0.0: 0
Max Rain: 0.33 ON 03/03/15
Days of Rain: 12 (>.01 in) 7 (>.1 in) 0 (>1 in)
Heat Base: 65.0 Cool Base: 65.0 Method: Integration