NOAA Climate Reports - Current Month, Prior Months, Current and Prior Year Summaries. Station 1st Report 17 Ocr 2014
NOAA style reports
NOAA Climate Reports
Notice: Undefined index: NOAA2024.TXT in /membri/k3csg/NOAA-reports.php on line 185
2024: Jan | Feb | Mar |
Notice: Undefined index: NOAA2024-04.TXT in /membri/k3csg/NOAA-reports.php on line 196
Apr |
Notice: Undefined index: NOAA2024-05.TXT in /membri/k3csg/NOAA-reports.php on line 196
May |
Notice: Undefined index: NOAA2024-06.TXT in /membri/k3csg/NOAA-reports.php on line 196
Jun |
Notice: Undefined index: NOAA2024-07.TXT in /membri/k3csg/NOAA-reports.php on line 196
Jul |
Notice: Undefined index: NOAA2024-08.TXT in /membri/k3csg/NOAA-reports.php on line 196
Aug |
Notice: Undefined index: NOAA2024-09.TXT in /membri/k3csg/NOAA-reports.php on line 196
Sep |
Notice: Undefined index: NOAA2024-10.TXT in /membri/k3csg/NOAA-reports.php on line 196
Oct |
Notice: Undefined index: NOAA2024-11.TXT in /membri/k3csg/NOAA-reports.php on line 196
Nov |
Notice: Undefined index: NOAA2024-12.TXT in /membri/k3csg/NOAA-reports.php on line 196
Dec
2023: Jan | Feb | Mar | Apr | May | Jun | Jul | Aug | Sep | Oct | Nov | Dec
2022: Jan | Feb | Mar | Apr | May | Jun | Jul | Aug | Sep | Oct | Nov | Dec
2021: Jan | Feb | Mar | Apr | May | Jun | Jul | Aug | Sep | Oct | Nov | Dec
2020: Jan | Feb | Mar | Apr | May | Jun | Jul | Aug | Sep | Oct | Nov | Dec
2019: Jan | Feb | Mar | Apr | May | Jun | Jul | Aug | Sep | Oct | Nov | Dec
2018: Jan | Feb | Mar | Apr | May | Jun | Jul | Aug | Sep | Oct | Nov | Dec
2017: Jan | Feb | Mar | Apr | May | Jun | Jul | Aug | Sep | Oct | Nov | Dec
2016: Jan | Feb | Mar | Apr | May | Jun | Jul | Aug | Sep | Oct | Nov | Dec
2015: Jan | Feb | Mar | Apr | May | Jun | Jul | Aug | Sep | Oct | Nov | Dec
2014:
Notice: Undefined index: NOAA2014-01.TXT in /membri/k3csg/NOAA-reports.php on line 196
Jan |
Notice: Undefined index: NOAA2014-02.TXT in /membri/k3csg/NOAA-reports.php on line 196
Feb |
Notice: Undefined index: NOAA2014-03.TXT in /membri/k3csg/NOAA-reports.php on line 196
Mar |
Notice: Undefined index: NOAA2014-04.TXT in /membri/k3csg/NOAA-reports.php on line 196
Apr |
Notice: Undefined index: NOAA2014-05.TXT in /membri/k3csg/NOAA-reports.php on line 196
May |
Notice: Undefined index: NOAA2014-06.TXT in /membri/k3csg/NOAA-reports.php on line 196
Jun |
Notice: Undefined index: NOAA2014-07.TXT in /membri/k3csg/NOAA-reports.php on line 196
Jul |
Notice: Undefined index: NOAA2014-08.TXT in /membri/k3csg/NOAA-reports.php on line 196
Aug |
Notice: Undefined index: NOAA2014-09.TXT in /membri/k3csg/NOAA-reports.php on line 196
Sep | Oct | Nov | Dec
Report for 2021 01
MONTHLY CLIMATOLOGICAL SUMMARY for JAN. 2021
NAME: White Birch CITY: Archbald STATE: PA
ELEV: 955 ft LAT: 41° 29' 21" N LONG: 75° 33' 49" W
TEMPERATURE (°F), RAIN (in), WIND SPEED (mph)
HEAT COOL AVG
MEAN DEG DEG WIND DOM
DAY TEMP HIGH TIME LOW TIME DAYS DAYS RAIN SPEED HIGH TIME DIR
------------------------------------------------------------------------------------
1 24.0 30.6 14:47 15.5 7:37 40.8 0.0 0.00 0.0 9.0 15:52 ESE
2 32.4 38.0 12:14 29.1 23:57 32.6 0.0 0.28 0.9 18.0 11:19 NW
3 27.8 29.9 11:52 24.2 4:12 37.2 0.0 0.00 0.2 13.0 10:17 SE
4 29.8 34.2 12:12 27.5 4:29 35.2 0.0 0.51 0.0 3.0 12:17 WNW
5 30.0 33.0 13:23 28.2 7:41 35.0 0.0 0.00 0.0 4.0 14:22 W
6 28.6 30.2 13:13 26.6 23:54 36.4 0.0 0.00 0.4 12.0 14:19 WNW
7 26.1 30.5 11:56 22.5 23:43 38.9 0.0 0.00 0.6 9.0 12:51 WNW
8 22.8 30.9 14:28 16.2 23:59 42.1 0.0 0.00 0.3 9.0 13:40 WNW
9 20.8 31.2 13:48 10.8 4:36 44.0 0.0 0.00 0.2 7.0 9:58 WNW
10 23.4 33.9 14:47 15.9 5:14 41.6 0.0 0.00 0.2 8.0 11:16 W
11 21.7 34.2 15:40 14.2 4:08 43.3 0.0 0.00 0.0 4.0 14:54 W
12 25.6 33.9 15:16 17.8 7:51 39.4 0.0 0.00 0.0 4.0 15:01 WNW
13 27.6 29.9 15:31 25.3 23:58 37.4 0.0 0.00 0.3 10.0 13:04 NW
14 29.8 34.5 15:32 24.9 0:37 35.2 0.0 0.03 0.0 4.0 12:12 WNW
15 31.9 34.8 11:28 27.3 3:49 33.1 0.0 0.02 0.7 19.0 19:28 SE
16 30.7 34.0 0:01 26.4 23:53 34.3 0.0 0.33 0.5 11.0 14:32 NW
17 30.3 34.4 14:02 26.0 0:32 34.7 0.0 0.03 2.1 17.0 13:27 NW
18 29.7 35.9 13:47 27.6 22:38 35.3 0.0 0.01 0.9 10.0 10:30 NW
19 28.5 31.1 14:27 26.7 2:57 36.5 0.0 0.05 0.9 12.0 11:52 NW
20 23.4 27.9 13:37 14.7 22:17 41.6 0.0 0.04 0.3 14.0 13:13 WNW
21 21.6 34.3 15:05 8.4 5:32 43.2 0.0 0.01 0.2 14.0 13:41 WNW
22 29.3 34.8 13:00 22.3 00:00 35.5 0.0 0.00 0.3 18.0 15:58 WNW
23 18.9 23.7 14:57 16.5 7:39 46.1 0.0 0.00 0.3 18.0 19:00 WNW
24 17.7 24.7 14:46 13.2 23:46 47.1 0.0 0.00 0.1 12.0 1:31 WNW
25 19.6 29.8 14:32 7.0 7:00 45.2 0.0 0.00 0.0 2.0 14:52 WNW
26 25.1 26.5 19:22 23.3 11:31 39.9 0.0 0.00 0.1 14.0 15:35 SE
27 25.0 29.3 4:41 20.8 23:51 40.0 0.0 0.21 0.1 11.0 5:58 WNW
28 16.8 23.0 11:33 12.3 23:19 48.0 0.0 0.00 0.2 14.0 20:59 WNW
29 11.0 19.4 15:07 4.7 23:59 53.5 0.0 0.00 0.2 18.0 0:50 WNW
30 14.7 23.9 15:06 4.6 0:08 50.0 0.0 0.00 0.0 10.0 12:23 WNW
31 14.6 23.2 13:49 5.3 1:59 50.3 0.0 0.00 0.0 4.0 22:36 SE
-------------------------------------------------------------------------------------
24.5 38.0 2 4.6 30 1253.4 0.0 1.53 0.3 19.0 15 WNW
Max >= 90.0: 0
Max <= 32.0: 18
Min <= 32.0: 31
Min <= 0.0: 0
Max Rain: 0.28 ON 01/16/21
Days of Rain: 10 (>.01 in) 4 (>.1 in) 0 (>1 in)
Heat Base: 65.0 Cool Base: 65.0 Method: Integration