NOAA Climate Reports - Current Month, Prior Months, Current and Prior Year Summaries

NOAA style reports

NOAA Climate Reports

2020: Jan | Feb | Mar | Apr | May | Jun | Jul | Aug | Sep | Oct | Nov | Dec 
2019: Jan | Feb | Mar | Apr | May | Jun | Jul | Aug | Sep | Oct | Nov | Dec 
2018: Jan | Feb | Mar | Apr | May | Jun | Jul | Aug | Sep | Oct | Nov | Dec 
2017: Jan | Feb | Mar | Apr | May | Jun | Jul | Aug | Sep | Oct | Nov | Dec 
2016: Jan | Feb | Mar | Apr | May | Jun | Jul | Aug | Sep | Oct | Nov | Dec 

Report for 2020 03
MONTHLY CLIMATOLOGICAL SUMMARY for FEB. 2020 NAME: White Birch CITY: Archbald STATE: PA ELEV: 968 ft LAT: 41 29' 21" N LONG: 75 33' 49" W TEMPERATURE (F), RAIN (in), WIND SPEED (mph) HEAT COOL AVG MEAN DEG DEG WIND DOM DAY TEMP HIGH TIME LOW TIME DAYS DAYS RAIN SPEED HIGH TIME DIR ------------------------------------------------------------------------------------ 1 30.9 33.7 12:45 28.7 23:45 34.1 0.0 0.00 0.0 4.0 14:15 NW 2 29.1 33.6 12:15 27.5 4:30 35.9 0.0 0.04 0.7 11.0 12:45 NW 3 37.0 49.3 15:45 28.8 0:15 28.0 0.0 0.28 1.2 14.0 11:30 WNW 4 38.1 53.6 14:30 28.7 1:30 26.9 0.0 0.03 0.6 9.0 14:00 WNW 5 29.4 32.4 15:30 26.9 19:30 35.6 0.0 0.01 0.7 15.0 23:45 W 6 32.4 37.1 20:30 27.4 3:15 32.6 0.0 0.31 0.5 12.0 0:45 SE 7 28.5 36.4 2:00 20.0 00:00 36.5 0.0 0.57 1.9 18.0 16:00 WNW 8 22.9 30.4 15:15 14.7 7:45 42.1 0.0 0.07 1.6 13.0 0:45 WNW 9 27.3 36.2 11:15 18.2 0:15 37.7 0.0 0.09 1.1 18.0 23:15 SE 10 34.4 37.8 14:45 28.8 0:45 30.6 0.0 0.10 1.2 15.0 2:45 WNW 11 35.0 37.8 12:45 31.6 23:45 30.0 0.0 0.01 0.4 12.0 23:45 WNW 12 32.3 36.7 14:45 27.1 7:45 32.7 0.0 0.00 1.4 11.0 0:15 WNW 13 31.3 34.0 13:45 28.9 0:15 33.7 0.0 0.28 0.7 14.0 18:15 WNW 14 16.2 30.8 0:15 3.6 00:00 48.8 0.0 0.00 1.6 21.0 11:45 WNW 15 14.1 27.3 16:00 -0.3 7:30 50.9 0.0 0.00 0.8 14.0 17:30 S 16 27.8 34.4 14:15 21.4 0:15 37.2 0.0 0.01 0.8 11.0 17:00 NW 17 29.9 42.3 14:45 18.4 7:45 35.1 0.0 0.00 0.5 11.0 13:15 WNW 18 33.7 39.3 15:00 27.8 4:00 31.3 0.0 0.14 1.1 16.0 6:00 WNW 19 30.1 36.9 14:45 20.2 00:00 34.9 0.0 0.00 1.6 17.0 10:15 WNW 20 20.3 26.6 15:45 11.9 00:00 44.7 0.0 0.00 0.2 13.0 10:45 WNW 21 19.5 30.6 15:15 9.3 3:00 45.5 0.0 0.00 0.2 10.0 13:45 WNW 22 28.3 43.7 15:30 16.9 7:15 36.7 0.0 0.00 0.7 13.0 16:15 WNW 23 31.9 49.5 15:15 15.3 7:30 33.1 0.0 0.00 0.8 12.0 15:15 NW 24 38.7 53.5 14:15 21.4 7:15 26.3 0.0 0.00 0.8 14.0 13:15 NW 25 40.6 48.8 13:15 34.7 5:45 24.4 0.0 0.08 0.1 8.0 21:30 SE 26 39.8 44.4 15:00 36.5 4:00 25.2 0.0 0.00 0.9 21.0 23:00 SE 27 28.0 39.2 0:45 21.2 00:00 37.0 0.0 0.59 4.5 24.0 1:30 WNW 28 22.9 29.5 15:00 17.9 5:45 42.1 0.0 0.00 3.8 18.0 12:15 WNW 29 19.4 24.5 15:45 15.4 23:45 45.6 0.0 0.00 1.4 18.0 11:30 WNW ------------------------------------------------------------------------------------- 29.3 53.6 4 -0.3 15 1035.2 0.0 2.61 1.1 24.0 27 WNW Max >= 90.0: 0 Max <= 32.0: 7 Min <= 32.0: 27 Min <= 0.0: 1 Max Rain: 0.59 ON 02/27/20 Days of Rain: 12 (>.01 in) 6 (>.1 in) 0 (>1 in) Heat Base: 65.0 Cool Base: 65.0 Method: Integration