NOAA Climate Reports - Current Month, Prior Months, Current and Prior Year Summaries. Station 1st Report 17 Ocr 2014
NOAA style reports
NOAA Climate Reports
Notice: Undefined index: NOAA2024.TXT in /membri/k3csg/NOAA-reports.php on line 185
2024: Jan | Feb | Mar |
Notice: Undefined index: NOAA2024-04.TXT in /membri/k3csg/NOAA-reports.php on line 196
Apr |
Notice: Undefined index: NOAA2024-05.TXT in /membri/k3csg/NOAA-reports.php on line 196
May |
Notice: Undefined index: NOAA2024-06.TXT in /membri/k3csg/NOAA-reports.php on line 196
Jun |
Notice: Undefined index: NOAA2024-07.TXT in /membri/k3csg/NOAA-reports.php on line 196
Jul |
Notice: Undefined index: NOAA2024-08.TXT in /membri/k3csg/NOAA-reports.php on line 196
Aug |
Notice: Undefined index: NOAA2024-09.TXT in /membri/k3csg/NOAA-reports.php on line 196
Sep |
Notice: Undefined index: NOAA2024-10.TXT in /membri/k3csg/NOAA-reports.php on line 196
Oct |
Notice: Undefined index: NOAA2024-11.TXT in /membri/k3csg/NOAA-reports.php on line 196
Nov |
Notice: Undefined index: NOAA2024-12.TXT in /membri/k3csg/NOAA-reports.php on line 196
Dec
2023: Jan | Feb | Mar | Apr | May | Jun | Jul | Aug | Sep | Oct | Nov | Dec
2022: Jan | Feb | Mar | Apr | May | Jun | Jul | Aug | Sep | Oct | Nov | Dec
2021: Jan | Feb | Mar | Apr | May | Jun | Jul | Aug | Sep | Oct | Nov | Dec
2020: Jan | Feb | Mar | Apr | May | Jun | Jul | Aug | Sep | Oct | Nov | Dec
2019: Jan | Feb | Mar | Apr | May | Jun | Jul | Aug | Sep | Oct | Nov | Dec
2018: Jan | Feb | Mar | Apr | May | Jun | Jul | Aug | Sep | Oct | Nov | Dec
2017: Jan | Feb | Mar | Apr | May | Jun | Jul | Aug | Sep | Oct | Nov | Dec
2016: Jan | Feb | Mar | Apr | May | Jun | Jul | Aug | Sep | Oct | Nov | Dec
2015: Jan | Feb | Mar | Apr | May | Jun | Jul | Aug | Sep | Oct | Nov | Dec
2014:
Notice: Undefined index: NOAA2014-01.TXT in /membri/k3csg/NOAA-reports.php on line 196
Jan |
Notice: Undefined index: NOAA2014-02.TXT in /membri/k3csg/NOAA-reports.php on line 196
Feb |
Notice: Undefined index: NOAA2014-03.TXT in /membri/k3csg/NOAA-reports.php on line 196
Mar |
Notice: Undefined index: NOAA2014-04.TXT in /membri/k3csg/NOAA-reports.php on line 196
Apr |
Notice: Undefined index: NOAA2014-05.TXT in /membri/k3csg/NOAA-reports.php on line 196
May |
Notice: Undefined index: NOAA2014-06.TXT in /membri/k3csg/NOAA-reports.php on line 196
Jun |
Notice: Undefined index: NOAA2014-07.TXT in /membri/k3csg/NOAA-reports.php on line 196
Jul |
Notice: Undefined index: NOAA2014-08.TXT in /membri/k3csg/NOAA-reports.php on line 196
Aug |
Notice: Undefined index: NOAA2014-09.TXT in /membri/k3csg/NOAA-reports.php on line 196
Sep | Oct | Nov | Dec
Report for 2019 08
MONTHLY CLIMATOLOGICAL SUMMARY for AUG. 2019
NAME: White Birch CITY: Archbald STATE: PA
ELEV: 968 ft LAT: 41° 29' 21" N LONG: 75° 33' 49" W
TEMPERATURE (°F), RAIN (in), WIND SPEED (mph)
HEAT COOL AVG
MEAN DEG DEG WIND DOM
DAY TEMP HIGH TIME LOW TIME DAYS DAYS RAIN SPEED HIGH TIME DIR
------------------------------------------------------------------------------------
1 70.5 83.8 15:30 58.8 6:45 1.6 7.1 0.00 0.2 7.0 14:15 WNW
2 67.3 85.7 14:30 56.1 6:00 2.9 5.2 0.00 0.4 14.0 20:00 ESE
3 70.3 83.8 15:00 58.6 6:30 1.7 6.9 0.00 0.8 12.0 17:00 NW
4 70.5 83.5 14:15 58.1 7:15 1.4 6.8 0.00 0.4 11.0 13:45 WNW
5 65.9 82.5 16:30 48.4 6:45 4.9 5.8 0.00 0.3 9.0 16:15 WNW
6 69.8 84.7 16:15 55.4 3:30 2.8 7.5 0.84 1.0 13.0 13:45 NW
7 68.5 78.9 14:45 60.5 00:00 1.0 4.5 1.01 0.8 12.0 13:30 NW
8 64.3 78.8 15:15 58.1 00:00 3.3 2.6 0.59 0.8 20.0 17:00 NW
9 65.0 77.7 16:00 56.5 00:00 3.6 3.6 0.01 0.8 14.0 14:30 WNW
10 61.7 74.4 14:00 50.5 6:45 5.7 2.4 0.00 1.0 14.0 10:15 WNW
11 62.5 78.0 15:30 47.3 6:45 6.4 3.8 0.00 0.5 9.0 13:15 WNW
12 65.0 81.5 16:15 48.5 6:45 5.5 5.6 0.00 0.8 11.0 17:45 S
13 68.5 79.3 14:45 62.3 6:15 0.7 4.2 0.03 0.4 10.0 17:30 NW
14 69.1 79.2 13:15 61.3 7:00 0.7 4.7 0.00 0.1 7.0 13:00 SE
15 68.3 81.5 13:30 57.5 6:45 2.0 5.3 0.38 0.8 11.0 16:45 SE
16 68.0 78.5 17:00 59.0 3:15 1.9 4.9 0.02 0.4 9.0 18:45 ESE
17 70.1 84.3 15:15 62.0 00:00 0.3 5.4 0.81 0.7 18.0 17:00 S
18 67.7 86.2 14:45 59.5 6:15 2.3 5.0 0.35 0.5 19.0 17:15 WNW
19 69.2 83.5 16:45 58.2 5:45 2.1 6.4 0.00 0.4 9.0 12:30 WNW
20 71.2 85.3 15:15 58.6 7:00 1.5 7.7 0.00 0.3 7.0 14:30 WNW
21 72.1 81.6 16:15 64.9 1:45 0.0 7.1 0.00 1.0 13.0 15:30 NW
22 67.9 78.5 13:45 60.5 00:00 0.4 3.4 0.26 0.2 14.0 14:00 SE
23 61.3 72.2 13:15 51.5 00:00 4.7 1.0 0.00 0.1 7.0 11:45 W
24 58.3 71.1 13:00 45.4 7:00 8.0 1.3 0.01 0.2 8.0 12:00 W
25 61.2 73.5 14:30 51.0 5:00 5.6 1.8 0.00 0.8 12.0 14:15 SE
26 59.7 74.8 15:30 45.3 7:00 7.3 2.0 0.00 0.6 8.0 11:00 SE
27 59.6 67.2 17:45 50.8 5:15 5.7 0.4 0.01 0.4 10.0 12:45 WNW
28 63.9 77.3 12:45 55.1 00:00 3.1 2.0 0.02 0.7 10.0 11:15 WNW
29 61.6 74.3 15:45 52.4 3:00 5.7 2.3 0.01 0.6 10.0 13:15 WNW
30 62.7 79.0 16:30 46.7 6:30 6.5 4.2 0.00 1.0 11.0 10:30 NW
31 61.6 74.5 15:00 51.2 00:00 5.4 2.1 0.00 0.3 8.0 13:45 WNW
-------------------------------------------------------------------------------------
65.9 86.2 18 45.3 26 104.7 133.0 4.35 0.6 20.0 8 WNW
Max >= 90.0: 0
Max <= 32.0: 0
Min <= 32.0: 0
Min <= 0.0: 0
Max Rain: 1.01 ON 08/07/19
Days of Rain: 10 (>.01 in) 7 (>.1 in) 1 (>1 in)
Heat Base: 65.0 Cool Base: 65.0 Method: Integration