NOAA Climate Reports - Current Month, Prior Months, Current and Prior Year Summaries

NOAA style reports

NOAA Climate Reports

2019: Jan | Feb | Mar | Apr | May | Jun | Jul | Aug | Sep | Oct | Nov | Dec 
2018: Jan | Feb | Mar | Apr | May | Jun | Jul | Aug | Sep | Oct | Nov | Dec 
2017: Jan | Feb | Mar | Apr | May | Jun | Jul | Aug | Sep | Oct | Nov | Dec 
2016: Jan | Feb | Mar | Apr | May | Jun | Jul | Aug | Sep | Oct | Nov | Dec 

Report for 2019 06
MONTHLY CLIMATOLOGICAL SUMMARY for JUN. 2019 NAME: White Birch CITY: Archbald STATE: PA ELEV: 968 ft LAT: 41 29' 21" N LONG: 75 33' 49" W TEMPERATURE (F), RAIN (in), WIND SPEED (mph) HEAT COOL AVG MEAN DEG DEG WIND DOM DAY TEMP HIGH TIME LOW TIME DAYS DAYS RAIN SPEED HIGH TIME DIR ------------------------------------------------------------------------------------ 1 62.6 79.2 15:45 47.4 6:15 6.5 4.2 0.35 0.9 14.0 21:15 NW 2 57.7 68.1 16:15 46.9 00:00 7.5 0.2 0.20 0.8 13.0 18:15 S 3 51.2 62.6 16:15 40.8 6:00 13.8 0.0 0.01 1.5 18.0 9:30 WNW 4 52.2 66.0 15:00 35.5 6:30 12.9 0.0 0.00 1.1 13.0 15:15 WNW 5 63.2 76.4 15:30 52.8 2:00 4.4 2.6 0.16 0.9 13.0 17:15 NW 6 65.0 73.8 16:00 55.1 00:00 2.1 2.0 0.25 0.3 8.0 17:00 WNW 7 61.6 77.2 15:30 46.2 6:15 6.7 3.3 0.00 0.2 8.0 15:30 WNW 8 64.3 82.2 15:45 46.3 6:00 6.3 5.6 0.00 0.4 8.0 14:30 SSE 9 63.4 78.7 16:15 46.9 6:45 5.8 4.2 0.00 1.1 11.0 13:15 SE 10 58.3 61.6 19:00 54.1 1:30 6.7 0.0 0.42 0.1 6.0 6:00 WNW 11 60.9 71.5 16:15 48.8 00:00 5.3 1.2 0.10 1.0 16.0 15:30 WNW 12 58.0 73.9 14:30 40.8 5:45 9.1 2.1 0.00 1.3 15.0 18:15 SE 13 54.6 59.8 12:30 49.3 8:30 10.4 0.0 0.61 0.5 13.0 12:45 WNW 14 57.4 69.4 16:30 49.3 5:00 8.1 0.5 0.01 2.2 18.0 14:45 WNW 15 59.1 76.1 14:30 41.4 6:00 8.1 2.2 0.06 1.7 17.0 14:15 NW 16 60.9 65.1 18:30 57.4 4:45 4.2 0.0 0.34 0.1 10.0 14:00 WNW 17 62.1 67.9 16:00 58.5 7:00 3.2 0.3 0.01 0.1 6.0 11:30 S 18 63.3 69.9 18:00 58.5 10:45 2.4 0.8 1.33 0.0 5.0 14:30 SE 19 64.6 73.2 14:30 56.0 2:45 2.9 2.5 0.07 0.2 9.0 12:15 ESE 20 67.3 75.6 17:15 63.0 4:00 0.4 2.8 0.26 0.5 12.0 17:30 WNW 21 63.1 73.6 15:00 52.8 00:00 3.5 1.6 0.40 0.6 14.0 16:45 WNW 22 61.6 74.6 14:00 49.8 6:00 6.2 2.8 0.00 0.8 13.0 16:00 WNW 23 63.4 82.0 16:30 45.3 6:30 7.0 5.4 0.00 0.5 11.0 14:30 WNW 24 65.6 81.3 14:45 48.2 6:15 4.9 5.5 0.00 0.5 9.0 15:00 S 25 73.6 85.1 16:00 63.3 00:00 0.0 8.6 0.00 0.9 12.0 17:30 WNW 26 69.1 85.6 14:15 52.9 6:45 3.1 7.2 0.00 1.0 13.0 18:00 S 27 71.1 86.7 14:30 56.1 6:15 2.2 8.3 0.00 0.3 9.0 12:45 WNW 28 72.5 89.4 16:30 54.8 6:00 2.5 10.0 0.00 0.3 9.0 17:30 NW 29 69.5 85.6 14:00 61.1 6:00 0.7 5.2 0.16 0.5 14.0 16:30 S 30 66.6 76.5 15:00 55.7 00:00 1.9 3.5 0.01 1.1 17.0 13:00 WNW ------------------------------------------------------------------------------------- 62.8 89.4 28 35.5 4 158.8 92.6 4.75 0.7 18.0 3 WNW Max >= 90.0: 0 Max <= 32.0: 0 Min <= 32.0: 0 Min <= 0.0: 0 Max Rain: 1.33 ON 06/18/19 Days of Rain: 14 (>.01 in) 11 (>.1 in) 1 (>1 in) Heat Base: 65.0 Cool Base: 65.0 Method: Integration