NOAA Climate Reports - Current Month, Prior Months, Current and Prior Year Summaries

NOAA style reports

NOAA Climate Reports

2019: Jan | Feb | Mar | Apr | May | Jun | Jul | Aug | Sep | Oct | Nov | Dec 
2018: Jan | Feb | Mar | Apr | May | Jun | Jul | Aug | Sep | Oct | Nov | Dec 
2017: Jan | Feb | Mar | Apr | May | Jun | Jul | Aug | Sep | Oct | Nov | Dec 
2016: Jan | Feb | Mar | Apr | May | Jun | Jul | Aug | Sep | Oct | Nov | Dec 

Report for 2019 04
MONTHLY CLIMATOLOGICAL SUMMARY for APR. 2019 NAME: White Birch CITY: Archbald STATE: PA ELEV: 968 ft LAT: 41 29' 21" N LONG: 75 33' 49" W TEMPERATURE (F), RAIN (in), WIND SPEED (mph) HEAT COOL AVG MEAN DEG DEG WIND DOM DAY TEMP HIGH TIME LOW TIME DAYS DAYS RAIN SPEED HIGH TIME DIR ------------------------------------------------------------------------------------ 1 33.7 44.7 16:45 25.9 7:15 31.3 0.0 0.00 2.5 16.0 2:30 W 2 37.8 49.8 14:45 22.8 5:30 27.2 0.0 0.00 2.4 18.0 13:45 SE 3 45.3 62.2 14:45 28.6 7:30 19.7 0.0 0.00 3.2 25.0 14:00 WNW 4 42.1 53.9 15:00 30.1 7:15 22.9 0.0 0.00 1.5 20.0 13:30 WNW 5 34.9 37.4 9:45 31.4 3:15 30.1 0.0 0.34 0.4 10.0 14:45 SE 6 46.4 62.0 15:15 36.3 0:15 18.6 0.0 0.03 0.3 9.0 14:30 WNW 7 54.5 71.7 16:00 35.1 7:00 11.6 1.1 0.00 1.5 14.0 12:15 S 8 61.9 73.8 16:30 53.0 6:00 5.2 2.1 0.12 2.0 17.0 12:30 WNW 9 57.0 72.0 14:15 42.6 6:45 9.3 1.4 0.02 2.2 22.0 13:15 WNW 10 44.8 51.9 14:00 34.9 00:00 20.2 0.0 0.00 1.4 12.0 11:15 WNW 11 42.6 54.4 17:00 31.8 2:30 22.4 0.0 0.00 1.2 13.0 18:30 SE 12 55.6 69.1 15:15 46.0 1:45 9.6 0.2 0.47 2.0 22.0 14:45 WNW 13 63.8 73.4 14:00 53.5 00:00 3.5 2.3 0.30 1.5 15.0 13:30 NW 14 60.9 72.0 12:30 49.4 1:45 5.5 1.3 1.03 1.4 18.0 21:30 SE 15 49.7 66.8 2:00 40.3 22:00 15.4 0.0 0.50 3.6 25.0 17:15 WNW 16 46.0 60.5 15:15 35.8 6:45 19.0 0.0 0.03 2.8 17.0 13:00 WNW 17 53.6 66.5 17:15 42.0 6:00 11.5 0.1 0.02 1.2 13.0 20:15 WNW 18 57.2 68.4 17:00 49.2 5:30 8.1 0.3 0.00 2.2 15.0 16:15 ESE 19 67.0 74.9 15:30 61.4 0:15 0.4 2.5 0.68 3.1 21.0 19:30 S 20 66.8 72.2 16:45 58.7 00:00 0.5 2.3 0.20 3.6 22.0 15:30 SE 21 57.2 61.0 16:00 52.8 5:45 7.8 0.0 0.00 0.2 11.0 2:15 WNW 22 56.6 66.3 16:30 49.8 5:30 8.4 0.0 0.00 0.6 11.0 10:45 WNW 23 58.7 76.0 14:00 43.2 7:30 8.3 2.0 0.06 0.8 11.0 15:00 S 24 57.5 67.3 17:00 47.9 8:15 7.6 0.2 0.01 2.2 16.0 16:15 WNW 25 54.6 68.9 13:15 38.3 7:30 10.7 0.3 0.00 0.8 15.0 11:45 WNW 26 55.4 61.9 15:15 47.0 00:00 9.6 0.0 1.20 2.0 23.0 11:45 SE 27 45.9 52.8 18:00 41.4 12:00 19.1 0.0 0.01 3.6 19.0 8:30 WNW 28 41.2 45.9 17:30 34.5 00:00 23.8 0.0 0.18 0.1 8.0 18:15 WNW 29 46.1 61.3 15:15 29.0 6:15 18.9 0.0 0.03 0.8 10.0 17:45 SE 30 52.1 59.5 16:00 46.5 1:30 12.9 0.0 0.08 0.4 11.0 10:45 WNW ------------------------------------------------------------------------------------- 51.6 76.0 23 22.8 2 419.1 16.1 5.31 1.7 25.0 3 WNW Max >= 90.0: 0 Max <= 32.0: 0 Min <= 32.0: 7 Min <= 0.0: 0 Max Rain: 1.20 ON 04/26/19 Days of Rain: 17 (>.01 in) 10 (>.1 in) 2 (>1 in) Heat Base: 65.0 Cool Base: 65.0 Method: Integration