NOAA Climate Reports - Current Month, Prior Months, Current and Prior Year Summaries

NOAA style reports

NOAA Climate Reports

2019: Jan | Feb | Mar | Apr | May | Jun | Jul | Aug | Sep | Oct | Nov | Dec 
2018: Jan | Feb | Mar | Apr | May | Jun | Jul | Aug | Sep | Oct | Nov | Dec 
2017: Jan | Feb | Mar | Apr | May | Jun | Jul | Aug | Sep | Oct | Nov | Dec 
2016: Jan | Feb | Mar | Apr | May | Jun | Jul | Aug | Sep | Oct | Nov | Dec 

Report for 2019 03
MONTHLY CLIMATOLOGICAL SUMMARY for FEB. 2019 NAME: White Birch CITY: Archbald STATE: PA ELEV: 968 ft LAT: 41 29' 21" N LONG: 75 33' 49" W TEMPERATURE (F), RAIN (in), WIND SPEED (mph) HEAT COOL AVG MEAN DEG DEG WIND DOM DAY TEMP HIGH TIME LOW TIME DAYS DAYS RAIN SPEED HIGH TIME DIR ------------------------------------------------------------------------------------ 1 6.5 21.7 14:45 -7.9 7:15 58.5 0.0 0.01 0.3 6.0 11:00 WNW 2 15.9 29.7 18:15 -1.3 2:45 49.1 0.0 0.00 1.4 15.0 14:15 NW 3 35.3 47.0 16:00 26.0 6:30 29.7 0.0 0.15 0.5 10.0 13:45 NW 4 41.8 59.8 16:00 28.7 8:00 23.2 0.0 0.01 0.2 6.0 14:30 WNW 5 44.7 60.4 15:15 34.7 1:45 20.3 0.0 0.00 0.6 11.0 14:45 WNW 6 36.4 42.8 14:30 28.5 7:30 28.6 0.0 0.22 0.3 11.0 17:00 W 7 42.6 55.1 14:00 36.0 7:15 22.4 0.0 0.17 0.5 13.0 19:45 SE 8 39.1 49.0 11:30 23.8 00:00 25.9 0.0 0.19 3.7 22.0 13:00 WNW 9 21.6 28.1 16:15 15.8 00:00 43.4 0.0 0.00 2.9 25.0 9:45 W 10 23.7 32.8 14:15 12.9 4:15 41.3 0.0 0.00 0.7 9.0 12:15 WNW 11 31.2 37.0 14:30 27.0 3:45 33.8 0.0 0.00 0.3 8.0 1:30 ESE 12 26.3 31.7 0:15 22.2 11:45 38.7 0.0 0.00 1.8 17.0 5:30 SE 13 31.8 36.4 10:45 27.8 23:45 33.2 0.0 0.07 3.7 24.0 14:15 WNW 14 33.1 39.9 14:30 27.9 0:15 31.9 0.0 0.11 2.5 20.0 2:00 WNW 15 44.4 55.0 15:00 34.8 23:30 20.6 0.0 0.06 1.8 13.0 16:30 WNW 16 30.9 39.2 14:15 23.3 23:30 34.1 0.0 0.00 1.5 13.0 12:45 W 17 29.5 42.2 15:30 17.5 7:30 35.5 0.0 0.00 0.9 12.0 18:45 SE 18 28.7 34.1 10:45 19.2 00:00 36.3 0.0 0.00 1.3 20.0 13:00 WNW 19 22.5 31.6 14:45 14.4 7:15 42.5 0.0 0.03 1.0 12.0 11:45 W 20 24.7 33.0 00:00 19.2 2:00 40.3 0.0 0.00 0.4 10.0 20:15 ESE 21 38.9 50.0 15:15 33.0 0:15 26.1 0.0 0.44 1.5 15.0 13:30 WNW 22 34.4 41.0 14:45 28.0 00:00 30.6 0.0 0.01 0.9 10.0 9:30 WNW 23 32.2 40.0 14:45 23.6 7:15 32.8 0.0 0.06 1.0 13.0 16:30 ESE 24 39.5 43.6 13:15 33.2 0:15 25.5 0.0 0.12 3.1 24.0 22:15 WNW 25 30.1 37.7 0:30 22.6 23:30 34.9 0.0 0.00 7.1 33.0 15:15 WNW 26 23.2 30.7 12:45 19.1 7:15 41.8 0.0 0.00 2.5 19.0 4:30 WNW 27 23.5 30.6 23:45 18.1 7:15 41.5 0.0 0.00 1.7 13.0 16:15 SE 28 27.1 33.3 15:00 19.7 7:15 37.9 0.0 0.00 1.1 13.0 4:45 W ------------------------------------------------------------------------------------- 30.7 60.4 5 -7.9 1 960.4 0.0 1.65 1.6 33.0 25 WNW Max >= 90.0: 0 Max <= 32.0: 7 Min <= 32.0: 23 Min <= 0.0: 2 Max Rain: 0.44 ON 02/21/19 Days of Rain: 11 (>.01 in) 7 (>.1 in) 0 (>1 in) Heat Base: 65.0 Cool Base: 65.0 Method: Integration